This is the mail archive of the gcc-testresults@gcc.gnu.org mailing list for the GCC project.


Index Nav: [Date Index] [Subject Index] [Author Index] [Thread Index]
Message Nav: [Date Prev] [Date Next] [Thread Prev] [Thread Next]
Other format: [Raw text]

Results for 4.1.2 testsuite on x86_64-sle10-linux-gnu


Compiler version: 4.1.2 
Platform:	  x86_64-sle10-linux-gnu

Sources:	  Official 4.1.2 tarball
LAST_UPDATED:	  Obtained from SVN: tags/gcc_4_1_2_release revision 121944
Patches:	  None.

Environment:	  - SUSE Linux Enterprise 10 + recommended updates as of today
		  - Linux version 2.6.16.27-0.6-smp (geeko@buildhost) (gcc version 4.1.0 (SUSE Linux)) #1 SMP Wed Dec 13 09:34:50 UTC 2006
		  - binutils-2.17 (FSF release)
		  - dejagnu-1.4.4-16.2 (SLE 10)
		  - expect-5.43.0-16.2 (SLE 10)
		  - glibc-2.4-31.5 (SLE 10)

Remarks:	  None.


configure flags:  --host=x86_64-suse10-linux-gnu --target=x86_64-suse10-linux-gnu --build=x86_64-suse10-linux-gnu --srcdir=../gcc-4.1.2 --prefix=/opt/gnu --with-gnu-as --with-gnu-ld --enable-multilib=yes --enable-__cxa_atexit --enable-checking=release --enable-clocale=gnu --enable-interpreter --enable-shared --enable-threads=posix --with-system-zlib --with-local-prefix=/opt/gnu --disable-nls --verbose --enable-languages=c,ada,c++,fortran,java,objc
BOOT_CC:	  gcc version 4.1.1
BOOT_CFLAGS:      -O2
CFLAGS:           -O2
CXXFLAGS:         -O2 -g
GCJFLAGS:         -O2 -g


Native configuration is x86_64-suse10-linux-gnu

		=== acats tests ===

		=== acats Summary ===

# of expected passes		2317
# of unexpected failures	0

		=== g++ tests ===

Running target unix
XPASS: g++.dg/tree-ssa/pr14814.C scan-tree-dump-times &this 0
XPASS: g++.old-deja/g++.other/init5.C execution test

		=== g++ Summary for unix ===

# of expected passes		12323
# of unexpected successes	2
# of expected failures		66
# of unsupported tests		98

Running target unix/-m32
XPASS: g++.dg/tree-ssa/pr14814.C scan-tree-dump-times &this 0
XPASS: g++.old-deja/g++.other/init5.C execution test

		=== g++ Summary for unix/-m32 ===

# of expected passes		12408
# of unexpected successes	2
# of expected failures		66
# of unsupported tests		69

		=== g++ Summary ===

# of expected passes		24731
# of unexpected successes	4
# of expected failures		132
# of unsupported tests		167
/home/gnu/work/GNU/gcc-4.1.2-x86_64-suse10-linux-gnu/gcc/testsuite/g++/../../g++  version 4.1.2

		=== gcc tests ===

Running target unix

		=== gcc Summary for unix ===

# of expected passes		38842
# of expected failures		100
# of untested testcases		28
# of unsupported tests		359

Running target unix/-m32

		=== gcc Summary for unix/-m32 ===

# of expected passes		38979
# of expected failures		101
# of untested testcases		28
# of unsupported tests		249

		=== gcc Summary ===

# of expected passes		77821
# of expected failures		201
# of untested testcases		56
# of unsupported tests		608
/home/gnu/work/GNU/gcc-4.1.2-x86_64-suse10-linux-gnu/gcc/xgcc  version 4.1.2

		=== gfortran tests ===

Running target unix
XPASS: gfortran.dg/csqrt_2.f  -O0  execution test
XPASS: gfortran.dg/csqrt_2.f  -O1  execution test
XPASS: gfortran.dg/csqrt_2.f  -O2  execution test
XPASS: gfortran.dg/csqrt_2.f  -O3 -fomit-frame-pointer  execution test
XPASS: gfortran.dg/csqrt_2.f  -O3 -fomit-frame-pointer -funroll-loops  execution test
XPASS: gfortran.dg/csqrt_2.f  -O3 -fomit-frame-pointer -funroll-all-loops -finline-functions  execution test
XPASS: gfortran.dg/csqrt_2.f  -O3 -g  execution test
XPASS: gfortran.dg/csqrt_2.f  -Os  execution test
XPASS: gfortran.dg/vect/vect-5.f90  -O  scan-tree-dump-times vectorized 2 loops 1
XPASS: gfortran.dg/vect/vect-5.f90  -O  scan-tree-dump-times Alignment of access forced using peeling 1
XPASS: gfortran.dg/vect/vect-5.f90  -O  scan-tree-dump-times Vectorizing an unaligned access 2

		=== gfortran Summary for unix ===

# of expected passes		13619
# of unexpected successes	11
# of expected failures		5
# of unsupported tests		16

Running target unix/-m32
XPASS: gfortran.dg/csqrt_2.f  -O0  execution test
XPASS: gfortran.dg/csqrt_2.f  -O1  execution test
XPASS: gfortran.dg/csqrt_2.f  -O2  execution test
XPASS: gfortran.dg/csqrt_2.f  -O3 -fomit-frame-pointer  execution test
XPASS: gfortran.dg/csqrt_2.f  -O3 -fomit-frame-pointer -funroll-loops  execution test
XPASS: gfortran.dg/csqrt_2.f  -O3 -fomit-frame-pointer -funroll-all-loops -finline-functions  execution test
XPASS: gfortran.dg/csqrt_2.f  -O3 -g  execution test
XPASS: gfortran.dg/csqrt_2.f  -Os  execution test

		=== gfortran Summary for unix/-m32 ===

# of expected passes		13622
# of unexpected successes	8
# of expected failures		5
# of unsupported tests		16

		=== gfortran Summary ===

# of expected passes		27241
# of unexpected successes	19
# of expected failures		10
# of unsupported tests		32
/home/gnu/work/GNU/gcc-4.1.2-x86_64-suse10-linux-gnu/gcc/testsuite/gfortran/../../gfortran  version 4.1.2

		=== objc tests ===

Running target unix

		=== objc Summary for unix ===

# of expected passes		1722
# of unsupported tests		22

Running target unix/-m32

		=== objc Summary for unix/-m32 ===

# of expected passes		1722
# of unsupported tests		22

		=== objc Summary ===

# of expected passes		3444
# of unsupported tests		44
/home/gnu/work/GNU/gcc-4.1.2-x86_64-suse10-linux-gnu/gcc/xgcc  version 4.1.2

		=== libffi tests ===

Running target unix

		=== libffi Summary for unix ===

# of expected passes		228
# of unsupported tests		2

Running target unix/-m32

		=== libffi Summary for unix/-m32 ===

# of expected passes		228
# of unsupported tests		2

		=== libffi Summary ===

# of expected passes		456
# of unsupported tests		4

		=== libjava tests ===

Running target unix

		=== libjava Summary for unix ===

# of expected passes		4060
# of expected failures		10
# of untested testcases		8

Running target unix/-m32

		=== libjava Summary for unix/-m32 ===

# of expected passes		4060
# of expected failures		10
# of untested testcases		8

		=== libjava Summary ===

# of expected passes		8120
# of expected failures		20
# of untested testcases		16

		=== libmudflap tests ===

Running target unix

		=== libmudflap Summary for unix ===

# of expected passes		1799

Running target unix/-m32

		=== libmudflap Summary for unix/-m32 ===

# of expected passes		1799

		=== libmudflap Summary ===

# of expected passes		3598

		=== libstdc++ tests ===

Running target unix
FAIL: 22_locale/messages/members/char/1.cc execution test
FAIL: 22_locale/messages/members/char/2.cc execution test
FAIL: 22_locale/messages/members/char/wrapped_env.cc execution test
FAIL: 22_locale/messages/members/char/wrapped_locale.cc execution test
FAIL: 22_locale/messages_byname/named_equivalence.cc execution test
XPASS: 26_numerics/cmath/c99_classification_macros_c.cc (test for excess errors)
XPASS: 27_io/fpos/14320-1.cc execution test

		=== libstdc++ Summary for unix ===

# of expected passes		4015
# of unexpected failures	5
# of unexpected successes	2
# of expected failures		11
# of unsupported tests		13

Running target unix/-m32
FAIL: 22_locale/messages/members/char/1.cc execution test
FAIL: 22_locale/messages/members/char/2.cc execution test
FAIL: 22_locale/messages/members/char/wrapped_env.cc execution test
FAIL: 22_locale/messages/members/char/wrapped_locale.cc execution test
FAIL: 22_locale/messages_byname/named_equivalence.cc execution test
XPASS: 26_numerics/cmath/c99_classification_macros_c.cc (test for excess errors)

		=== libstdc++ Summary for unix/-m32 ===

# of expected passes		4015
# of unexpected failures	5
# of unexpected successes	1
# of expected failures		12
# of unsupported tests		13

		=== libstdc++ Summary ===

# of expected passes		8030
# of unexpected failures	10
# of unexpected successes	3
# of expected failures		23
# of unsupported tests		26


Counting all warnings,
there are 22 warnings in stage3 of this bootstrap.

Number of warnings per file:
     11 gengtype-lex.c
      4 gcc/gcc.c
      4 gcc/config/i386/i386.md
      2 gcc/objc/lang-specs.h
      1 gcc/java/jvspec.c

Number of warning types:
     11 no previous prototype for `???'
      9 string length `???' is greater than the length `???' ISO C89 compilers are required to support
      2 operand 1 missing mode?


Index Nav: [Date Index] [Subject Index] [Author Index] [Thread Index]
Message Nav: [Date Prev] [Date Next] [Thread Prev] [Thread Next]