This is the mail archive of the gcc-testresults@gcc.gnu.org mailing list for the GCC project.


Index Nav: [Date Index] [Subject Index] [Author Index] [Thread Index]
Message Nav: [Date Prev] [Date Next] [Thread Prev] [Thread Next]
Other format: [Raw text]

Results for 4.1.2 20070209 (prerelease) testsuite on arm-none-linux-gnueabi


LAST_UPDATED: Fri Feb  9 08:12:27 UTC 2007 (/branches/gcc-4_1-branch revision 121738)

Target is arm-none-linux-gnueabi
Host   is i686-pc-linux-gnu

		=== g++ tests ===


Running target qemu-system
FAIL: g++.dg/abi/local1.C execution test
FAIL: g++.dg/ext/visibility/arm3.C scan-not-hidden hidden[ \\t_]*_ZTI1A
FAIL: g++.dg/ext/visibility/arm3.C scan-not-hidden hidden[ \\t_]*_ZTS1A
FAIL: g++.dg/ext/visibility/arm3.C scan-not-hidden hidden[ \\t_]*_ZTV1B
FAIL: g++.dg/ext/visibility/arm3.C scan-not-hidden hidden[ \\t_]*_ZTI1B
FAIL: g++.dg/ext/visibility/arm3.C scan-not-hidden hidden[ \\t_]*_ZTS1B
XPASS: g++.dg/other/packed1.C execution test
FAIL: g++.dg/template/dependent-expr1.C  (test for errors, line 22)
XPASS: g++.dg/tree-ssa/pr14814.C scan-tree-dump-times &this 0
XPASS: g++.old-deja/g++.other/init5.C execution test

		=== g++ Summary ===

# of expected passes		12313
# of unexpected failures	7
# of unexpected successes	3
# of expected failures		66
# of unsupported tests		124
/scratch/gcc/nightly-2007-02-09-4.1/arm-none-linux-gnueabi/build_gcc/build/test-4.1-0-arm-none-linux-gnueabi/host-i686-pc-linux-gnu/fsf-4.1/bin/arm-none-linux-gnueabi-c++  version 4.1.2 20070209 (prerelease)

Host   is i686-pc-linux-gnu

		=== gcc tests ===


Running target qemu-system

		=== gcc Summary ===

# of expected passes		37779
# of expected failures		77
# of untested testcases		28
# of unsupported tests		337
/scratch/gcc/nightly-2007-02-09-4.1/arm-none-linux-gnueabi/build_gcc/build/test-4.1-0-arm-none-linux-gnueabi/host-i686-pc-linux-gnu/fsf-4.1/bin/arm-none-linux-gnueabi-gcc  version 4.1.2 20070209 (prerelease)

Host   is i686-pc-linux-gnu

		=== libstdc++ tests ===


Running target qemu-system

		=== libstdc++ Summary ===

# of expected passes		3391
# of expected failures		13
# of unsupported tests		327
Host   is i686-pc-linux-gnu

		=== g++ tests ===


Running target qemu-system/-mthumb
FAIL: g++.dg/abi/local1.C execution test
FAIL: g++.dg/ext/visibility/arm3.C scan-not-hidden hidden[ \\t_]*_ZTI1A
FAIL: g++.dg/ext/visibility/arm3.C scan-not-hidden hidden[ \\t_]*_ZTS1A
FAIL: g++.dg/ext/visibility/arm3.C scan-not-hidden hidden[ \\t_]*_ZTV1B
FAIL: g++.dg/ext/visibility/arm3.C scan-not-hidden hidden[ \\t_]*_ZTI1B
FAIL: g++.dg/ext/visibility/arm3.C scan-not-hidden hidden[ \\t_]*_ZTS1B
XPASS: g++.dg/other/packed1.C execution test
FAIL: g++.dg/template/dependent-expr1.C  (test for errors, line 22)
XPASS: g++.dg/tree-ssa/pr14814.C scan-tree-dump-times &this 0
FAIL: g++.old-deja/g++.abi/cxa_vec.C execution test
FAIL: g++.old-deja/g++.brendan/new3.C execution test
XPASS: g++.old-deja/g++.other/init5.C execution test

		=== g++ Summary ===

# of expected passes		12309
# of unexpected failures	9
# of unexpected successes	3
# of expected failures		66
# of unsupported tests		125
/scratch/gcc/nightly-2007-02-09-4.1/arm-none-linux-gnueabi/build_gcc/build/test-4.1-0-arm-none-linux-gnueabi/host-i686-pc-linux-gnu/fsf-4.1/bin/arm-none-linux-gnueabi-c++  version 4.1.2 20070209 (prerelease)

Host   is i686-pc-linux-gnu

		=== gcc tests ===


Running target qemu-system/-mthumb
XPASS: gcc.c-torture/execute/941014-1.c execution,  -O0 
FAIL: gcc.dg/debug/20050907-1.c -gstabs1 (test for excess errors)
FAIL: gcc.dg/debug/20050907-1.c -gstabs (test for excess errors)
FAIL: gcc.dg/debug/20050907-1.c -gstabs3 (test for excess errors)
FAIL: gcc.dg/debug/20050907-1.c -gstabs+1 (test for excess errors)
FAIL: gcc.dg/debug/20050907-1.c -gstabs+ (test for excess errors)
FAIL: gcc.dg/debug/20050907-1.c -gstabs+3 (test for excess errors)
FAIL: gcc.dg/nested-func-4.c (test for excess errors)
UNRESOLVED: gcc.dg/nested-func-4.c compilation failed to produce executable
FAIL: gcc.dg/sibcall-3.c execution test
FAIL: gcc.dg/sibcall-4.c execution test
XPASS: gcc.dg/tree-ssa/20040204-1.c scan-tree-dump-times link_error 0

		=== gcc Summary ===

# of expected passes		37717
# of unexpected failures	9
# of unexpected successes	2
# of expected failures		76
# of unresolved testcases	1
# of untested testcases		28
# of unsupported tests		346
/scratch/gcc/nightly-2007-02-09-4.1/arm-none-linux-gnueabi/build_gcc/build/test-4.1-0-arm-none-linux-gnueabi/host-i686-pc-linux-gnu/fsf-4.1/bin/arm-none-linux-gnueabi-gcc  version 4.1.2 20070209 (prerelease)

Host   is i686-pc-linux-gnu

		=== libstdc++ tests ===


Running target qemu-system/-mthumb
FAIL: 22_locale/money_put/put/char/4.cc execution test
FAIL: 22_locale/num_put/put/char/4.cc execution test
FAIL: 22_locale/num_put/put/wchar_t/4.cc execution test
FAIL: 27_io/ios_base/storage/11584.cc execution test
FAIL: ext/mt_allocator/check_new.cc execution test
FAIL: ext/pool_allocator/check_new.cc execution test

		=== libstdc++ Summary ===

# of expected passes		3385
# of unexpected failures	6
# of expected failures		13
# of unsupported tests		327

Compiler version: 4.1.2 20070209 (prerelease) 
Platform: arm-none-linux-gnueabi
configure flags: --build=i686-pc-linux-gnu --host=i686-pc-linux-gnu --target=arm-none-linux-gnueabi --enable-shared --enable-threads --disable-libmudflap --disable-libssp --disable-libgomp --disable-libstdcxx-pch --with-gnu-as --with-gnu-ld --prefix=/scratch/gcc/nightly-2007-02-09-4.1/arm-none-linux-gnueabi/build_gcc/install --enable-languages=c,c++ --enable-symvers=gnu --enable-__cxa_atexit --disable-nls --with-sysroot=/scratch/gcc/nightly-2007-02-09-4.1/arm-none-linux-gnueabi/build_gcc/install/arm-none-linux-gnueabi/libc


Index Nav: [Date Index] [Subject Index] [Author Index] [Thread Index]
Message Nav: [Date Prev] [Date Next] [Thread Prev] [Thread Next]