This is the mail archive of the
gcc-testresults@gcc.gnu.org
mailing list for the GCC project.
Results for 4.1.2 20070209 (prerelease) testsuite on sh4-unknown-linux-gnu
- From: Kaz Kojima <kkojima at rr dot iij4u dot or dot jp>
- To: gcc-testresults at gcc dot gnu dot org
- Date: Sat, 10 Feb 2007 15:04:06 +0900
- Subject: Results for 4.1.2 20070209 (prerelease) testsuite on sh4-unknown-linux-gnu
Remote host: linux 2.6.12 sh4
GNU C Library version 2.3.5
LAST_UPDATED: Obtained from SVN: branches/gcc-4_1-branch revision 121738
Target is sh4-unknown-linux-gnu
Host is i686-pc-linux-gnu
=== g++ tests ===
Running target unix
WARNING: Assuming target board is the local machine (which is probably wrong).
FAIL: tmpdir-g++.dg-struct-layout-1/t026 cp_compat_y_tst.o compile, (internal compiler error)
UNRESOLVED: tmpdir-g++.dg-struct-layout-1/t026 cp_compat_x_tst.o-cp_compat_y_tst.o link
UNRESOLVED: tmpdir-g++.dg-struct-layout-1/t026 cp_compat_x_tst.o-cp_compat_y_tst.o execute
FAIL: tmpdir-g++.dg-struct-layout-1/t027 cp_compat_y_tst.o compile, (internal compiler error)
UNRESOLVED: tmpdir-g++.dg-struct-layout-1/t027 cp_compat_x_tst.o-cp_compat_y_tst.o link
UNRESOLVED: tmpdir-g++.dg-struct-layout-1/t027 cp_compat_x_tst.o-cp_compat_y_tst.o execute
XPASS: g++.dg/tree-ssa/pr14814.C scan-tree-dump-times &this 0
=== g++ Summary ===
# of expected passes 12333
# of unexpected failures 2
# of unexpected successes 1
# of expected failures 67
# of unresolved testcases 4
# of unsupported tests 117
/exp/ldroot/dodes/xsh-gcc412-rc2/gcc/testsuite/g++/../../g++ version 4.1.2 20070209 (prerelease)
Host is i686-pc-linux-gnu
=== gcc tests ===
Running target unix
WARNING: Assuming target board is the local machine (which is probably wrong).
FAIL: gcc.c-torture/execute/builtin-prefetch-6.c execution, -O0
FAIL: gcc.c-torture/execute/builtin-prefetch-6.c execution, -O1
FAIL: gcc.c-torture/execute/builtin-prefetch-6.c execution, -O2
FAIL: gcc.c-torture/execute/builtin-prefetch-6.c execution, -O3 -fomit-frame-pointer
FAIL: gcc.c-torture/execute/builtin-prefetch-6.c execution, -O3 -fomit-frame-pointer -funroll-loops
FAIL: gcc.c-torture/execute/builtin-prefetch-6.c execution, -O3 -fomit-frame-pointer -funroll-all-loops -finline-functions
FAIL: gcc.c-torture/execute/builtin-prefetch-6.c execution, -O3 -g
FAIL: gcc.c-torture/execute/builtin-prefetch-6.c execution, -Os
FAIL: tmpdir-gcc.dg-struct-layout-1/t004 c_compat_y_tst.o compile, (internal compiler error)
UNRESOLVED: tmpdir-gcc.dg-struct-layout-1/t004 c_compat_x_tst.o-c_compat_y_tst.o link
UNRESOLVED: tmpdir-gcc.dg-struct-layout-1/t004 c_compat_x_tst.o-c_compat_y_tst.o execute
FAIL: tmpdir-gcc.dg-struct-layout-1/t027 c_compat_y_tst.o compile, (internal compiler error)
UNRESOLVED: tmpdir-gcc.dg-struct-layout-1/t027 c_compat_x_tst.o-c_compat_y_tst.o link
UNRESOLVED: tmpdir-gcc.dg-struct-layout-1/t027 c_compat_x_tst.o-c_compat_y_tst.o execute
FAIL: tmpdir-gcc.dg-struct-layout-1/t028 c_compat_y_tst.o compile, (internal compiler error)
UNRESOLVED: tmpdir-gcc.dg-struct-layout-1/t028 c_compat_x_tst.o-c_compat_y_tst.o link
UNRESOLVED: tmpdir-gcc.dg-struct-layout-1/t028 c_compat_x_tst.o-c_compat_y_tst.o execute
=== gcc Summary ===
# of expected passes 37821
# of unexpected failures 11
# of expected failures 78
# of unresolved testcases 6
# of untested testcases 28
# of unsupported tests 307
/exp/ldroot/dodes/xsh-gcc412-rc2/gcc/xgcc version 4.1.2 20070209 (prerelease)
Host is i686-pc-linux-gnu
=== gfortran tests ===
Running target unix
WARNING: Assuming target board is the local machine (which is probably wrong).
FAIL: gfortran.dg/common_5.f -O (test for warnings, line 6)
FAIL: gfortran.fortran-torture/execute/intrinsic_rrspacing.f90 execution, -O3 -fomit-frame-pointer
FAIL: gfortran.fortran-torture/execute/intrinsic_rrspacing.f90 execution, -O3 -fomit-frame-pointer -funroll-loops
FAIL: gfortran.fortran-torture/execute/intrinsic_rrspacing.f90 execution, -O3 -fomit-frame-pointer -funroll-all-loops -finline-functions
=== gfortran Summary ===
# of expected passes 13416
# of unexpected failures 4
# of expected failures 12
# of unsupported tests 98
/exp/ldroot/dodes/xsh-gcc412-rc2/gcc/testsuite/gfortran/../../gfortran version 4.1.2 20070209 (prerelease)
Host is i686-pc-linux-gnu
=== objc tests ===
Running target unix
WARNING: Assuming target board is the local machine (which is probably wrong).
=== objc Summary ===
# of expected passes 1722
# of unsupported tests 22
/exp/ldroot/dodes/xsh-gcc412-rc2/gcc/xgcc version 4.1.2 20070209 (prerelease)
Host is sh4-unknown-linux-gnu
=== libffi tests ===
Running target unix
WARNING: Assuming target board is the local machine (which is probably wrong).
=== libffi Summary ===
# of expected passes 228
# of unsupported tests 2
Host is sh4-unknown-linux-gnu
=== libjava tests ===
Running target unix
WARNING: Assuming target board is the local machine (which is probably wrong).
FAIL: ExtraClassLoader -O3 execution - source compiled test
=== libjava Summary ===
# of expected passes 3165
# of unexpected failures 1
# of expected failures 10
# of untested testcases 11
Host is sh4-unknown-linux-gnu
=== libmudflap tests ===
Running target unix
WARNING: Assuming target board is the local machine (which is probably wrong).
=== libmudflap Summary ===
# of expected passes 1799
Host is sh4-unknown-linux-gnu
=== libstdc++ tests ===
Running target unix
WARNING: Assuming target board is the local machine (which is probably wrong).
FAIL: 22_locale/locale/cons/12658_thread-2.cc execution test
XPASS: 26_numerics/cmath/c99_classification_macros_c.cc (test for excess errors)
=== libstdc++ Summary ===
# of expected passes 4006
# of unexpected failures 1
# of unexpected successes 1
# of expected failures 12
# of unsupported tests 19
Compiler version: 4.1.2 20070209 (prerelease)
Platform: sh4-unknown-linux-gnu
configure flags: --host=i686-pc-linux-gnu --target=sh4-unknown-linux-gnu --enable-shared --enable-threads=posix --enable-clocale=gnu --enable-libgcj --with-ld=/usr/local/bin/sh4-unknown-linux-gnu-ld --with-as=/usr/local/bin/sh4-unknown-linux-gnu-as --with-sysroot=/exp/ldroot --enable-languages=c,c++,fortran,java,objc