This is the mail archive of the gcc-testresults@gcc.gnu.org mailing list for the GCC project.


Index Nav: [Date Index] [Subject Index] [Author Index] [Thread Index]
Message Nav: [Date Prev] [Date Next] [Thread Prev] [Thread Next]
Other format: [Raw text]

Results for 4.1.2 20070209 (prerelease) gcc testsuite on mn10300-unknown-elf


Ubuntu 5 on pentium3-smp
cross tool versions:
GNU assembler 2.17.50 20061203
GNU gdb 6.6.50.20061203-cvs
GNU ld version 2.17.50 20061203

GNU Make 3.80
expect version 5.42.1
host gcc version: gcc (GCC) 4.3.0 20070208 (experimental)
LAST_UPDATED: Fri Feb  9 01:26:03 UTC 2007 (revision 121737)

Target is mn10300-unknown-elf
Host   is i686-pc-linux-gnu

		=== gcc tests ===


Running target mn10300-sim
FAIL: gcc.c-torture/compile/981006-1.c  -O0  (internal compiler error)
FAIL: gcc.c-torture/compile/981006-1.c  -O0  (test for excess errors)
FAIL: gcc.c-torture/compile/981006-1.c  -O1  (internal compiler error)
FAIL: gcc.c-torture/compile/981006-1.c  -O1  (test for excess errors)
FAIL: gcc.c-torture/compile/981006-1.c  -O2  (internal compiler error)
FAIL: gcc.c-torture/compile/981006-1.c  -O2  (test for excess errors)
FAIL: gcc.c-torture/compile/981006-1.c  -O3 -fomit-frame-pointer  (internal compiler error)
FAIL: gcc.c-torture/compile/981006-1.c  -O3 -fomit-frame-pointer  (test for excess errors)
FAIL: gcc.c-torture/compile/981006-1.c  -O3 -g  (internal compiler error)
FAIL: gcc.c-torture/compile/981006-1.c  -O3 -g  (test for excess errors)
FAIL: gcc.c-torture/compile/981006-1.c  -Os  (internal compiler error)
FAIL: gcc.c-torture/compile/981006-1.c  -Os  (test for excess errors)
FAIL: gcc.c-torture/execute/builtins/memops-asm.c compilation,  -O0 
UNRESOLVED: gcc.c-torture/execute/builtins/memops-asm.c execution,  -O0 
FAIL: gcc.c-torture/execute/builtins/memops-asm.c compilation,  -O1 
UNRESOLVED: gcc.c-torture/execute/builtins/memops-asm.c execution,  -O1 
FAIL: gcc.c-torture/execute/builtins/memops-asm.c compilation,  -O2 
UNRESOLVED: gcc.c-torture/execute/builtins/memops-asm.c execution,  -O2 
FAIL: gcc.c-torture/execute/builtins/memops-asm.c compilation,  -O3 -fomit-frame-pointer 
UNRESOLVED: gcc.c-torture/execute/builtins/memops-asm.c execution,  -O3 -fomit-frame-pointer 
FAIL: gcc.c-torture/execute/builtins/memops-asm.c compilation,  -O3 -g 
UNRESOLVED: gcc.c-torture/execute/builtins/memops-asm.c execution,  -O3 -g 
FAIL: gcc.c-torture/execute/builtins/memops-asm.c compilation,  -Os 
UNRESOLVED: gcc.c-torture/execute/builtins/memops-asm.c execution,  -Os 
FAIL: gcc.c-torture/execute/builtins/strstr-asm.c compilation,  -O0 
UNRESOLVED: gcc.c-torture/execute/builtins/strstr-asm.c execution,  -O0 
FAIL: gcc.c-torture/execute/builtins/strstr-asm.c compilation,  -O1 
UNRESOLVED: gcc.c-torture/execute/builtins/strstr-asm.c execution,  -O1 
FAIL: gcc.c-torture/execute/builtins/strstr-asm.c compilation,  -O2 
UNRESOLVED: gcc.c-torture/execute/builtins/strstr-asm.c execution,  -O2 
FAIL: gcc.c-torture/execute/builtins/strstr-asm.c compilation,  -O3 -fomit-frame-pointer 
UNRESOLVED: gcc.c-torture/execute/builtins/strstr-asm.c execution,  -O3 -fomit-frame-pointer 
FAIL: gcc.c-torture/execute/builtins/strstr-asm.c compilation,  -O3 -g 
UNRESOLVED: gcc.c-torture/execute/builtins/strstr-asm.c execution,  -O3 -g 
FAIL: gcc.c-torture/execute/builtins/strstr-asm.c compilation,  -Os 
UNRESOLVED: gcc.c-torture/execute/builtins/strstr-asm.c execution,  -Os 
FAIL: gcc.c-torture/execute/930921-1.c execution,  -O3 -fomit-frame-pointer -funroll-loops 
FAIL: gcc.c-torture/execute/930921-1.c execution,  -O3 -fomit-frame-pointer -funroll-all-loops -finline-functions 
FAIL: gcc.c-torture/execute/multi-ix.c execution,  -O0 
FAIL: tmpdir-gcc.dg-struct-layout-1/t001 c_compat_x_tst.o-c_compat_y_tst.o execute 
FAIL: tmpdir-gcc.dg-struct-layout-1/t002 c_compat_x_tst.o-c_compat_y_tst.o execute 
FAIL: tmpdir-gcc.dg-struct-layout-1/t003 c_compat_x_tst.o-c_compat_y_tst.o execute 
FAIL: tmpdir-gcc.dg-struct-layout-1/t024 c_compat_x_tst.o-c_compat_y_tst.o execute 
FAIL: tmpdir-gcc.dg-struct-layout-1/t025 c_compat_x_tst.o-c_compat_y_tst.o execute 
FAIL: tmpdir-gcc.dg-struct-layout-1/t026 c_compat_x_tst.o-c_compat_y_tst.o execute 
FAIL: tmpdir-gcc.dg-struct-layout-1/t027 c_compat_x_tst.o-c_compat_y_tst.o execute 
FAIL: tmpdir-gcc.dg-struct-layout-1/t028 c_compat_x_tst.o-c_compat_y_tst.o execute 
FAIL: gcc.dg/cpp/assert4.c (test for excess errors)
FAIL: gcc.dg/20021014-1.c (test for excess errors)
WARNING: gcc.dg/20021014-1.c compilation failed to produce executable
FAIL: gcc.dg/20050607-1.c (test for excess errors)
FAIL: gcc.dg/alias-7.c (test for excess errors)
WARNING: gcc.dg/alias-7.c compilation failed to produce executable
FAIL: gcc.dg/attr-alias-2.c (test for excess errors)
FAIL: gcc.dg/nest.c (test for excess errors)
WARNING: gcc.dg/nest.c compilation failed to produce executable
FAIL: gcc.dg/nested-func-4.c (test for excess errors)
WARNING: gcc.dg/nested-func-4.c compilation failed to produce executable
FAIL: gcc.dg/pr19340.c (test for excess errors)
FAIL: gcc.dg/pr28243.c (internal compiler error)
FAIL: gcc.dg/pr28243.c (test for excess errors)
FAIL: gcc.dg/tree-prof/inliner-1.c compilation,  -fprofile-generate
UNRESOLVED: gcc.dg/tree-prof/inliner-1.c execution,    -fprofile-generate
UNRESOLVED: gcc.dg/tree-prof/inliner-1.c compilation,  -fprofile-use
UNRESOLVED: gcc.dg/tree-prof/inliner-1.c execution,    -fprofile-use
FAIL: gcc.dg/tree-prof/update-cunroll-2.c execution: file update-cunroll-2.gcda does not exist,  -fprofile-generate
UNRESOLVED: gcc.dg/tree-prof/update-cunroll-2.c compilation,  -fprofile-use
UNRESOLVED: gcc.dg/tree-prof/update-cunroll-2.c execution,    -fprofile-use
FAIL: gcc.dg/tree-prof/update-loopch.c execution: file update-loopch.gcda does not exist,  -fprofile-generate
UNRESOLVED: gcc.dg/tree-prof/update-loopch.c compilation,  -fprofile-use
UNRESOLVED: gcc.dg/tree-prof/update-loopch.c execution,    -fprofile-use
FAIL: gcc.dg/tree-prof/update-tailcall.c execution: file update-tailcall.gcda does not exist,  -fprofile-generate
UNRESOLVED: gcc.dg/tree-prof/update-tailcall.c compilation,  -fprofile-use
UNRESOLVED: gcc.dg/tree-prof/update-tailcall.c execution,    -fprofile-use
FAIL: gcc.dg/tree-prof/val-prof-1.c compilation,  -fprofile-generate
UNRESOLVED: gcc.dg/tree-prof/val-prof-1.c execution,    -fprofile-generate
UNRESOLVED: gcc.dg/tree-prof/val-prof-1.c compilation,  -fprofile-use
UNRESOLVED: gcc.dg/tree-prof/val-prof-1.c execution,    -fprofile-use
FAIL: gcc.dg/tree-prof/val-prof-2.c compilation,  -fprofile-generate
UNRESOLVED: gcc.dg/tree-prof/val-prof-2.c execution,    -fprofile-generate
UNRESOLVED: gcc.dg/tree-prof/val-prof-2.c compilation,  -fprofile-use
UNRESOLVED: gcc.dg/tree-prof/val-prof-2.c execution,    -fprofile-use
FAIL: gcc.dg/tree-prof/val-prof-3.c compilation,  -fprofile-generate
UNRESOLVED: gcc.dg/tree-prof/val-prof-3.c execution,    -fprofile-generate
UNRESOLVED: gcc.dg/tree-prof/val-prof-3.c compilation,  -fprofile-use
UNRESOLVED: gcc.dg/tree-prof/val-prof-3.c execution,    -fprofile-use
FAIL: gcc.dg/tree-prof/val-prof-4.c compilation,  -fprofile-generate
UNRESOLVED: gcc.dg/tree-prof/val-prof-4.c execution,    -fprofile-generate
UNRESOLVED: gcc.dg/tree-prof/val-prof-4.c compilation,  -fprofile-use
UNRESOLVED: gcc.dg/tree-prof/val-prof-4.c execution,    -fprofile-use
FAIL: gcc.dg/tree-prof/val-prof-5.c compilation,  -fprofile-generate
UNRESOLVED: gcc.dg/tree-prof/val-prof-5.c execution,    -fprofile-generate
UNRESOLVED: gcc.dg/tree-prof/val-prof-5.c compilation,  -fprofile-use
UNRESOLVED: gcc.dg/tree-prof/val-prof-5.c execution,    -fprofile-use
XPASS: gcc.dg/tree-ssa/20040204-1.c scan-tree-dump-times link_error 0
FAIL: gcc.misc-tests/bprob-1.c execution: file bprob-1.gcda does not exist,  -fprofile-arcs
UNRESOLVED: gcc.misc-tests/bprob-1.c compilation,  -fbranch-probabilities
UNRESOLVED: gcc.misc-tests/bprob-1.c execution,    -fbranch-probabilities
FAIL: gcc.misc-tests/bprob-2.c execution: file bprob-2.gcda does not exist,  -fprofile-arcs
UNRESOLVED: gcc.misc-tests/bprob-2.c compilation,  -fbranch-probabilities
UNRESOLVED: gcc.misc-tests/bprob-2.c execution,    -fbranch-probabilities

		=== gcc Summary ===

# of expected passes		37490
# of unexpected failures	56
# of unexpected successes	1
# of expected failures		77
# of unresolved testcases	40
# of untested testcases		28
# of unsupported tests		405
/home/mstein/sim/mn10300-elf/build/gcc/xgcc  version 4.1.2 20070209 (prerelease)


Compiler version: 4.1.2 20070209 (prerelease) gcc 
Platform: mn10300-unknown-elf
configure flags: --target=mn10300-elf --prefix=/n/07/mstein/cross-local/mn10300-elf --disable-nls --disable-build-warnings --with-ld=/n/07/mstein/cross-local/mn10300-elf/bin/mn10300-elf-ld --with-as=/n/07/mstein/cross-local/mn10300-elf/bin/mn10300-elf-as --disable-libssp --enable-languages=c


Index Nav: [Date Index] [Subject Index] [Author Index] [Thread Index]
Message Nav: [Date Prev] [Date Next] [Thread Prev] [Thread Next]