This is the mail archive of the gcc-testresults@gcc.gnu.org mailing list for the GCC project.


Index Nav: [Date Index] [Subject Index] [Author Index] [Thread Index]
Message Nav: [Date Prev] [Date Next] [Thread Prev] [Thread Next]
Other format: [Raw text]

Results for 4.1.2 20070207 (prerelease) testsuite on hppa1.1-hp-hpux10.20


LAST_UPDATED: Wed Feb  7 02:01:28 UTC 2007 (revision 121678M)

Native configuration is hppa1.1-hp-hpux10.20

		=== g++ tests ===


Running target unix
WARNING: program timed out.
FAIL: g++.dg/eh/cleanup1.C (test for excess errors)
FAIL: g++.dg/eh/ia64-2.C (test for excess errors)
XPASS: g++.dg/tree-ssa/pr14814.C scan-tree-dump-times &this 0
FAIL: g++.old-deja/g++.abi/vtable2.C (test for excess errors)

		=== g++ Summary ===

# of expected passes		11951
# of unexpected failures	3
# of unexpected successes	1
# of expected failures		67
# of unsupported tests		161
/xxx/gnu/gcc/objdir/gcc/testsuite/g++/../../g++  version 4.1.2 20070207 (prerelease)

		=== gcc tests ===


Running target unix
WARNING: program timed out.
FAIL: gcc.c-torture/compile/20001226-1.c  -O1  (test for excess errors)
WARNING: program timed out.
FAIL: gcc.c-torture/compile/20001226-1.c  -O2  (test for excess errors)
WARNING: program timed out.
FAIL: gcc.c-torture/compile/20001226-1.c  -O3 -fomit-frame-pointer  (test for excess errors)
WARNING: program timed out.
FAIL: gcc.c-torture/compile/20001226-1.c  -O3 -g  (test for excess errors)
WARNING: program timed out.
FAIL: gcc.c-torture/compile/20001226-1.c  -Os  (test for excess errors)
XPASS: gcc.dg/cpp/cmdlne-dI-M.c scan-file (^|\\\\n)cmdlne-dI-M.*:[^\\\\n]*cmdlne-dI-M.c
XPASS: gcc.dg/cpp/cmdlne-dM-M.c scan-file (^|\\\\n)cmdlne-dM-M[^\\\\n]*:[^\\\\n]*cmdlne-dM-M.c
WARNING: program timed out.
FAIL: gcc.dg/c99-intconst-1.c (test for excess errors)
XPASS: gcc.dg/tree-ssa/20040204-1.c scan-tree-dump-times link_error 0

		=== gcc Summary ===

# of expected passes		37102
# of unexpected failures	6
# of unexpected successes	3
# of expected failures		80
# of untested testcases		28
# of unsupported tests		450
/xxx/gnu/gcc/objdir/gcc/xgcc  version 4.1.2 20070207 (prerelease)

		=== libstdc++ tests ===


Running target unix

		=== libstdc++ Summary ===

# of expected passes		2614
# of expected failures		10
# of unsupported tests		150

Compiler version: 4.1.2 20070207 (prerelease) 
Platform: hppa1.1-hp-hpux10.20
configure flags: --with-gnu-as --with-as=/usr/local/bin/as --enable-shared --with-local-prefix=/usr/local --prefix=/opt/gnu/gcc/gcc-4.1.2 --with-gmp=/opt/gnu/gcc/gcc-4.1.2 --enable-debug=no --disable-nls --enable-languages=c,c++


Index Nav: [Date Index] [Subject Index] [Author Index] [Thread Index]
Message Nav: [Date Prev] [Date Next] [Thread Prev] [Thread Next]