This is the mail archive of the gcc-testresults@gcc.gnu.org mailing list for the GCC project.


Index Nav: [Date Index] [Subject Index] [Author Index] [Thread Index]
Message Nav: [Date Prev] [Date Next] [Thread Prev] [Thread Next]
Other format: [Raw text]

Results for 4.3.0 20070207 (experimental) testsuite on x86_64-redhat-linux-gnu


LAST_UPDATED: Wed Feb 7 17:23:35 UTC 2007 (revision 121691)

Native configuration is x86_64-redhat-linux-gnu

=== g++ tests ===


Running target unix
XPASS: g++.dg/tree-ssa/ivopts-1.C scan-tree-dump-not offset: -4B
XPASS: g++.dg/tree-ssa/ivopts-1.C scan-tree-dump-not &x\[5\]

=== g++ Summary ===

# of expected passes 13928
# of unexpected successes 2
# of expected failures 80
# of unsupported tests 106
/home/testbot/bootstrap/010103/bld/gcc/testsuite/g++/../../g++ version 4.3.0 20070207 (experimental)

=== gcc tests ===


Running target unix
FAIL: gcc.c-torture/execute/mayalias-2.c compilation, -O3 -g (internal compiler error)
UNRESOLVED: gcc.c-torture/execute/mayalias-2.c execution, -O3 -g
FAIL: gcc.c-torture/execute/mayalias-3.c compilation, -O3 -g (internal compiler error)
UNRESOLVED: gcc.c-torture/execute/mayalias-3.c execution, -O3 -g
FAIL: gcc.dg/torture/builtin-pow-mpfr-1.c -O0 scan-tree-dump pow
FAIL: gcc.dg/torture/builtin-pow-mpfr-1.c -O1 scan-tree-dump pow
FAIL: gcc.dg/torture/builtin-pow-mpfr-1.c -O2 scan-tree-dump pow
FAIL: gcc.dg/torture/builtin-pow-mpfr-1.c -O3 -fomit-frame-pointer scan-tree-dump pow
FAIL: gcc.dg/torture/builtin-pow-mpfr-1.c -O3 -g scan-tree-dump pow
FAIL: gcc.dg/torture/builtin-pow-mpfr-1.c -Os scan-tree-dump pow
WARNING: gcc.dg/torture/fp-int-convert-float128-timode.c -O0 compilation failed to produce executable
WARNING: gcc.dg/torture/fp-int-convert-float128-timode.c -O1 compilation failed to produce executable
WARNING: gcc.dg/torture/fp-int-convert-float128-timode.c -O2 compilation failed to produce executable
WARNING: gcc.dg/torture/fp-int-convert-float128-timode.c -O3 -fomit-frame-pointer compilation failed to produce executable
WARNING: gcc.dg/torture/fp-int-convert-float128-timode.c -O3 -g compilation failed to produce executable
WARNING: gcc.dg/torture/fp-int-convert-float128-timode.c -Os compilation failed to produce executable
WARNING: gcc.dg/torture/fp-int-convert-float128.c -O0 compilation failed to produce executable
WARNING: gcc.dg/torture/fp-int-convert-float128.c -O1 compilation failed to produce executable
WARNING: gcc.dg/torture/fp-int-convert-float128.c -O2 compilation failed to produce executable
WARNING: gcc.dg/torture/fp-int-convert-float128.c -O3 -fomit-frame-pointer compilation failed to produce executable
WARNING: gcc.dg/torture/fp-int-convert-float128.c -O3 -g compilation failed to produce executable
WARNING: gcc.dg/torture/fp-int-convert-float128.c -Os compilation failed to produce executable
FAIL: gcc.dg/tree-ssa/loadpre1.c scan-tree-dump-times Eliminated: 1 1
XPASS: gcc.dg/tree-ssa/update-threading.c scan-tree-dump-times Invalid sum 0
FAIL: gcc.dg/vect/vect-strided-same-dr.c execution test
FAIL: gcc.target/i386/sse-1.c scan-assembler-not movaps
FAIL: gcc.target/i386/sse4a-extract.c (test for excess errors)
WARNING: gcc.target/i386/sse4a-extract.c compilation failed to produce executable
FAIL: gcc.target/i386/sse4a-insert.c (test for excess errors)
WARNING: gcc.target/i386/sse4a-insert.c compilation failed to produce executable
FAIL: gcc.target/i386/sse4a-montsd.c (test for excess errors)
WARNING: gcc.target/i386/sse4a-montsd.c compilation failed to produce executable
FAIL: gcc.target/i386/sse4a-montss.c (test for excess errors)
WARNING: gcc.target/i386/sse4a-montss.c compilation failed to produce executable
FAIL: gcc.target/i386/ssse3-pabsb.c (test for excess errors)
WARNING: gcc.target/i386/ssse3-pabsb.c compilation failed to produce executable
FAIL: gcc.target/i386/ssse3-pabsd.c (test for excess errors)
WARNING: gcc.target/i386/ssse3-pabsd.c compilation failed to produce executable
FAIL: gcc.target/i386/ssse3-pabsw.c (test for excess errors)
WARNING: gcc.target/i386/ssse3-pabsw.c compilation failed to produce executable
FAIL: gcc.target/i386/ssse3-palignr.c (test for excess errors)
WARNING: gcc.target/i386/ssse3-palignr.c compilation failed to produce executable
FAIL: gcc.target/i386/ssse3-phaddd.c (test for excess errors)
WARNING: gcc.target/i386/ssse3-phaddd.c compilation failed to produce executable
FAIL: gcc.target/i386/ssse3-phaddsw.c (test for excess errors)
WARNING: gcc.target/i386/ssse3-phaddsw.c compilation failed to produce executable
FAIL: gcc.target/i386/ssse3-phaddw.c (test for excess errors)
WARNING: gcc.target/i386/ssse3-phaddw.c compilation failed to produce executable
FAIL: gcc.target/i386/ssse3-phsubd.c (test for excess errors)
WARNING: gcc.target/i386/ssse3-phsubd.c compilation failed to produce executable
FAIL: gcc.target/i386/ssse3-phsubsw.c (test for excess errors)
WARNING: gcc.target/i386/ssse3-phsubsw.c compilation failed to produce executable
FAIL: gcc.target/i386/ssse3-phsubw.c (test for excess errors)
WARNING: gcc.target/i386/ssse3-phsubw.c compilation failed to produce executable
FAIL: gcc.target/i386/ssse3-pmaddubsw.c (test for excess errors)
WARNING: gcc.target/i386/ssse3-pmaddubsw.c compilation failed to produce executable
FAIL: gcc.target/i386/ssse3-pmulhrsw.c (test for excess errors)
WARNING: gcc.target/i386/ssse3-pmulhrsw.c compilation failed to produce executable
FAIL: gcc.target/i386/ssse3-pshufb.c (test for excess errors)
WARNING: gcc.target/i386/ssse3-pshufb.c compilation failed to produce executable
FAIL: gcc.target/i386/ssse3-psignb.c (test for excess errors)
WARNING: gcc.target/i386/ssse3-psignb.c compilation failed to produce executable
FAIL: gcc.target/i386/ssse3-psignd.c (test for excess errors)
WARNING: gcc.target/i386/ssse3-psignd.c compilation failed to produce executable
FAIL: gcc.target/i386/ssse3-psignw.c (test for excess errors)
WARNING: gcc.target/i386/ssse3-psignw.c compilation failed to produce executable
FAIL: gcc.target/i386/vecinit-1.c scan-assembler-not movaps

=== gcc Summary ===

# of expected passes 42889
# of unexpected failures 32
# of unexpected successes 1
# of expected failures 124
# of unresolved testcases 2
# of untested testcases 28
# of unsupported tests 410
/home/testbot/bootstrap/010103/bld/gcc/xgcc version 4.3.0 20070207 (experimental)

=== gfortran tests ===


Running target unix
FAIL: gfortran.dg/csqrt_2.f -O0 execution test
FAIL: gfortran.dg/csqrt_2.f -O1 execution test
FAIL: gfortran.dg/csqrt_2.f -O2 execution test
FAIL: gfortran.dg/csqrt_2.f -O3 -fomit-frame-pointer execution test
FAIL: gfortran.dg/csqrt_2.f -O3 -fomit-frame-pointer -funroll-loops execution test
FAIL: gfortran.dg/csqrt_2.f -O3 -fomit-frame-pointer -funroll-all-loops -finline-functions execution test
FAIL: gfortran.dg/csqrt_2.f -O3 -g execution test
FAIL: gfortran.dg/csqrt_2.f -Os execution test

=== gfortran Summary ===

# of expected passes 16184
# of unexpected failures 8
# of expected failures 7
# of unsupported tests 18
/home/testbot/bootstrap/010103/bld/gcc/testsuite/gfortran/../../gfortran version 4.3.0 20070207 (experimental)

=== objc tests ===


Running target unix

=== objc Summary ===

# of expected passes 1796
# of expected failures 7
# of unsupported tests 24
/home/testbot/bootstrap/010103/bld/gcc/xgcc version 4.3.0 20070207 (experimental)

=== libffi tests ===


Running target unix

=== libffi Summary ===

# of expected passes 1096
# of unsupported tests 8
=== libgomp tests ===


Running target unix
FAIL: libgomp.c/appendix-a/a.2.1.c execution test
FAIL: libgomp.c/atomic-2.c (test for excess errors)
WARNING: libgomp.c/atomic-2.c compilation failed to produce executable

=== libgomp Summary ===

# of expected passes 1563
# of unexpected failures 2
=== libjava tests ===


Running target unix
FAIL: PR9577 run
FAIL: PR28178 execution - gij test
FAIL: calls execution - gij test
FAIL: directbuffer run
FAIL: register execution - gij test
FAIL: simple_int execution - gij test
FAIL: ArrayStore -O3 -findirect-dispatch execution - source compiled test
FAIL: Process_2 -O3 -findirect-dispatch execution - source compiled test
FAIL: Process_5 -findirect-dispatch execution - source compiled test
FAIL: RH194522 -findirect-dispatch execution - source compiled test
FAIL: Thread_Sleep -findirect-dispatch execution - source compiled test
FAIL: Throw_3 -findirect-dispatch execution - source compiled test
FAIL: anonarray3 -findirect-dispatch execution - source compiled test
FAIL: instinit execution - source compiled test
FAIL: invoke_from_inner -findirect-dispatch execution - source compiled test
FAIL: newarray_overflow -O3 execution - source compiled test
FAIL: pr109 -findirect-dispatch execution - source compiled test
FAIL: utilTest -O3 -findirect-dispatch execution - source compiled test

=== libjava Summary ===

# of expected passes 2439
# of unexpected failures 18
# of untested testcases 18
=== libmudflap tests ===


Running target unix
FAIL: libmudflap.c++/pass41-frag.cxx execution test
FAIL: libmudflap.c++/pass41-frag.cxx (-static) execution test
FAIL: libmudflap.c++/pass41-frag.cxx ( -O) execution test
FAIL: libmudflap.c++/pass41-frag.cxx (-O2) execution test
FAIL: libmudflap.c++/pass41-frag.cxx (-O3) execution test
FAIL: libmudflap.cth/pass59-frag.c (test for excess errors)
FAIL: libmudflap.cth/pass59-frag.c (-static -DSTATIC) (test for excess errors)
FAIL: libmudflap.cth/pass59-frag.c (-O2) (test for excess errors)
FAIL: libmudflap.cth/pass59-frag.c (-O3) (test for excess errors)

=== libmudflap Summary ===

# of expected passes 1817
# of unexpected failures 9
=== libstdc++ tests ===


Running target unix
XPASS: 26_numerics/cmath/c99_classification_macros_c.cc (test for excess errors)
XPASS: 27_io/fpos/14320-1.cc execution test

=== libstdc++ Summary ===

# of expected passes 4482
# of unexpected successes 2
# of expected failures 14

Compiler version: 4.3.0 20070207 (experimental)
Platform: x86_64-redhat-linux-gnu
configure flags: --prefix=/home/testbot/bootstrap/010103/usr --program-suffix=-43 -enable-shared --enable-threads=posix --enable-checking --with-system-zlib --enable-__cxa_atexit --host=x86_64-redhat-linux --enable-languages=c,c++,fortran,java,objc


Index Nav: [Date Index] [Subject Index] [Author Index] [Thread Index]
Message Nav: [Date Prev] [Date Next] [Thread Prev] [Thread Next]