This is the mail archive of the
gcc-testresults@gcc.gnu.org
mailing list for the GCC project.
Results for 4.1.2 20070206 (prerelease) testsuite on hppa2.0w-hp-hpux11.11
- From: John David Anglin <dave at hiauly3 dot hia dot nrc dot ca>
- To: dave at hiauly3 dot hia dot nrc dot ca, gcc-testresults at gcc dot gnu dot org
- Date: Wed, 7 Feb 2007 00:16:02 -0500 (EST)
- Subject: Results for 4.1.2 20070206 (prerelease) testsuite on hppa2.0w-hp-hpux11.11
LAST_UPDATED: Tue Feb 6 14:21:54 UTC 2007 (revision 121647)
Native configuration is hppa2.0w-hp-hpux11.11
=== g++ tests ===
Running target unix
FAIL: g++.dg/abi/rtti3.C scan-assembler .weak[ \\t]_?_ZTSPP1A
FAIL: g++.dg/eh/ia64-2.C (test for excess errors)
FAIL: g++.dg/eh/weak1.C (test for excess errors)
FAIL: g++.dg/eh/weak1.C execution test
FAIL: g++.dg/ext/weak2.C (test for excess errors)
FAIL: g++.dg/ext/weak2.C scan-assembler weak[^ \\t]*[ \\t]_?_Z3foov
FAIL: g++.dg/ext/weak3.C (test for excess errors)
FAIL: g++.dg/init/dso_handle1.C (test for excess errors)
XPASS: g++.dg/tree-ssa/pr14814.C scan-tree-dump-times &this 0
FAIL: g++.old-deja/g++.abi/vtable2.C (test for excess errors)
=== g++ Summary ===
# of expected passes 11959
# of unexpected failures 9
# of unexpected successes 1
# of expected failures 67
# of unsupported tests 154
/mnt/gnu/gcc/objdir/gcc/testsuite/g++/../../g++ version 4.1.2 20070206 (prerelease)
=== gcc tests ===
Running target unix
XPASS: gcc.dg/cpp/cmdlne-dI-M.c scan-file (^|\\\\n)cmdlne-dI-M.*:[^\\\\n]*cmdlne-dI-M.c
XPASS: gcc.dg/cpp/cmdlne-dM-M.c scan-file (^|\\\\n)cmdlne-dM-M[^\\\\n]*:[^\\\\n]*cmdlne-dM-M.c
FAIL: gcc.dg/special/weak-1.c (test for excess errors)
FAIL: gcc.dg/special/weak-2.c (test for excess errors)
FAIL: gcc.dg/torture/builtin-noret-1.c -O0 (test for excess errors)
FAIL: gcc.dg/torture/builtin-noret-1.c -O1 (test for excess errors)
FAIL: gcc.dg/torture/builtin-noret-1.c -O2 (test for excess errors)
FAIL: gcc.dg/torture/builtin-noret-1.c -O3 -fomit-frame-pointer (test for excess errors)
FAIL: gcc.dg/torture/builtin-noret-1.c -O3 -g (test for excess errors)
FAIL: gcc.dg/torture/builtin-noret-1.c -Os (test for excess errors)
FAIL: gcc.dg/torture/builtin-noret-2.c -O0 (test for excess errors)
FAIL: gcc.dg/torture/builtin-noret-2.c -O1 (test for excess errors)
FAIL: gcc.dg/torture/builtin-noret-2.c -O2 (test for excess errors)
FAIL: gcc.dg/torture/builtin-noret-2.c -O3 -fomit-frame-pointer (test for excess errors)
FAIL: gcc.dg/torture/builtin-noret-2.c -O3 -g (test for excess errors)
FAIL: gcc.dg/torture/builtin-noret-2.c -Os (test for excess errors)
FAIL: gcc.dg/tree-ssa/pr27781.c (test for excess errors)
FAIL: gcc.dg/weak/weak-1.c (test for excess errors)
FAIL: gcc.dg/weak/weak-1.c scan-assembler weak[^ \\t]*[ \\t]_?j
FAIL: gcc.dg/weak/weak-12.c (test for excess errors)
FAIL: gcc.dg/weak/weak-12.c scan-assembler weak[^ \\t]*[ \\t]_?foo
FAIL: gcc.dg/weak/weak-2.c applying #pragma weak (test for warnings, line 27)
FAIL: gcc.dg/weak/weak-2.c (test for excess errors)
FAIL: gcc.dg/weak/weak-2.c scan-assembler weak[^ \\t]*[ \\t]_?ffoo1a
FAIL: gcc.dg/weak/weak-2.c scan-assembler weak[^ \\t]*[ \\t]_?ffoo1b
FAIL: gcc.dg/weak/weak-2.c scan-assembler weak[^ \\t]*[ \\t]_?ffoo1c
FAIL: gcc.dg/weak/weak-2.c scan-assembler weak[^ \\t]*[ \\t]_?ffoo1e
FAIL: gcc.dg/weak/weak-4.c applying #pragma weak (test for warnings, line 35)
FAIL: gcc.dg/weak/weak-4.c applying #pragma weak (test for warnings, line 67)
FAIL: gcc.dg/weak/weak-4.c (test for excess errors)
FAIL: gcc.dg/weak/weak-4.c scan-assembler weak[^ \\t]*[ \\t]_?vfoo1a
FAIL: gcc.dg/weak/weak-4.c scan-assembler weak[^ \\t]*[ \\t]_?vfoo1b
FAIL: gcc.dg/weak/weak-4.c scan-assembler weak[^ \\t]*[ \\t]_?vfoo1c
FAIL: gcc.dg/weak/weak-7.c (test for excess errors)
FAIL: gcc.dg/weak/weak-8.c (test for excess errors)
=== gcc Summary ===
# of expected passes 37136
# of unexpected failures 33
# of unexpected successes 2
# of expected failures 76
# of untested testcases 28
# of unsupported tests 429
/mnt/gnu/gcc/objdir/gcc/xgcc version 4.1.2 20070206 (prerelease)
=== libstdc++ tests ===
Running target unix
=== libstdc++ Summary ===
# of expected passes 3370
# of expected failures 12
# of unsupported tests 338
Compiler version: 4.1.2 20070206 (prerelease)
Platform: hppa2.0w-hp-hpux11.11
configure flags: --with-gnu-as --with-as=/opt/gnu/bin/as --enable-shared --with-local-prefix=/opt/gnu --prefix=/opt/gnu/gcc/gcc-4.1.2 --with-gmp=/opt/gnu/gcc/gcc-4.1.2 --enable-threads=posix --enable-debug=no --disable-nls --enable-languages=c,c++