This is the mail archive of the
gcc-testresults@gcc.gnu.org
mailing list for the GCC project.
Results for 4.3.0 20070202 (experimental) testsuite on i686-pc-cygwin
- From: "Brian Dessent" <brian at dessent dot net>
- To: <gcc-testresults at gcc dot gnu dot org>
- Date: Mon, 05 Feb 2007 23:11:45 -0800
- Subject: Results for 4.3.0 20070202 (experimental) testsuite on i686-pc-cygwin
LAST_UPDATED: Fri Feb 2 10:53:40 UTC 2007 (revision 121494)
=== acats tests ===
FAIL: c23003b
FAIL: c23003g
FAIL: c23003i
FAIL: c32107c
FAIL: ca11015
FAIL: cdd2a02
FAIL: cxg2002
FAIL: cxg2003
FAIL: cxg2004
FAIL: cxg2006
FAIL: cxg2007
FAIL: cxg2010
FAIL: cxg2011
FAIL: cxg2012
FAIL: cxg2013
FAIL: cxg2015
FAIL: cxg2016
FAIL: cxg2017
FAIL: cxg2018
FAIL: cxg2019
FAIL: cxg2020
FAIL: cxg2021
=== acats Summary ===
# of expected passes 1937
# of unexpected failures 22
# of unsupported tests 356
Native configuration is i686-pc-cygwin
=== g++ tests ===
Running target unix
FAIL: g++.dg/abi/local1.C execution test
FAIL: g++.dg/abi/rtti1.C scan-assembler-dem-not \\ntypeinfo for A[: \\t\\n]
FAIL: g++.dg/abi/rtti3.C scan-assembler .weak[ \\t]_?_ZTSPP1A
FAIL: g++.dg/abi/thunk4.C scan-assembler .weak[ \\t]_?_ZThn._N7Derived3FooEv
FAIL: g++.dg/ext/dllimport7.C C++ specific error (test for errors, line 24)
FAIL: g++.dg/opt/complex3.C (internal compiler error)
FAIL: g++.dg/opt/complex3.C (test for excess errors)
FAIL: g++.dg/opt/vt1.C scan-assembler-not section[^\\n\\r]*_ZTV1S[^\\n\\r]*"[^w"\\n\\r]*"
FAIL: g++.dg/other/component1.C (test for excess errors)
FAIL: g++.dg/other/unused1.C scan-assembler (string|ascii?)z?\\t"class2("|\\\\\\\\000)
FAIL: g++.dg/other/unused1.C scan-assembler (string|ascii?)z?\\t"printer("|\\\\\\\\000)
XPASS: g++.dg/tree-ssa/ivopts-1.C scan-tree-dump-not offset: -4B
XPASS: g++.dg/tree-ssa/ivopts-1.C scan-tree-dump-not &x\\[5\\]
FAIL: g++.dg/pch/externc-1.C -g assembly comparison
FAIL: g++.dg/pch/externc-1.C -O2 -g assembly comparison
FAIL: g++.dg/pch/static-1.C -g assembly comparison
FAIL: g++.dg/pch/static-1.C -O2 -g assembly comparison
FAIL: g++.dg/pch/system-1.C -g assembly comparison
FAIL: g++.dg/pch/system-1.C -O2 -g assembly comparison
FAIL: g++.dg/pch/system-2.C -g assembly comparison
FAIL: g++.dg/pch/system-2.C -O2 -g assembly comparison
FAIL: g++.dg/pch/uninst.C -g assembly comparison
FAIL: g++.dg/pch/uninst.C -O2 -g assembly comparison
FAIL: g++.dg/pch/wchar-1.C -g assembly comparison
FAIL: g++.dg/pch/wchar-1.C -O2 -g assembly comparison
FAIL: g++.old-deja/g++.eh/badalloc1.C execution test
XPASS: g++.old-deja/g++.ext/attrib5.C execution test
FAIL: g++.old-deja/g++.other/init18.C execution test
FAIL: g++.old-deja/g++.other/init19.C execution test
FAIL: g++.old-deja/g++.other/init5.C execution test
=== g++ Summary ===
# of expected passes 14141
# of unexpected failures 27
# of unexpected successes 3
# of expected failures 79
# of unsupported tests 169
/build/gcc-trunk/gcc/testsuite/g++/../../g++ version 4.3.0 20070202 (experimental)
=== gcc tests ===
Running target unix
XPASS: gcc.dg/cpp/cmdlne-dI-M.c scan-file (^|\\\\n)cmdlne-dI-M.*:[^\\\\n]*cmdlne-dI-M.c
XPASS: gcc.dg/cpp/cmdlne-dM-M.c scan-file (^|\\\\n)cmdlne-dM-M[^\\\\n]*:[^\\\\n]*cmdlne-dM-M.c
FAIL: gcc.dg/20021014-1.c (test for excess errors)
WARNING: gcc.dg/20021014-1.c compilation failed to produce executable
FAIL: gcc.dg/attr-isr-nosave_low_regs.c (test for excess errors)
FAIL: gcc.dg/builtins-1.c (internal compiler error)
FAIL: gcc.dg/builtins-1.c (test for excess errors)
ERROR: gcc.dg/builtins-1.c: error executing dg-final: couldn't open "builtins-1.s": no such file or directory
UNRESOLVED: gcc.dg/builtins-1.c: error executing dg-final: couldn't open "builtins-1.s": no such file or directory
FAIL: gcc.dg/builtins-20.c (test for excess errors)
FAIL: gcc.dg/builtins-59.c (internal compiler error)
FAIL: gcc.dg/builtins-59.c (test for excess errors)
FAIL: gcc.dg/builtins-62.c scan-tree-dump-times cexpi 3
FAIL: gcc.dg/pr25993.c (test for excess errors)
FAIL: gcc.dg/setjmp-3.c (test for excess errors)
WARNING: gcc.dg/setjmp-3.c compilation failed to produce executable
FAIL: gcc.dg/setjmp-4.c (test for excess errors)
WARNING: gcc.dg/setjmp-4.c compilation failed to produce executable
FAIL: largefile.c (test for excess errors)
FAIL: largefile.c (test for excess errors)
FAIL: largefile.c (test for excess errors)
FAIL: largefile.c (test for excess errors)
FAIL: largefile.c (test for excess errors)
FAIL: largefile.c (test for excess errors)
FAIL: largefile.c (test for excess errors)
FAIL: gcc.dg/tree-ssa/loadpre1.c scan-tree-dump-times Eliminated: 1 1
FAIL: gcc.dg/tree-ssa/loop-1.c scan-assembler-times foo 5
FAIL: gcc.dg/vect/vect-107.c (test for excess errors)
WARNING: gcc.dg/vect/vect-107.c compilation failed to produce executable
FAIL: compiler driver --coverage option(s) (compiler options)
FAIL: gcc.target/i386/pic-1.c (test for errors, line 10)
FAIL: gcc.target/i386/math-torture/lceil.c (internal compiler error)
FAIL: gcc.target/i386/math-torture/lceil.c (test for excess errors)
FAIL: gcc.target/i386/math-torture/lceil.c (internal compiler error)
FAIL: gcc.target/i386/math-torture/lceil.c (test for excess errors)
FAIL: gcc.target/i386/math-torture/lceil.c (internal compiler error)
FAIL: gcc.target/i386/math-torture/lceil.c (test for excess errors)
FAIL: gcc.target/i386/math-torture/lceil.c (internal compiler error)
FAIL: gcc.target/i386/math-torture/lceil.c (test for excess errors)
FAIL: gcc.target/i386/math-torture/lceil.c (internal compiler error)
FAIL: gcc.target/i386/math-torture/lceil.c (test for excess errors)
FAIL: gcc.target/i386/math-torture/lceil.c (internal compiler error)
FAIL: gcc.target/i386/math-torture/lceil.c (test for excess errors)
FAIL: gcc.target/i386/math-torture/lfloor.c (internal compiler error)
FAIL: gcc.target/i386/math-torture/lfloor.c (test for excess errors)
FAIL: gcc.target/i386/math-torture/lfloor.c (internal compiler error)
FAIL: gcc.target/i386/math-torture/lfloor.c (test for excess errors)
FAIL: gcc.target/i386/math-torture/lfloor.c (internal compiler error)
FAIL: gcc.target/i386/math-torture/lfloor.c (test for excess errors)
FAIL: gcc.target/i386/math-torture/lfloor.c (internal compiler error)
FAIL: gcc.target/i386/math-torture/lfloor.c (test for excess errors)
FAIL: gcc.target/i386/math-torture/lfloor.c (internal compiler error)
FAIL: gcc.target/i386/math-torture/lfloor.c (test for excess errors)
FAIL: gcc.target/i386/math-torture/lfloor.c (internal compiler error)
FAIL: gcc.target/i386/math-torture/lfloor.c (test for excess errors)
FAIL: gcc.target/i386/math-torture/lceil.c (internal compiler error)
FAIL: gcc.target/i386/math-torture/lceil.c (test for excess errors)
FAIL: gcc.target/i386/math-torture/lceil.c (internal compiler error)
FAIL: gcc.target/i386/math-torture/lceil.c (test for excess errors)
FAIL: gcc.target/i386/math-torture/lceil.c (internal compiler error)
FAIL: gcc.target/i386/math-torture/lceil.c (test for excess errors)
FAIL: gcc.target/i386/math-torture/lceil.c (internal compiler error)
FAIL: gcc.target/i386/math-torture/lceil.c (test for excess errors)
FAIL: gcc.target/i386/math-torture/lceil.c (internal compiler error)
FAIL: gcc.target/i386/math-torture/lceil.c (test for excess errors)
FAIL: gcc.target/i386/math-torture/lceil.c (internal compiler error)
FAIL: gcc.target/i386/math-torture/lceil.c (test for excess errors)
FAIL: gcc.target/i386/math-torture/lfloor.c (internal compiler error)
FAIL: gcc.target/i386/math-torture/lfloor.c (test for excess errors)
FAIL: gcc.target/i386/math-torture/lfloor.c (internal compiler error)
FAIL: gcc.target/i386/math-torture/lfloor.c (test for excess errors)
FAIL: gcc.target/i386/math-torture/lfloor.c (internal compiler error)
FAIL: gcc.target/i386/math-torture/lfloor.c (test for excess errors)
FAIL: gcc.target/i386/math-torture/lfloor.c (internal compiler error)
FAIL: gcc.target/i386/math-torture/lfloor.c (test for excess errors)
FAIL: gcc.target/i386/math-torture/lfloor.c (internal compiler error)
FAIL: gcc.target/i386/math-torture/lfloor.c (test for excess errors)
FAIL: gcc.target/i386/math-torture/lfloor.c (internal compiler error)
FAIL: gcc.target/i386/math-torture/lfloor.c (test for excess errors)
=== gcc Summary ===
# of expected passes 44609
# of unexpected failures 71
# of unexpected successes 2
# of expected failures 108
# of unresolved testcases 1
# of untested testcases 35
# of unsupported tests 366
/build/gcc-trunk/gcc/xgcc version 4.3.0 20070202 (experimental)
=== gfortran tests ===
Running target unix
FAIL: gfortran.dg/secnds-1.f execution test
FAIL: gfortran.dg/secnds-1.f execution test
FAIL: gfortran.dg/secnds-1.f execution test
FAIL: gfortran.dg/secnds.f execution test
FAIL: gfortran.dg/secnds.f execution test
FAIL: gfortran.dg/secnds.f execution test
=== gfortran Summary ===
# of expected passes 15956
# of unexpected failures 6
# of expected failures 7
# of unsupported tests 86
/build/gcc-trunk/gcc/testsuite/gfortran/../../gfortran version 4.3.0 20070202 (experimental)
=== gnat tests ===
Running target unix
FAIL: gnat.dg/address_conversion.adb execution test
FAIL: gnat.dg/curr_task.adb execution test
FAIL: gnat.dg/test_image.adb execution test
FAIL: gnat.dg/test_prio.adb execution test
FAIL: gnat.dg/test_self_ref.adb execution test
FAIL: gnat.dg/timing_events.adb execution test
=== gnat Summary ===
# of expected passes 109
# of unexpected failures 6
=== objc tests ===
Running target unix
=== objc Summary ===
# of expected passes 1860
# of expected failures 7
# of unsupported tests 24
/build/gcc-trunk/gcc/xgcc version 4.3.0 20070202 (experimental)
=== libffi tests ===
Running target unix
FAIL: libffi.call/return_fl2.c execution test
FAIL: libffi.call/return_fl2.c execution test
FAIL: libffi.call/return_fl2.c execution test
FAIL: libffi.call/return_fl2.c execution test
=== libffi Summary ===
# of expected passes 1108
# of unexpected failures 4
=== libjava tests ===
Running target unix
FAIL: PR15133 run
FAIL: PR18116 run
FAIL: PR28178 run
FAIL: bytebuffer run
FAIL: calls run
FAIL: cxxtest run
FAIL: directbuffer run
FAIL: field run
FAIL: final_method run
FAIL: findclass run
FAIL: findclass2 run
FAIL: iface run
FAIL: invoke run
FAIL: jniutf run
FAIL: martin run
FAIL: noclass run
FAIL: overload run
FAIL: pr11951 run
FAIL: pr18278 run
FAIL: pr23739 run
FAIL: register run
FAIL: register2 run
FAIL: simple_int run
FAIL: throwit run
FAIL: virtual run
FAIL: PR16923.c compilation
FAIL: pr29812 execution - gij test
FAIL: getstacktrace run
FAIL: Divide_1 output - source compiled test
FAIL: Divide_1 -findirect-dispatch output - source compiled test
FAIL: Divide_1 -O3 output - source compiled test
FAIL: Divide_1 -O3 -findirect-dispatch output - source compiled test
FAIL: ExtraClassLoader execution - source compiled test
FAIL: ExtraClassLoader -findirect-dispatch execution - source compiled test
FAIL: ExtraClassLoader -O3 execution - source compiled test
FAIL: ExtraClassLoader -O3 -findirect-dispatch execution - source compiled test
FAIL: Serialization execution - source compiled test
FAIL: Serialization -findirect-dispatch execution - source compiled test
FAIL: Serialization -O3 execution - source compiled test
FAIL: Serialization -O3 -findirect-dispatch execution - source compiled test
FAIL: StackTrace2 execution - source compiled test
FAIL: StackTrace2 -findirect-dispatch execution - source compiled test
FAIL: StackTrace2 -O3 execution - source compiled test
FAIL: StackTrace2 -O3 -findirect-dispatch execution - source compiled test
FAIL: Thread_Wait_Interrupt execution - source compiled test
FAIL: Thread_Wait_Interrupt -findirect-dispatch output - source compiled test
FAIL: Thread_Wait_Interrupt -O3 execution - source compiled test
FAIL: Thread_Wait_Interrupt -O3 -findirect-dispatch execution - source compiled test
FAIL: Throw_3 output - source compiled test
FAIL: Throw_3 -findirect-dispatch output - source compiled test
FAIL: Throw_3 -O3 output - source compiled test
FAIL: Throw_3 -O3 -findirect-dispatch output - source compiled test
FAIL: pr21785 execution - source compiled test
FAIL: pr21785 -findirect-dispatch execution - source compiled test
FAIL: pr21785 -O3 execution - source compiled test
FAIL: pr21785 -O3 -findirect-dispatch execution - source compiled test
FAIL: stacktrace output - source compiled test
FAIL: stacktrace -findirect-dispatch output - source compiled test
FAIL: stacktrace -O3 output - source compiled test
FAIL: stacktrace -O3 -findirect-dispatch output - source compiled test
=== libjava Summary ===
# of expected passes 2344
# of unexpected failures 60
# of untested testcases 46
=== libstdc++ tests ===
Running target unix
FAIL: 17_intro/headers_c++_c++0x_compat.cc (test for excess errors)
FAIL: 26_numerics/cmath/c99_classification_macros_c.cc (test for excess errors)
FAIL: 27_io/basic_filebuf/seekoff/char/1-io.cc execution test
FAIL: 27_io/basic_filebuf/seekoff/char/1-io.cc execution test
FAIL: 27_io/basic_filebuf/seekoff/char/2-io.cc execution test
FAIL: 27_io/basic_filebuf/seekoff/char/2-io.cc execution test
FAIL: 27_io/basic_filebuf/seekpos/char/1-io.cc execution test
FAIL: 27_io/basic_filebuf/seekpos/char/1-io.cc execution test
FAIL: 27_io/basic_filebuf/seekpos/char/2-io.cc execution test
FAIL: 27_io/basic_filebuf/seekpos/char/2-io.cc execution test
FAIL: 27_io/basic_filebuf/sgetn/char/1-in.cc execution test
FAIL: 27_io/basic_filebuf/sgetn/char/1-in.cc execution test
FAIL: 27_io/basic_filebuf/sgetn/char/1-in.cc execution test
FAIL: 27_io/basic_filebuf/sgetn/char/1-io.cc execution test
FAIL: 27_io/basic_filebuf/sgetn/char/1-io.cc execution test
FAIL: 27_io/basic_filebuf/sgetn/char/1-io.cc execution test
FAIL: 27_io/basic_filebuf/sgetn/char/2-in.cc execution test
FAIL: 27_io/basic_filebuf/sgetn/char/2-in.cc execution test
FAIL: 27_io/basic_filebuf/sgetn/char/2-in.cc execution test
FAIL: 27_io/basic_filebuf/sgetn/char/2-io.cc execution test
FAIL: 27_io/basic_filebuf/sgetn/char/2-io.cc execution test
FAIL: 27_io/basic_filebuf/sgetn/char/2-io.cc execution test
FAIL: 27_io/basic_istream/extractors_arithmetic/char/12.cc execution test
FAIL: 27_io/basic_istream/extractors_arithmetic/char/12.cc execution test
FAIL: 27_io/basic_istream/extractors_arithmetic/char/12.cc execution test
FAIL: 27_io/basic_istream/readsome/char/6746-2.cc execution test
FAIL: 27_io/basic_istream/readsome/char/6746-2.cc execution test
FAIL: 27_io/basic_istream/readsome/char/6746-2.cc execution test
FAIL: ext/pb_ds/example/priority_queue_dijkstra.cc execution test
FAIL: ext/pb_ds/example/priority_queue_dijkstra.cc execution test
=== libstdc++ Summary ===
# of expected passes 6983
# of unexpected failures 30
# of expected failures 31
# of unsupported tests 456
Compiler version: 4.3.0 20070202 (experimental)
Platform: i686-pc-cygwin
configure flags: --prefix=/opt/gcc43 --disable-nls --enable-threads=posix --enable-version-specific-runtime-libs --disable-win32-registry --enable-sjlj-exceptions --enable-libgcj --enable-interpreter --enable-bootstrap --enable-languages=c,ada,c++,fortran,java,objc