This is the mail archive of the gcc-testresults@gcc.gnu.org mailing list for the GCC project.
Index Nav: | [Date Index] [Subject Index] [Author Index] [Thread Index] | |
---|---|---|
Message Nav: | [Date Prev] [Date Next] | [Thread Prev] [Thread Next] |
Other format: | [Raw text] |
LAST_UPDATED: Wed, 31 Jan 2007 13:50:13 +0000 (revision 121422) === acats tests === FAIL: c35507m FAIL: c99005a FAIL: cd2a23e FAIL: cxh1001 === acats Summary === # of expected passes 2311 # of unexpected failures 4 Native configuration is ia64-unknown-linux-gnu === g++ tests === Running target unix === g++ Summary === # of expected passes 12671 # of expected failures 67 # of unsupported tests 112 /home/tbm/build/gcc-snapshot-20070131/build/gcc/testsuite/g++/../../g++ version 4.2.0 20070131 (prerelease) === gcc tests === Running target unix FAIL: gcc.c-torture/execute/mayalias-2.c compilation, -O3 -g (internal compiler error) UNRESOLVED: gcc.c-torture/execute/mayalias-2.c execution, -O3 -g FAIL: gcc.dg/builtin-apply4.c execution test UNRESOLVED: gcc.dg/torture/fp-int-convert-float128-timode.c -O0 compilation failed to produce executable UNRESOLVED: gcc.dg/torture/fp-int-convert-float128-timode.c -O1 compilation failed to produce executable UNRESOLVED: gcc.dg/torture/fp-int-convert-float128-timode.c -O2 compilation failed to produce executable UNRESOLVED: gcc.dg/torture/fp-int-convert-float128-timode.c -O3 -fomit-frame-pointer compilation failed to produce executable UNRESOLVED: gcc.dg/torture/fp-int-convert-float128-timode.c -O3 -g compilation failed to produce executable UNRESOLVED: gcc.dg/torture/fp-int-convert-float128-timode.c -Os compilation failed to produce executable FAIL: gcc.dg/torture/fp-int-convert-float128.c -O0 (test for excess errors) UNRESOLVED: gcc.dg/torture/fp-int-convert-float128.c -O0 compilation failed to produce executable FAIL: gcc.dg/torture/fp-int-convert-float128.c -O1 (test for excess errors) UNRESOLVED: gcc.dg/torture/fp-int-convert-float128.c -O1 compilation failed to produce executable FAIL: gcc.dg/torture/fp-int-convert-float128.c -O2 (test for excess errors) UNRESOLVED: gcc.dg/torture/fp-int-convert-float128.c -O2 compilation failed to produce executable FAIL: gcc.dg/torture/fp-int-convert-float128.c -O3 -fomit-frame-pointer (test for excess errors) UNRESOLVED: gcc.dg/torture/fp-int-convert-float128.c -O3 -fomit-frame-pointer compilation failed to produce executable FAIL: gcc.dg/torture/fp-int-convert-float128.c -O3 -g (test for excess errors) UNRESOLVED: gcc.dg/torture/fp-int-convert-float128.c -O3 -g compilation failed to produce executable FAIL: gcc.dg/torture/fp-int-convert-float128.c -Os (test for excess errors) UNRESOLVED: gcc.dg/torture/fp-int-convert-float128.c -Os compilation failed to produce executable FAIL: gcc.dg/tree-ssa/loadpre1.c scan-tree-dump-times Eliminated: 1 1 FAIL: gcc.dg/tree-ssa/loadpre14.c scan-tree-dump-times Eliminated: 1 1 FAIL: gcc.dg/tree-ssa/loadpre15.c scan-tree-dump-times Eliminated: 1 1 XPASS: gcc.dg/tree-ssa/loop-1.c scan-assembler-times foo 5 XPASS: gcc.dg/vect/pr16105.c scan-tree-dump-times vectorized 1 loops 1 XPASS: gcc.dg/vect/pr20122.c scan-tree-dump-times vectorized 1 loops 2 XPASS: gcc.dg/vect/vect-105.c scan-tree-dump-times vectorized 1 loops 1 XPASS: gcc.dg/vect/vect-30.c scan-tree-dump-times vectorized 1 loops 2 XPASS: gcc.dg/vect/vect-42.c scan-tree-dump-times vectorized 1 loops 1 XPASS: gcc.dg/vect/vect-43.c scan-tree-dump-times vectorized 1 loops 1 XPASS: gcc.dg/vect/vect-74.c scan-tree-dump-times vectorized 1 loops 1 XPASS: gcc.dg/vect/vect-75.c scan-tree-dump-times vectorized 1 loops 1 XPASS: gcc.dg/vect/vect-8.c scan-tree-dump-times vectorized 1 loops 1 XPASS: gcc.dg/vect/vect-reduc-dot-u16.c scan-tree-dump-times vectorized 1 loops 1 === gcc Summary === # of expected passes 40415 # of unexpected failures 11 # of unexpected successes 11 # of expected failures 148 # of unresolved testcases 13 # of untested testcases 28 # of unsupported tests 345 /home/tbm/build/gcc-snapshot-20070131/build/gcc/xgcc version 4.2.0 20070131 (prerelease) === gfortran tests === Running target unix FAIL: gfortran.dg/c_by_val_1.f -O0 execution test FAIL: gfortran.dg/c_by_val_1.f -O1 execution test FAIL: gfortran.dg/c_by_val_1.f -O2 execution test FAIL: gfortran.dg/c_by_val_1.f -O3 -fomit-frame-pointer execution test FAIL: gfortran.dg/c_by_val_1.f -O3 -fomit-frame-pointer -funroll-loops execution test FAIL: gfortran.dg/c_by_val_1.f -O3 -fomit-frame-pointer -funroll-all-loops -finline-functions execution test FAIL: gfortran.dg/c_by_val_1.f -O3 -g execution test FAIL: gfortran.dg/c_by_val_1.f -Os execution test XPASS: gfortran.dg/csqrt_2.f -O0 execution test XPASS: gfortran.dg/csqrt_2.f -O1 execution test XPASS: gfortran.dg/csqrt_2.f -O2 execution test XPASS: gfortran.dg/csqrt_2.f -O3 -fomit-frame-pointer execution test XPASS: gfortran.dg/csqrt_2.f -O3 -fomit-frame-pointer -funroll-loops execution test XPASS: gfortran.dg/csqrt_2.f -O3 -fomit-frame-pointer -funroll-all-loops -finline-functions execution test XPASS: gfortran.dg/csqrt_2.f -O3 -g execution test XPASS: gfortran.dg/csqrt_2.f -Os execution test FAIL: gfortran.dg/vect/vect-4.f90 -O scan-tree-dump-times Alignment of access forced using peeling 1 FAIL: gfortran.dg/vect/vect-4.f90 -O scan-tree-dump-times Vectorizing an unaligned access 1 === gfortran Summary === # of expected passes 15549 # of unexpected failures 10 # of unexpected successes 8 # of expected failures 11 # of unsupported tests 19 /home/tbm/build/gcc-snapshot-20070131/build/gcc/testsuite/gfortran/../../gfortran version 4.2.0 20070131 (prerelease) === gnat tests === Running target unix FAIL: gnat.dg/frame_overflow.adb (test for errors, line 12) FAIL: gnat.dg/frame_overflow.adb (test for errors, line 21) === gnat Summary === # of expected passes 33 # of unexpected failures 2 === obj-c++ tests === Running target unix FAIL: obj-c++.dg/bitfield-1.mm (test for excess errors) FAIL: obj-c++.dg/bitfield-4.mm (test for excess errors) FAIL: obj-c++.dg/cxx-ivars-2.mm execution test FAIL: obj-c++.dg/encode-8.mm execution test FAIL: obj-c++.dg/isa-field-1.mm (test for excess errors) FAIL: obj-c++.dg/layout-1.mm (test for excess errors) FAIL: obj-c++.dg/lookup-2.mm (test for excess errors) UNRESOLVED: obj-c++.dg/lookup-2.mm compilation failed to produce executable FAIL: obj-c++.dg/try-catch-2.mm (test for excess errors) UNRESOLVED: obj-c++.dg/try-catch-2.mm compilation failed to produce executable FAIL: obj-c++.dg/try-catch-9.mm (test for excess errors) UNRESOLVED: obj-c++.dg/try-catch-9.mm compilation failed to produce executable === obj-c++ Summary === # of expected passes 426 # of unexpected failures 9 # of unresolved testcases 3 # of unsupported tests 13 /home/tbm/build/gcc-snapshot-20070131/build/gcc/testsuite/obj-c++/../../g++ version 4.2.0 20070131 (prerelease) === objc tests === Running target unix === objc Summary === # of expected passes 1788 # of expected failures 7 # of unsupported tests 25 /home/tbm/build/gcc-snapshot-20070131/build/gcc/xgcc version 4.2.0 20070131 (prerelease) === treelang tests === Running target unix === treelang Summary === # of expected passes 52 === libffi tests === Running target unix === libffi Summary === # of expected passes 1084 # of unsupported tests 8 === libgomp tests === Running target unix === libgomp Summary === # of expected passes 1550 === libjava tests === Running target unix === libjava Summary === # of expected passes 7006 # of expected failures 12 # of untested testcases 8 === libmudflap tests === Running target unix === libmudflap Summary === # of expected passes 1814 === libstdc++ tests === Running target unix XPASS: 26_numerics/cmath/c99_classification_macros_c.cc (test for excess errors) XPASS: 27_io/fpos/14320-1.cc execution test === libstdc++ Summary === # of expected passes 3830 # of unexpected successes 2 # of expected failures 14 # of unsupported tests 316 Compiler version: 4.2.0 20070131 (prerelease) Platform: ia64-unknown-linux-gnu configure flags: -v --prefix=/usr/lib/gcc-snapshot --enable-shared --with-system-zlib --disable-nls --enable-__cxa_atexit --enable-clocale=gnu --enable-libstdcxx-debug --enable-java-awt=gtk,qt --enable-gtk-cairo --with-java-home=/usr/lib/gcc-snapshot/jre --enable-objc-gc --enable-mpfr --with-system-libunwind --disable-werror ia64-linux-gnu --enable-languages=c,ada,c++,fortran,java,objc,obj-c++,treelang BOOT_CFLAGS=-O2 Build Dependencies: Desired=Unknown/Install/Remove/Purge/Hold | Status=Not/Installed/Config-files/Unpacked/Failed-config/Half-installed |/ Err?=(none)/Hold/Reinst-required/X=both-problems (Status,Err: uppercase=bad) ||/ Name Version Description +++-==============-==============-============================================== ii binutils 2.17-3 The GNU assembler, linker and binary utilities Patches that Debian applied in this version: cpu-default-i486: set default 32bit ix86 architecture to i486 reporting: Add Debian URL for bug reporting instructions. gcc-ice-hack: 2004-01-23 Jakub Jelinek <jakub@redhat.com> * system.h (ICE_EXIT_CODE): Define. * gcc.c (execute): Don't free first string early, but at the end of the function. Call retry_ice if compiler exited with ICE_EXIT_CODE. (retry_ice): New function. * diagnostic.c (diagnostic_count_diagnostic, diagnostic_action_after_output, error_recursion): Exit with ICE_EXIT_CODE instead of FATAL_EXIT_CODE. multiarch-include: biarch-include.dpatch Adds biarch include directories /usr/local/include/<arch>-linux-gnu /usr/include/<arch>-linux-gnu to the system include paths, depending on 32/64 bit mode. libjava-qt-peer: Add standard C++ include directores when building the QT peer library. ada-driver-check: Simplify Ada driver check (we always build using the required Ada version. Needed for warnings on alpha. Counting all warnings, there are 0 warnings in stage3 of this bootstrap. Number of warnings per file: Number of warning types: Environment: gcc version 4.1.2 20061115 (prerelease) (Debian 4.1.1-21) binutils 2.17 Debian GNU/Linux Linux 2.6.8-2-mckinley-smp ia64 libc6.1 2.3.6.ds1-10 -- Martin Michlmayr http://www.cyrius.com/
Index Nav: | [Date Index] [Subject Index] [Author Index] [Thread Index] | |
---|---|---|
Message Nav: | [Date Prev] [Date Next] | [Thread Prev] [Thread Next] |