This is the mail archive of the
gcc-testresults@gcc.gnu.org
mailing list for the GCC project.
Results for 4.3.0 20070130 (experimental) testsuite on sparc-sun-solaris2.10
- From: "Kaveh R. GHAZI" <ghazi at caip dot rutgers dot edu>
- To: gcc-testresults at gcc dot gnu dot org
- Date: Tue, 30 Jan 2007 23:08:50 -0500 (EST)
- Subject: Results for 4.3.0 20070130 (experimental) testsuite on sparc-sun-solaris2.10
LAST_UPDATED:
Native configuration is sparc-sun-solaris2.10
=== g++ tests ===
Running target unix
FAIL: g++.dg/compat/eh/unexpected1 cp_compat_x_tst.o-cp_compat_y_tst.o execute
FAIL: g++.dg/eh/unexpected1.C execution test
WARNING: g++.dg/other/ucnid-1.C compilation failed to produce executable
FAIL: g++.dg/gomp/pr29965-2.C (internal compiler error)
FAIL: g++.dg/gomp/pr29965-2.C (test for excess errors)
FAIL: g++.old-deja/g++.eh/spec2.C execution test
FAIL: g++.old-deja/g++.mike/eh33.C execution test
FAIL: g++.old-deja/g++.mike/eh50.C execution test
FAIL: g++.old-deja/g++.mike/eh51.C execution test
XPASS: g++.old-deja/g++.other/init18.C execution test
XPASS: g++.old-deja/g++.other/init19.C execution test
=== g++ Summary ===
# of expected passes 13756
# of unexpected failures 8
# of unexpected successes 2
# of expected failures 81
# of unsupported tests 161
/tmp/kg/basel/build/gcc/testsuite/g++/../../g++ version 4.3.0 20070130 (experimental)
=== gcc tests ===
Running target unix
FAIL: gcc.c-torture/execute/mayalias-2.c compilation, -O3 -g (internal compiler error)
UNRESOLVED: gcc.c-torture/execute/mayalias-2.c execution, -O3 -g
FAIL: gcc.c-torture/execute/mayalias-3.c compilation, -O3 -g (internal compiler error)
UNRESOLVED: gcc.c-torture/execute/mayalias-3.c execution, -O3 -g
FAIL: gcc.dg/large-size-array-3.c (test for errors, line 19)
FAIL: gcc.dg/large-size-array-3.c (test for excess errors)
WARNING: gcc.dg/ucnid-2.c compilation failed to produce executable
WARNING: gcc.dg/ucnid-3.c compilation failed to produce executable
WARNING: gcc.dg/ucnid-4.c compilation failed to produce executable
FAIL: gcc.dg/gomp/pr29965-2.c (internal compiler error)
FAIL: gcc.dg/gomp/pr29965-2.c (test for excess errors)
FAIL: gcc.dg/tree-ssa/loadpre1.c scan-tree-dump-times Eliminated: 1 1
FAIL: gcc.dg/vect/vect-37.c scan-tree-dump-times vectorized 2 loops 1
FAIL: gcc.dg/vect/vect-multitypes-5.c scan-tree-dump-times vectorized 1 loops 1
FAIL: gcc.dg/vect/vect-multitypes-6.c scan-tree-dump-times vectorized 1 loops 1
FAIL: gcc.dg/vect/no-section-anchors-vect-69.c scan-tree-dump-times Alignment of access forced using peeling 3
FAIL: gcc.target/sparc/align.c (test for excess errors)
ERROR: gcc.target/sparc/align.c: error executing dg-final: couldn't open "align.s": no such file or directory
UNRESOLVED: gcc.target/sparc/align.c: error executing dg-final: couldn't open "align.s": no such file or directory
FAIL: gcc.target/sparc/combined-2.c (test for excess errors)
ERROR: gcc.target/sparc/combined-2.c: error executing dg-final: couldn't open "combined-2.s": no such file or directory
UNRESOLVED: gcc.target/sparc/combined-2.c: error executing dg-final: couldn't open "combined-2.s": no such file or directory
FAIL: gcc.target/sparc/fexpand.c (test for excess errors)
ERROR: gcc.target/sparc/fexpand.c: error executing dg-final: couldn't open "fexpand.s": no such file or directory
UNRESOLVED: gcc.target/sparc/fexpand.c: error executing dg-final: couldn't open "fexpand.s": no such file or directory
FAIL: gcc.target/sparc/fnot.c (test for excess errors)
ERROR: gcc.target/sparc/fnot.c: error executing dg-final: couldn't open "fnot.s": no such file or directory
UNRESOLVED: gcc.target/sparc/fnot.c: error executing dg-final: couldn't open "fnot.s": no such file or directory
FAIL: gcc.target/sparc/fpack16.c (test for excess errors)
ERROR: gcc.target/sparc/fpack16.c: error executing dg-final: couldn't open "fpack16.s": no such file or directory
UNRESOLVED: gcc.target/sparc/fpack16.c: error executing dg-final: couldn't open "fpack16.s": no such file or directory
FAIL: gcc.target/sparc/fpmerge.c (test for excess errors)
ERROR: gcc.target/sparc/fpmerge.c: error executing dg-final: couldn't open "fpmerge.s": no such file or directory
UNRESOLVED: gcc.target/sparc/fpmerge.c: error executing dg-final: couldn't open "fpmerge.s": no such file or directory
FAIL: gcc.target/sparc/fpmul.c (test for excess errors)
ERROR: gcc.target/sparc/fpmul.c: error executing dg-final: couldn't open "fpmul.s": no such file or directory
UNRESOLVED: gcc.target/sparc/fpmul.c: error executing dg-final: couldn't open "fpmul.s": no such file or directory
FAIL: gcc.target/sparc/noresult.c (internal compiler error)
FAIL: gcc.target/sparc/noresult.c (test for excess errors)
ERROR: gcc.target/sparc/noresult.c: error executing dg-final: couldn't open "noresult.s": no such file or directory
UNRESOLVED: gcc.target/sparc/noresult.c: error executing dg-final: couldn't open "noresult.s": no such file or directory
FAIL: gcc.target/sparc/pdist.c (test for excess errors)
ERROR: gcc.target/sparc/pdist.c: error executing dg-final: couldn't open "pdist.s": no such file or directory
UNRESOLVED: gcc.target/sparc/pdist.c: error executing dg-final: couldn't open "pdist.s": no such file or directory
=== gcc Summary ===
# of expected passes 41781
# of unexpected failures 21
# of expected failures 129
# of unresolved testcases 11
# of untested testcases 28
# of unsupported tests 466
/tmp/kg/basel/build/gcc/xgcc version 4.3.0 20070130 (experimental)
=== gfortran tests ===
Running target unix
FAIL: gfortran.dg/open_errors.f90 -O0 execution test
FAIL: gfortran.dg/open_errors.f90 -O1 execution test
FAIL: gfortran.dg/open_errors.f90 -O2 execution test
FAIL: gfortran.dg/open_errors.f90 -O3 -fomit-frame-pointer execution test
FAIL: gfortran.dg/open_errors.f90 -O3 -fomit-frame-pointer -funroll-loops execution test
FAIL: gfortran.dg/open_errors.f90 -O3 -fomit-frame-pointer -funroll-all-loops -finline-functions execution test
FAIL: gfortran.dg/open_errors.f90 -O3 -g execution test
FAIL: gfortran.dg/open_errors.f90 -Os execution test
FAIL: gfortran.dg/vect/vect-5.f90 -O scan-tree-dump-times Alignment of access forced using versioning. 3
=== gfortran Summary ===
# of expected passes 16040
# of unexpected failures 9
# of expected failures 8
# of unsupported tests 48
/tmp/kg/basel/build/gcc/testsuite/gfortran/../../gfortran version 4.3.0 20070130 (experimental)
=== obj-c++ tests ===
Running target unix
FAIL: obj-c++.dg/bitfield-1.mm (internal compiler error)
FAIL: obj-c++.dg/bitfield-1.mm (test for excess errors)
WARNING: obj-c++.dg/bitfield-1.mm compilation failed to produce executable
FAIL: obj-c++.dg/comp-types-10.mm (internal compiler error)
FAIL: obj-c++.dg/comp-types-10.mm (test for excess errors)
FAIL: obj-c++.dg/cxx-ivars-2.mm execution test
FAIL: obj-c++.dg/encode-8.mm execution test
FAIL: obj-c++.dg/gnu-runtime-2.mm (test for excess errors)
FAIL: obj-c++.dg/isa-field-1.mm (test for excess errors)
FAIL: obj-c++.dg/lookup-2.mm (test for excess errors)
WARNING: obj-c++.dg/lookup-2.mm compilation failed to produce executable
FAIL: obj-c++.dg/qual-types-1.mm (internal compiler error)
FAIL: obj-c++.dg/qual-types-1.mm (test for excess errors)
WARNING: obj-c++.dg/qual-types-1.mm compilation failed to produce executable
FAIL: obj-c++.dg/template-1.mm (internal compiler error)
FAIL: obj-c++.dg/template-1.mm (test for excess errors)
WARNING: obj-c++.dg/template-1.mm compilation failed to produce executable
FAIL: obj-c++.dg/template-3.mm (internal compiler error)
FAIL: obj-c++.dg/template-3.mm (test for excess errors)
WARNING: obj-c++.dg/template-3.mm compilation failed to produce executable
FAIL: obj-c++.dg/template-4.mm (internal compiler error)
FAIL: obj-c++.dg/template-4.mm (test for excess errors)
WARNING: obj-c++.dg/template-4.mm compilation failed to produce executable
FAIL: obj-c++.dg/try-catch-2.mm (test for excess errors)
WARNING: obj-c++.dg/try-catch-2.mm compilation failed to produce executable
FAIL: obj-c++.dg/try-catch-9.mm (internal compiler error)
FAIL: obj-c++.dg/try-catch-9.mm (test for excess errors)
WARNING: obj-c++.dg/try-catch-9.mm compilation failed to produce executable
=== obj-c++ Summary ===
# of expected passes 417
# of unexpected failures 20
# of unsupported tests 13
/tmp/kg/basel/build/gcc/testsuite/obj-c++/../../g++ version 4.3.0 20070130 (experimental)
=== objc tests ===
Running target unix
=== objc Summary ===
# of expected passes 1796
# of expected failures 7
# of unsupported tests 24
/tmp/kg/basel/build/gcc/xgcc version 4.3.0 20070130 (experimental)
=== treelang tests ===
Running target unix
=== treelang Summary ===
# of expected passes 52
=== libffi tests ===
Running target unix
=== libffi Summary ===
# of expected passes 1096
# of unsupported tests 8
=== libgomp tests ===
Running target unix
FAIL: libgomp.c++/ctor-5.C -O0 (test for excess errors)
WARNING: libgomp.c++/ctor-5.C -O0 compilation failed to produce executable
FAIL: libgomp.c++/ctor-5.C -O1 (test for excess errors)
WARNING: libgomp.c++/ctor-5.C -O1 compilation failed to produce executable
FAIL: libgomp.c++/ctor-5.C -O2 (test for excess errors)
WARNING: libgomp.c++/ctor-5.C -O2 compilation failed to produce executable
FAIL: libgomp.c++/ctor-5.C -O3 -fomit-frame-pointer (test for excess errors)
WARNING: libgomp.c++/ctor-5.C -O3 -fomit-frame-pointer compilation failed to produce executable
FAIL: libgomp.c++/ctor-5.C -O3 -fomit-frame-pointer -funroll-loops (test for excess errors)
WARNING: libgomp.c++/ctor-5.C -O3 -fomit-frame-pointer -funroll-loops compilation failed to produce executable
FAIL: libgomp.c++/ctor-5.C -O3 -fomit-frame-pointer -funroll-all-loops -finline-functions (test for excess errors)
WARNING: libgomp.c++/ctor-5.C -O3 -fomit-frame-pointer -funroll-all-loops -finline-functions compilation failed to produce executable
FAIL: libgomp.c++/ctor-5.C -O3 -g (test for excess errors)
WARNING: libgomp.c++/ctor-5.C -O3 -g compilation failed to produce executable
FAIL: libgomp.c++/ctor-5.C -Os (test for excess errors)
WARNING: libgomp.c++/ctor-5.C -Os compilation failed to produce executable
FAIL: libgomp.c++/ctor-8.C -O0 (test for excess errors)
WARNING: libgomp.c++/ctor-8.C -O0 compilation failed to produce executable
FAIL: libgomp.c++/ctor-8.C -O1 (test for excess errors)
WARNING: libgomp.c++/ctor-8.C -O1 compilation failed to produce executable
FAIL: libgomp.c++/ctor-8.C -O2 (test for excess errors)
WARNING: libgomp.c++/ctor-8.C -O2 compilation failed to produce executable
FAIL: libgomp.c++/ctor-8.C -O3 -fomit-frame-pointer (test for excess errors)
WARNING: libgomp.c++/ctor-8.C -O3 -fomit-frame-pointer compilation failed to produce executable
FAIL: libgomp.c++/ctor-8.C -O3 -fomit-frame-pointer -funroll-loops (test for excess errors)
WARNING: libgomp.c++/ctor-8.C -O3 -fomit-frame-pointer -funroll-loops compilation failed to produce executable
FAIL: libgomp.c++/ctor-8.C -O3 -fomit-frame-pointer -funroll-all-loops -finline-functions (test for excess errors)
WARNING: libgomp.c++/ctor-8.C -O3 -fomit-frame-pointer -funroll-all-loops -finline-functions compilation failed to produce executable
FAIL: libgomp.c++/ctor-8.C -O3 -g (test for excess errors)
WARNING: libgomp.c++/ctor-8.C -O3 -g compilation failed to produce executable
FAIL: libgomp.c++/ctor-8.C -Os (test for excess errors)
WARNING: libgomp.c++/ctor-8.C -Os compilation failed to produce executable
FAIL: libgomp.c++/ctor-9.C -O0 (test for excess errors)
WARNING: libgomp.c++/ctor-9.C -O0 compilation failed to produce executable
FAIL: libgomp.c++/ctor-9.C -O1 (test for excess errors)
WARNING: libgomp.c++/ctor-9.C -O1 compilation failed to produce executable
FAIL: libgomp.c++/ctor-9.C -O2 (test for excess errors)
WARNING: libgomp.c++/ctor-9.C -O2 compilation failed to produce executable
FAIL: libgomp.c++/ctor-9.C -O3 -fomit-frame-pointer (test for excess errors)
WARNING: libgomp.c++/ctor-9.C -O3 -fomit-frame-pointer compilation failed to produce executable
FAIL: libgomp.c++/ctor-9.C -O3 -fomit-frame-pointer -funroll-loops (test for excess errors)
WARNING: libgomp.c++/ctor-9.C -O3 -fomit-frame-pointer -funroll-loops compilation failed to produce executable
FAIL: libgomp.c++/ctor-9.C -O3 -fomit-frame-pointer -funroll-all-loops -finline-functions (test for excess errors)
WARNING: libgomp.c++/ctor-9.C -O3 -fomit-frame-pointer -funroll-all-loops -finline-functions compilation failed to produce executable
FAIL: libgomp.c++/ctor-9.C -O3 -g (test for excess errors)
WARNING: libgomp.c++/ctor-9.C -O3 -g compilation failed to produce executable
FAIL: libgomp.c++/ctor-9.C -Os (test for excess errors)
WARNING: libgomp.c++/ctor-9.C -Os compilation failed to produce executable
FAIL: libgomp.c++/pr26691.C -O (test for excess errors)
WARNING: libgomp.c++/pr26691.C -O compilation failed to produce executable
FAIL: libgomp.fortran/appendix-a/a.22.7.f90 -O0 (test for excess errors)
WARNING: libgomp.fortran/appendix-a/a.22.7.f90 -O0 compilation failed to produce executable
FAIL: libgomp.fortran/appendix-a/a.22.7.f90 -O1 (test for excess errors)
WARNING: libgomp.fortran/appendix-a/a.22.7.f90 -O1 compilation failed to produce executable
FAIL: libgomp.fortran/appendix-a/a.22.7.f90 -O2 (test for excess errors)
WARNING: libgomp.fortran/appendix-a/a.22.7.f90 -O2 compilation failed to produce executable
FAIL: libgomp.fortran/appendix-a/a.22.7.f90 -O3 -fomit-frame-pointer (test for excess errors)
WARNING: libgomp.fortran/appendix-a/a.22.7.f90 -O3 -fomit-frame-pointer compilation failed to produce executable
FAIL: libgomp.fortran/appendix-a/a.22.7.f90 -O3 -fomit-frame-pointer -funroll-loops (test for excess errors)
WARNING: libgomp.fortran/appendix-a/a.22.7.f90 -O3 -fomit-frame-pointer -funroll-loops compilation failed to produce executable
FAIL: libgomp.fortran/appendix-a/a.22.7.f90 -O3 -fomit-frame-pointer -funroll-all-loops -finline-functions (test for excess errors)
WARNING: libgomp.fortran/appendix-a/a.22.7.f90 -O3 -fomit-frame-pointer -funroll-all-loops -finline-functions compilation failed to produce executable
FAIL: libgomp.fortran/appendix-a/a.22.7.f90 -O3 -g (test for excess errors)
WARNING: libgomp.fortran/appendix-a/a.22.7.f90 -O3 -g compilation failed to produce executable
FAIL: libgomp.fortran/appendix-a/a.22.7.f90 -Os (test for excess errors)
WARNING: libgomp.fortran/appendix-a/a.22.7.f90 -Os compilation failed to produce executable
FAIL: libgomp.fortran/omp_parse3.f90 -O0 (test for excess errors)
WARNING: libgomp.fortran/omp_parse3.f90 -O0 compilation failed to produce executable
FAIL: libgomp.fortran/omp_parse3.f90 -O1 (test for excess errors)
WARNING: libgomp.fortran/omp_parse3.f90 -O1 compilation failed to produce executable
FAIL: libgomp.fortran/omp_parse3.f90 -O2 (test for excess errors)
WARNING: libgomp.fortran/omp_parse3.f90 -O2 compilation failed to produce executable
FAIL: libgomp.fortran/omp_parse3.f90 -O3 -fomit-frame-pointer (test for excess errors)
WARNING: libgomp.fortran/omp_parse3.f90 -O3 -fomit-frame-pointer compilation failed to produce executable
FAIL: libgomp.fortran/omp_parse3.f90 -O3 -fomit-frame-pointer -funroll-loops (test for excess errors)
WARNING: libgomp.fortran/omp_parse3.f90 -O3 -fomit-frame-pointer -funroll-loops compilation failed to produce executable
FAIL: libgomp.fortran/omp_parse3.f90 -O3 -fomit-frame-pointer -funroll-all-loops -finline-functions (test for excess errors)
WARNING: libgomp.fortran/omp_parse3.f90 -O3 -fomit-frame-pointer -funroll-all-loops -finline-functions compilation failed to produce executable
FAIL: libgomp.fortran/omp_parse3.f90 -O3 -g (test for excess errors)
WARNING: libgomp.fortran/omp_parse3.f90 -O3 -g compilation failed to produce executable
FAIL: libgomp.fortran/omp_parse3.f90 -Os (test for excess errors)
WARNING: libgomp.fortran/omp_parse3.f90 -Os compilation failed to produce executable
FAIL: libgomp.fortran/threadprivate2.f90 -O0 (test for excess errors)
WARNING: libgomp.fortran/threadprivate2.f90 -O0 compilation failed to produce executable
FAIL: libgomp.fortran/threadprivate2.f90 -O1 (test for excess errors)
WARNING: libgomp.fortran/threadprivate2.f90 -O1 compilation failed to produce executable
FAIL: libgomp.fortran/threadprivate2.f90 -O2 (test for excess errors)
WARNING: libgomp.fortran/threadprivate2.f90 -O2 compilation failed to produce executable
FAIL: libgomp.fortran/threadprivate2.f90 -O3 -fomit-frame-pointer (test for excess errors)
WARNING: libgomp.fortran/threadprivate2.f90 -O3 -fomit-frame-pointer compilation failed to produce executable
FAIL: libgomp.fortran/threadprivate2.f90 -O3 -fomit-frame-pointer -funroll-loops (test for excess errors)
WARNING: libgomp.fortran/threadprivate2.f90 -O3 -fomit-frame-pointer -funroll-loops compilation failed to produce executable
FAIL: libgomp.fortran/threadprivate2.f90 -O3 -fomit-frame-pointer -funroll-all-loops -finline-functions (test for excess errors)
WARNING: libgomp.fortran/threadprivate2.f90 -O3 -fomit-frame-pointer -funroll-all-loops -finline-functions compilation failed to produce executable
FAIL: libgomp.fortran/threadprivate2.f90 -O3 -g (test for excess errors)
WARNING: libgomp.fortran/threadprivate2.f90 -O3 -g compilation failed to produce executable
FAIL: libgomp.fortran/threadprivate2.f90 -Os (test for excess errors)
WARNING: libgomp.fortran/threadprivate2.f90 -Os compilation failed to produce executable
FAIL: libgomp.fortran/threadprivate3.f90 -O0 (test for excess errors)
WARNING: libgomp.fortran/threadprivate3.f90 -O0 compilation failed to produce executable
FAIL: libgomp.fortran/threadprivate3.f90 -O1 (test for excess errors)
WARNING: libgomp.fortran/threadprivate3.f90 -O1 compilation failed to produce executable
FAIL: libgomp.fortran/threadprivate3.f90 -O2 (test for excess errors)
WARNING: libgomp.fortran/threadprivate3.f90 -O2 compilation failed to produce executable
FAIL: libgomp.fortran/threadprivate3.f90 -O3 -fomit-frame-pointer (test for excess errors)
WARNING: libgomp.fortran/threadprivate3.f90 -O3 -fomit-frame-pointer compilation failed to produce executable
FAIL: libgomp.fortran/threadprivate3.f90 -O3 -fomit-frame-pointer -funroll-loops (test for excess errors)
WARNING: libgomp.fortran/threadprivate3.f90 -O3 -fomit-frame-pointer -funroll-loops compilation failed to produce executable
FAIL: libgomp.fortran/threadprivate3.f90 -O3 -fomit-frame-pointer -funroll-all-loops -finline-functions (test for excess errors)
WARNING: libgomp.fortran/threadprivate3.f90 -O3 -fomit-frame-pointer -funroll-all-loops -finline-functions compilation failed to produce executable
FAIL: libgomp.fortran/threadprivate3.f90 -O3 -g (test for excess errors)
WARNING: libgomp.fortran/threadprivate3.f90 -O3 -g compilation failed to produce executable
FAIL: libgomp.fortran/threadprivate3.f90 -Os (test for excess errors)
WARNING: libgomp.fortran/threadprivate3.f90 -Os compilation failed to produce executable
=== libgomp Summary ===
# of expected passes 1422
# of unexpected failures 57
# of unsupported tests 7
=== libjava tests ===
Running target unix
FAIL: getstacktrace run
FAIL: events output
FAIL: FileHandleGcTest execution - source compiled test
FAIL: FileHandleGcTest -findirect-dispatch execution - source compiled test
FAIL: FileHandleGcTest -O3 execution - source compiled test
FAIL: FileHandleGcTest -O3 -findirect-dispatch execution - source compiled test
FAIL: PR27908 -findirect-dispatch execution - source compiled test
FAIL: PR27908 -O3 execution - source compiled test
FAIL: PR27908 -O3 -findirect-dispatch execution - source compiled test
WARNING: program timed out.
FAIL: Process_1 -findirect-dispatch execution - source compiled test
WARNING: program timed out.
FAIL: Process_1 -O3 -findirect-dispatch execution - source compiled test
WARNING: program timed out.
FAIL: Process_2 -findirect-dispatch execution - source compiled test
WARNING: program timed out.
FAIL: Process_2 -O3 -findirect-dispatch execution - source compiled test
WARNING: program timed out.
FAIL: Process_3 -findirect-dispatch execution - source compiled test
WARNING: program timed out.
FAIL: Process_3 -O3 -findirect-dispatch execution - source compiled test
WARNING: program timed out.
FAIL: Process_4 -findirect-dispatch execution - source compiled test
WARNING: program timed out.
FAIL: Process_4 -O3 -findirect-dispatch execution - source compiled test
WARNING: program timed out.
FAIL: Process_5 -findirect-dispatch execution - source compiled test
WARNING: program timed out.
FAIL: Process_5 -O3 -findirect-dispatch execution - source compiled test
=== libjava Summary ===
# of expected passes 2436
# of unexpected failures 19
# of untested testcases 18
=== libstdc++ tests ===
Running target unix
XPASS: 27_io/basic_istream/extractors_arithmetic/char/12.cc execution test
XPASS: 27_io/basic_istream/extractors_arithmetic/wchar_t/12.cc execution test
FAIL: 27_io/ios_base/storage/2.cc execution test
FAIL: ext/enc_filebuf/char/13598.cc execution test
=== libstdc++ Summary ===
# of expected passes 3831
# of unexpected failures 2
# of unexpected successes 2
# of expected failures 15
# of unsupported tests 322
Compiler version: 4.3.0 20070130 (experimental)
Platform: sparc-sun-solaris2.10
configure flags: --verbose --with-local-prefix=/usr/local/gnu --without-libiconv-prefix --with-mpfr=/caip/u12/kishgcc/gcc-testing/421-221/_gmp --enable-languages=c,c++,fortran,java,objc,obj-c++,treelang