This is the mail archive of the
gcc-testresults@gcc.gnu.org
mailing list for the GCC project.
Results for 4.3.0 20070121 (experimental) testsuite on i686-apple-darwin9
- From: mrs at apple dot com (Mike Stump)
- To: gcc-testresults at gcc dot gnu dot org
- Date: Sun, 21 Jan 2007 14:01:56 -0800 (PST)
- Subject: Results for 4.3.0 20070121 (experimental) testsuite on i686-apple-darwin9
LAST_UPDATED: Sun Jan 21 17:13:31 UTC 2007 (revision 121033M)
Native configuration is i686-apple-darwin9
=== g++ tests ===
Running target unix
FAIL: tmpdir-g++.dg-struct-layout-1/t026 cp_compat_x_tst.o-cp_compat_y_tst.o execute
FAIL: g++.dg/ext/visibility/class1.C scan-assembler InitEv@PLT
FAIL: g++.dg/other/unused1.C scan-assembler (string|ascii?)z?\\t"class2("|\\\\\\\\000)
FAIL: g++.dg/other/unused1.C scan-assembler (string|ascii?)z?\\t"printer("|\\\\\\\\000)
XPASS: g++.dg/tree-ssa/ivopts-1.C scan-tree-dump-not offset: -4B
XPASS: g++.dg/tree-ssa/ivopts-1.C scan-tree-dump-not &x\\[5\\]
FAIL: g++.dg/warn/weak1.C (test for excess errors)
WARNING: g++.dg/warn/weak1.C compilation failed to produce executable
ERROR: g++.dg/gomp/macro-3.C: error executing dg-final: couldn't open "macro-3.C.010t.omplower macro-3.C.019t.omplower": no such file or directory
UNRESOLVED: g++.dg/gomp/macro-3.C: error executing dg-final: couldn't open "macro-3.C.010t.omplower macro-3.C.019t.omplower": no such file or directory
FAIL: g++.dg/special/conpr-3.C execution test
=== g++ Summary ===
# of expected passes 13835
# of unexpected failures 6
# of unexpected successes 2
# of expected failures 79
# of unresolved testcases 1
# of unsupported tests 109
/Volumes/mrs5/net/gcc-darwinO2/gcc/testsuite/g++/../../g++ version 4.3.0 20070121 (experimental)
=== gcc tests ===
Running target unix
FAIL: gcc.c-torture/execute/mayalias-2.c compilation, -O3 -g (internal compiler error)
UNRESOLVED: gcc.c-torture/execute/mayalias-2.c execution, -O3 -g
FAIL: gcc.c-torture/execute/mayalias-3.c compilation, -O3 -g (internal compiler error)
UNRESOLVED: gcc.c-torture/execute/mayalias-3.c execution, -O3 -g
FAIL: gcc.dg/builtin-apply4.c execution test
FAIL: gcc.dg/builtins-1.c (internal compiler error)
FAIL: gcc.dg/builtins-1.c (test for excess errors)
ERROR: gcc.dg/builtins-1.c: error executing dg-final: couldn't open "builtins-1.s": no such file or directory
UNRESOLVED: gcc.dg/builtins-1.c: error executing dg-final: couldn't open "builtins-1.s": no such file or directory
FAIL: gcc.dg/builtins-59.c (internal compiler error)
FAIL: gcc.dg/builtins-59.c (test for excess errors)
FAIL: gcc.dg/builtins-61.c (internal compiler error)
FAIL: gcc.dg/builtins-61.c (test for excess errors)
FAIL: gcc.dg/builtins-61.c scan-tree-dump sin
FAIL: gcc.dg/builtins-61.c scan-tree-dump cos
FAIL: gcc.dg/setjmp-3.c (test for excess errors)
FAIL: gcc.dg/setjmp-4.c (test for excess errors)
FAIL: gcc.dg/sibcall-6.c execution test
ERROR: gcc.dg/gomp/macro-3.c: error executing dg-final: couldn't open "macro-3.c.010t.omplower macro-3.c.019t.omplower": no such file or directory
UNRESOLVED: gcc.dg/gomp/macro-3.c: error executing dg-final: couldn't open "macro-3.c.010t.omplower macro-3.c.019t.omplower": no such file or directory
FAIL: gcc.dg/ipa/ipa-1.c (internal compiler error)
FAIL: gcc.dg/ipa/ipa-1.c (test for excess errors)
FAIL: gcc.dg/ipa/ipa-1.c scan-ipa-dump-times versioned function 2
FAIL: gcc.dg/ipa/ipa-1.c scan-ipa-dump-times propagating const 2
FAIL: gcc.dg/ipa/ipa-2.c (internal compiler error)
FAIL: gcc.dg/ipa/ipa-2.c (test for excess errors)
FAIL: gcc.dg/ipa/ipa-3.c (internal compiler error)
FAIL: gcc.dg/ipa/ipa-3.c (test for excess errors)
FAIL: gcc.dg/ipa/ipa-3.c scan-ipa-dump-times propagating const 3
FAIL: gcc.dg/ipa/ipa-4.c (internal compiler error)
FAIL: gcc.dg/ipa/ipa-4.c (test for excess errors)
FAIL: gcc.dg/ipa/ipa-5.c (internal compiler error)
FAIL: gcc.dg/ipa/ipa-5.c (test for excess errors)
FAIL: gcc.dg/ipa/ipa-6.c (internal compiler error)
FAIL: gcc.dg/ipa/ipa-6.c (test for excess errors)
FAIL: gcc.dg/torture/builtin-pow-mpfr-1.c -O0 scan-tree-dump pow
FAIL: gcc.dg/torture/builtin-pow-mpfr-1.c -O1 scan-tree-dump pow
FAIL: gcc.dg/torture/builtin-pow-mpfr-1.c -O2 scan-tree-dump pow
FAIL: gcc.dg/torture/builtin-pow-mpfr-1.c -O3 -fomit-frame-pointer scan-tree-dump pow
FAIL: gcc.dg/torture/builtin-pow-mpfr-1.c -O3 -g scan-tree-dump pow
FAIL: gcc.dg/torture/builtin-pow-mpfr-1.c -Os scan-tree-dump pow
FAIL: gcc.dg/torture/builtin-sin-mpfr-1.c -O0 (test for excess errors)
FAIL: gcc.dg/torture/builtin-sin-mpfr-1.c -O1 (test for excess errors)
FAIL: gcc.dg/torture/builtin-sin-mpfr-1.c -O2 (test for excess errors)
FAIL: gcc.dg/torture/builtin-sin-mpfr-1.c -O3 -fomit-frame-pointer (test for excess errors)
FAIL: gcc.dg/torture/builtin-sin-mpfr-1.c -O3 -fomit-frame-pointer -funroll-loops (test for excess errors)
FAIL: gcc.dg/torture/builtin-sin-mpfr-1.c -O3 -fomit-frame-pointer -funroll-all-loops -finline-functions (test for excess errors)
FAIL: gcc.dg/torture/builtin-sin-mpfr-1.c -O3 -g (test for excess errors)
FAIL: gcc.dg/torture/builtin-sin-mpfr-1.c -Os (test for excess errors)
WARNING: program timed out.
FAIL: gcc.dg/tree-ssa/flatten-2.c (test for excess errors)
ERROR: gcc.dg/tree-ssa/flatten-2.c: error executing dg-final: couldn't open "flatten-2.s": no such file or directory
UNRESOLVED: gcc.dg/tree-ssa/flatten-2.c: error executing dg-final: couldn't open "flatten-2.s": no such file or directory
FAIL: gcc.dg/tree-ssa/gen-vect-11b.c scan-tree-dump-times vectorized 0 loops 1
FAIL: gcc.dg/tree-ssa/gen-vect-11c.c scan-tree-dump-times vectorized 0 loops 1
FAIL: gcc.dg/tree-ssa/loadpre1.c scan-tree-dump-times Eliminated: 1 1
FAIL: gcc.dg/tree-ssa/loop-19.c scan-tree-dump-times MEM.(base: &|symbol: )a, 2
FAIL: gcc.dg/tree-ssa/loop-19.c scan-tree-dump-times MEM.(base: &|symbol: )c, 2
ERROR: gcc.dg/tree-ssa/ssa-dse-9.c: error executing dg-final: couldn't open "ssa-dse-9.c.057t.dse1 ssa-dse-9.c.059t.dse1 ssa-dse-9.c.071t.dse1": no such file or directory
UNRESOLVED: gcc.dg/tree-ssa/ssa-dse-9.c: error executing dg-final: couldn't open "ssa-dse-9.c.057t.dse1 ssa-dse-9.c.059t.dse1 ssa-dse-9.c.071t.dse1": no such file or directory
XPASS: gcc.dg/vect/vect-57.c scan-tree-dump-times vectorized 1 loops 1
XPASS: gcc.dg/vect/vect-61.c scan-tree-dump-times vectorized 1 loops 1
FAIL: gcc.target/i386/980211-1.c (test for excess errors)
FAIL: gcc.target/i386/local2.c scan-assembler-not sub[^\\\\n]*sp
FAIL: gcc.target/i386/pow-1.c scan-assembler-not call
FAIL: gcc.target/i386/pr21291.c (test for excess errors)
FAIL: gcc.target/i386/ssefn-1.c scan-assembler-not movsd
FAIL: gcc.target/i386/ssefn-1.c scan-assembler-not mulsd
ERROR: gcc.target/i386/vectorize1.c: error executing dg-final: couldn't open "vectorize1.c.080t.vect vectorize1.c.082t.vect vectorize1.c.094t.vect": no such file or directory
UNRESOLVED: gcc.target/i386/vectorize1.c: error executing dg-final: couldn't open "vectorize1.c.080t.vect vectorize1.c.082t.vect vectorize1.c.094t.vect": no such file or directory
=== gcc Summary ===
# of expected passes 42560
# of unexpected failures 55
# of unexpected successes 2
# of expected failures 107
# of unresolved testcases 7
# of untested testcases 28
# of unsupported tests 396
/Volumes/mrs5/net/gcc-darwinO2/gcc/xgcc version 4.3.0 20070121 (experimental)
=== gfortran tests ===
Running target unix
FAIL: gfortran.dg/record_marker_3.f90 -O0 execution test
FAIL: gfortran.dg/record_marker_3.f90 -O1 execution test
FAIL: gfortran.dg/record_marker_3.f90 -O2 execution test
FAIL: gfortran.dg/record_marker_3.f90 -O3 -fomit-frame-pointer execution test
FAIL: gfortran.dg/record_marker_3.f90 -O3 -fomit-frame-pointer -funroll-loops execution test
FAIL: gfortran.dg/record_marker_3.f90 -O3 -fomit-frame-pointer -funroll-all-loops -finline-functions execution test
FAIL: gfortran.dg/record_marker_3.f90 -O3 -g execution test
FAIL: gfortran.dg/record_marker_3.f90 -Os execution test
FAIL: gfortran.dg/stat_1.f90 -O0 execution test
FAIL: gfortran.dg/stat_1.f90 -O1 execution test
FAIL: gfortran.dg/stat_1.f90 -O2 execution test
FAIL: gfortran.dg/stat_1.f90 -O3 -fomit-frame-pointer execution test
FAIL: gfortran.dg/stat_1.f90 -O3 -fomit-frame-pointer -funroll-loops execution test
FAIL: gfortran.dg/stat_1.f90 -O3 -fomit-frame-pointer -funroll-all-loops -finline-functions execution test
FAIL: gfortran.dg/stat_1.f90 -O3 -g execution test
FAIL: gfortran.dg/stat_1.f90 -Os execution test
FAIL: gfortran.dg/stat_2.f90 -O0 execution test
FAIL: gfortran.dg/stat_2.f90 -O1 execution test
FAIL: gfortran.dg/stat_2.f90 -O2 execution test
FAIL: gfortran.dg/stat_2.f90 -O3 -fomit-frame-pointer execution test
FAIL: gfortran.dg/stat_2.f90 -O3 -fomit-frame-pointer -funroll-loops execution test
FAIL: gfortran.dg/stat_2.f90 -O3 -fomit-frame-pointer -funroll-all-loops -finline-functions execution test
FAIL: gfortran.dg/stat_2.f90 -O3 -g execution test
FAIL: gfortran.dg/stat_2.f90 -Os execution test
FAIL: gfortran.dg/unformatted_subrecord_1.f90 -O0 execution test
FAIL: gfortran.dg/unformatted_subrecord_1.f90 -O1 execution test
FAIL: gfortran.dg/unformatted_subrecord_1.f90 -O2 execution test
FAIL: gfortran.dg/unformatted_subrecord_1.f90 -O3 -fomit-frame-pointer execution test
FAIL: gfortran.dg/unformatted_subrecord_1.f90 -O3 -fomit-frame-pointer -funroll-loops execution test
FAIL: gfortran.dg/unformatted_subrecord_1.f90 -O3 -fomit-frame-pointer -funroll-all-loops -finline-functions execution test
FAIL: gfortran.dg/unformatted_subrecord_1.f90 -O3 -g execution test
FAIL: gfortran.dg/unformatted_subrecord_1.f90 -Os execution test
=== gfortran Summary ===
# of expected passes 15878
# of unexpected failures 32
# of expected failures 7
# of unsupported tests 38
/Volumes/mrs5/net/gcc-darwinO2/gcc/testsuite/gfortran/../../gfortran version 4.3.0 20070121 (experimental)
=== obj-c++ tests ===
Running target unix
FAIL: obj-c++.dg/gnu-runtime-2.mm (test for excess errors)
FAIL: obj-c++.dg/qual-types-1.mm (internal compiler error)
FAIL: obj-c++.dg/qual-types-1.mm (test for excess errors)
WARNING: obj-c++.dg/qual-types-1.mm compilation failed to produce executable
FAIL: obj-c++.dg/stubify-1.mm (test for excess errors)
ERROR: obj-c++.dg/stubify-1.mm: error executing dg-final: couldn't open "stubify-1.s": no such file or directory
UNRESOLVED: obj-c++.dg/stubify-1.mm: error executing dg-final: couldn't open "stubify-1.s": no such file or directory
FAIL: obj-c++.dg/stubify-2.mm (test for excess errors)
ERROR: obj-c++.dg/stubify-2.mm: error executing dg-final: couldn't open "stubify-2.mm.08.jump": no such file or directory
UNRESOLVED: obj-c++.dg/stubify-2.mm: error executing dg-final: couldn't open "stubify-2.mm.08.jump": no such file or directory
FAIL: obj-c++.dg/template-1.mm (internal compiler error)
FAIL: obj-c++.dg/template-1.mm (test for excess errors)
WARNING: obj-c++.dg/template-1.mm compilation failed to produce executable
FAIL: obj-c++.dg/template-3.mm (internal compiler error)
FAIL: obj-c++.dg/template-3.mm (test for excess errors)
WARNING: obj-c++.dg/template-3.mm compilation failed to produce executable
FAIL: obj-c++.dg/template-4.mm (internal compiler error)
FAIL: obj-c++.dg/template-4.mm (test for excess errors)
WARNING: obj-c++.dg/template-4.mm compilation failed to produce executable
=== obj-c++ Summary ===
# of expected passes 452
# of unexpected failures 11
# of unresolved testcases 2
/Volumes/mrs5/net/gcc-darwinO2/gcc/testsuite/obj-c++/../../g++ version 4.3.0 20070121 (experimental)
=== objc tests ===
Running target unix
FAIL: objc.dg/no-extra-load.m (test for excess errors)
ERROR: objc.dg/no-extra-load.m: error executing dg-final: couldn't open "no-extra-load.s": no such file or directory
UNRESOLVED: objc.dg/no-extra-load.m: error executing dg-final: couldn't open "no-extra-load.s": no such file or directory
FAIL: objc.dg/stret-2.m scan-assembler objc_msgSend_stret
FAIL: objc.dg/stret-2.m scan-assembler-not objc_msgSend[^_S]
FAIL: objc.dg/stret-2.m scan-assembler-not objc_msgSendSuper[^_]
FAIL: objc.dg/stubify-1.m (test for excess errors)
ERROR: objc.dg/stubify-1.m: error executing dg-final: couldn't open "stubify-1.s": no such file or directory
UNRESOLVED: objc.dg/stubify-1.m: error executing dg-final: couldn't open "stubify-1.s": no such file or directory
FAIL: objc.dg/stubify-2.m (test for excess errors)
ERROR: objc.dg/stubify-2.m: error executing dg-final: no files matched glob pattern "stubify-2.m.[0-9][0-9][0-9]r.jump"
UNRESOLVED: objc.dg/stubify-2.m: error executing dg-final: no files matched glob pattern "stubify-2.m.[0-9][0-9][0-9]r.jump"
FAIL: objc.dg/symtab-1.m scan-assembler L_OBJC_SYMBOLS.*:\\n\\t.long\\t0\\n\\t.long\\t0\\n\\t.short\\t2\\n\\t.short\\t0\\n\\t.long\\tL_OBJC_CLASS_Derived.*\\n\\t.long\\tL_OBJC_CLASS_Base.*\\n
=== objc Summary ===
# of expected passes 3012
# of unexpected failures 7
# of expected failures 7
# of unresolved testcases 3
# of unsupported tests 2
/Volumes/mrs5/net/gcc-darwinO2/gcc/xgcc version 4.3.0 20070121 (experimental)
=== treelang tests ===
Running target unix
=== treelang Summary ===
# of expected passes 52
=== libffi tests ===
Running target unix
=== libffi Summary ===
# of expected passes 1096
# of unsupported tests 8
=== libgomp tests ===
Running target unix
FAIL: libgomp.c++/ctor-1.C -O0 (test for excess errors)
FAIL: libgomp.c++/ctor-1.C -O1 (test for excess errors)
FAIL: libgomp.c++/ctor-1.C -O2 (test for excess errors)
FAIL: libgomp.c++/ctor-1.C -O3 -fomit-frame-pointer (test for excess errors)
FAIL: libgomp.c++/ctor-1.C -O3 -fomit-frame-pointer -funroll-loops (test for excess errors)
FAIL: libgomp.c++/ctor-1.C -O3 -fomit-frame-pointer -funroll-all-loops -finline-functions (test for excess errors)
FAIL: libgomp.c++/ctor-1.C -O3 -g (test for excess errors)
FAIL: libgomp.c++/ctor-1.C -Os (test for excess errors)
FAIL: libgomp.c++/ctor-2.C -O0 (test for excess errors)
FAIL: libgomp.c++/ctor-2.C -O1 (test for excess errors)
FAIL: libgomp.c++/ctor-2.C -O2 (test for excess errors)
FAIL: libgomp.c++/ctor-2.C -O3 -fomit-frame-pointer (test for excess errors)
FAIL: libgomp.c++/ctor-2.C -O3 -fomit-frame-pointer -funroll-loops (test for excess errors)
FAIL: libgomp.c++/ctor-2.C -O3 -fomit-frame-pointer -funroll-all-loops -finline-functions (test for excess errors)
FAIL: libgomp.c++/ctor-2.C -O3 -g (test for excess errors)
FAIL: libgomp.c++/ctor-2.C -Os (test for excess errors)
FAIL: libgomp.c++/ctor-3.C -O0 (test for excess errors)
FAIL: libgomp.c++/ctor-3.C -O1 (test for excess errors)
FAIL: libgomp.c++/ctor-3.C -O2 (test for excess errors)
FAIL: libgomp.c++/ctor-3.C -O3 -fomit-frame-pointer (test for excess errors)
FAIL: libgomp.c++/ctor-3.C -O3 -fomit-frame-pointer -funroll-loops (test for excess errors)
FAIL: libgomp.c++/ctor-3.C -O3 -fomit-frame-pointer -funroll-all-loops -finline-functions (test for excess errors)
FAIL: libgomp.c++/ctor-3.C -O3 -g (test for excess errors)
FAIL: libgomp.c++/ctor-3.C -Os (test for excess errors)
FAIL: libgomp.c++/ctor-4.C -O0 (test for excess errors)
FAIL: libgomp.c++/ctor-4.C -O1 (test for excess errors)
FAIL: libgomp.c++/ctor-4.C -O2 (test for excess errors)
FAIL: libgomp.c++/ctor-4.C -O3 -fomit-frame-pointer (test for excess errors)
FAIL: libgomp.c++/ctor-4.C -O3 -fomit-frame-pointer -funroll-loops (test for excess errors)
FAIL: libgomp.c++/ctor-4.C -O3 -fomit-frame-pointer -funroll-all-loops -finline-functions (test for excess errors)
FAIL: libgomp.c++/ctor-4.C -O3 -g (test for excess errors)
FAIL: libgomp.c++/ctor-4.C -Os (test for excess errors)
FAIL: libgomp.c++/ctor-6.C -O0 (test for excess errors)
FAIL: libgomp.c++/ctor-6.C -O1 (test for excess errors)
FAIL: libgomp.c++/ctor-6.C -O2 (test for excess errors)
FAIL: libgomp.c++/ctor-6.C -O3 -fomit-frame-pointer (test for excess errors)
FAIL: libgomp.c++/ctor-6.C -O3 -fomit-frame-pointer -funroll-loops (test for excess errors)
FAIL: libgomp.c++/ctor-6.C -O3 -fomit-frame-pointer -funroll-all-loops -finline-functions (test for excess errors)
FAIL: libgomp.c++/ctor-6.C -O3 -g (test for excess errors)
FAIL: libgomp.c++/ctor-6.C -Os (test for excess errors)
FAIL: libgomp.c++/ctor-7.C -O0 (test for excess errors)
FAIL: libgomp.c++/ctor-7.C -O1 (test for excess errors)
FAIL: libgomp.c++/ctor-7.C -O2 (test for excess errors)
FAIL: libgomp.c++/ctor-7.C -O3 -fomit-frame-pointer (test for excess errors)
FAIL: libgomp.c++/ctor-7.C -O3 -fomit-frame-pointer -funroll-loops (test for excess errors)
FAIL: libgomp.c++/ctor-7.C -O3 -fomit-frame-pointer -funroll-all-loops -finline-functions (test for excess errors)
FAIL: libgomp.c++/ctor-7.C -O3 -g (test for excess errors)
FAIL: libgomp.c++/ctor-7.C -Os (test for excess errors)
FAIL: libgomp.c++/loop-1.C -O (test for excess errors)
FAIL: libgomp.c++/loop-2.C -O (test for excess errors)
FAIL: libgomp.c++/loop-3.C -O (test for excess errors)
FAIL: libgomp.c++/loop-4.C -O (test for excess errors)
FAIL: libgomp.c++/loop-5.C -O (test for excess errors)
FAIL: libgomp.c++/loop-6.C -O0 (test for excess errors)
FAIL: libgomp.c++/loop-6.C -O1 (test for excess errors)
FAIL: libgomp.c++/loop-6.C -O2 (test for excess errors)
FAIL: libgomp.c++/loop-6.C -O3 -fomit-frame-pointer (test for excess errors)
FAIL: libgomp.c++/loop-6.C -O3 -fomit-frame-pointer -funroll-loops (test for excess errors)
FAIL: libgomp.c++/loop-6.C -O3 -fomit-frame-pointer -funroll-all-loops -finline-functions (test for excess errors)
FAIL: libgomp.c++/loop-6.C -O3 -g (test for excess errors)
FAIL: libgomp.c++/loop-6.C -Os (test for excess errors)
FAIL: libgomp.c++/loop-7.C -O0 (test for excess errors)
FAIL: libgomp.c++/loop-7.C -O1 (test for excess errors)
FAIL: libgomp.c++/loop-7.C -O2 (test for excess errors)
FAIL: libgomp.c++/loop-7.C -O3 -fomit-frame-pointer (test for excess errors)
FAIL: libgomp.c++/loop-7.C -O3 -fomit-frame-pointer -funroll-loops (test for excess errors)
FAIL: libgomp.c++/loop-7.C -O3 -fomit-frame-pointer -funroll-all-loops -finline-functions (test for excess errors)
FAIL: libgomp.c++/loop-7.C -O3 -g (test for excess errors)
FAIL: libgomp.c++/loop-7.C -Os (test for excess errors)
FAIL: libgomp.c++/master-1.C -O0 (test for excess errors)
FAIL: libgomp.c++/master-1.C -O1 (test for excess errors)
FAIL: libgomp.c++/master-1.C -O2 (test for excess errors)
FAIL: libgomp.c++/master-1.C -O3 -fomit-frame-pointer (test for excess errors)
FAIL: libgomp.c++/master-1.C -O3 -fomit-frame-pointer -funroll-loops (test for excess errors)
FAIL: libgomp.c++/master-1.C -O3 -fomit-frame-pointer -funroll-all-loops -finline-functions (test for excess errors)
FAIL: libgomp.c++/master-1.C -O3 -g (test for excess errors)
FAIL: libgomp.c++/master-1.C -Os (test for excess errors)
FAIL: libgomp.c++/nested-1.C -O0 (test for excess errors)
FAIL: libgomp.c++/nested-1.C -O1 (test for excess errors)
FAIL: libgomp.c++/nested-1.C -O2 (test for excess errors)
FAIL: libgomp.c++/nested-1.C -O3 -fomit-frame-pointer (test for excess errors)
FAIL: libgomp.c++/nested-1.C -O3 -fomit-frame-pointer -funroll-loops (test for excess errors)
FAIL: libgomp.c++/nested-1.C -O3 -fomit-frame-pointer -funroll-all-loops -finline-functions (test for excess errors)
FAIL: libgomp.c++/nested-1.C -O3 -g (test for excess errors)
FAIL: libgomp.c++/nested-1.C -Os (test for excess errors)
FAIL: libgomp.c++/parallel-1.C -O (test for excess errors)
FAIL: libgomp.c++/pr26691.C -O (test for excess errors)
WARNING: libgomp.c++/pr26691.C -O compilation failed to produce executable
FAIL: libgomp.c++/pr26943.C -O0 (test for excess errors)
FAIL: libgomp.c++/pr26943.C -O1 (test for excess errors)
FAIL: libgomp.c++/pr26943.C -O2 (test for excess errors)
FAIL: libgomp.c++/pr26943.C -O3 -fomit-frame-pointer (test for excess errors)
FAIL: libgomp.c++/pr26943.C -O3 -fomit-frame-pointer -funroll-loops (test for excess errors)
FAIL: libgomp.c++/pr26943.C -O3 -fomit-frame-pointer -funroll-all-loops -finline-functions (test for excess errors)
FAIL: libgomp.c++/pr26943.C -O3 -g (test for excess errors)
FAIL: libgomp.c++/pr26943.C -Os (test for excess errors)
FAIL: libgomp.c++/pr27337.C -O0 (test for excess errors)
FAIL: libgomp.c++/pr27337.C -O1 (test for excess errors)
FAIL: libgomp.c++/pr27337.C -O2 (test for excess errors)
FAIL: libgomp.c++/pr27337.C -O3 -fomit-frame-pointer (test for excess errors)
FAIL: libgomp.c++/pr27337.C -O3 -fomit-frame-pointer -funroll-loops (test for excess errors)
FAIL: libgomp.c++/pr27337.C -O3 -fomit-frame-pointer -funroll-all-loops -finline-functions (test for excess errors)
FAIL: libgomp.c++/pr27337.C -O3 -g (test for excess errors)
FAIL: libgomp.c++/pr27337.C -Os (test for excess errors)
FAIL: libgomp.c++/reduction-1.C -O (test for excess errors)
FAIL: libgomp.c++/reduction-2.C -O (test for excess errors)
FAIL: libgomp.c++/reduction-3.C -O (test for excess errors)
FAIL: libgomp.c++/sections-1.C -O (test for excess errors)
FAIL: libgomp.c++/shared-1.C -O (test for excess errors)
FAIL: libgomp.c++/shared-2.C -O (test for excess errors)
FAIL: libgomp.c++/single-1.C -O (test for excess errors)
FAIL: libgomp.c++/single-2.C -O (test for excess errors)
FAIL: libgomp.c++/single-3.C -O (test for excess errors)
=== libgomp Summary ===
# of expected passes 1215
# of unexpected failures 112
# of unsupported tests 111
=== libjava tests ===
Running target unix
=== libstdc++ tests ===
Running target unix
XPASS: 21_strings/basic_string/element_access/char/21674.cc execution test
XPASS: 21_strings/basic_string/element_access/wchar_t/21674.cc execution test
XPASS: 26_numerics/cmath/c99_classification_macros_c.cc (test for excess errors)
FAIL: 26_numerics/complex/13450.cc execution test
FAIL: 26_numerics/complex/complex_value.cc execution test
FAIL: ext/mt_allocator/deallocate_local_thread-5.cc execution test
FAIL: ext/mt_allocator/deallocate_local_thread-7.cc execution test
=== libstdc++ Summary ===
# of expected passes 3833
# of unexpected failures 4
# of unexpected successes 3
# of expected failures 13
# of unsupported tests 318
Compiler version: 4.3.0 20070121 (experimental)
Platform: i686-apple-darwin9
configure flags: --with-arch=nocona --with-tune=generic --prefix=/tmp/gcc-20061113 --build=i686-apple-darwin9 --host=i686-apple-darwin9 --enable-languages=c,c++,fortran,java,objc,obj-c++,treelang
BOOT_CFLAGS=-O2 -g -fomit-frame-pointer