This is the mail archive of the
gcc-testresults@gcc.gnu.org
mailing list for the GCC project.
Results for 4.3.0 20070118 (experimental) gcc testsuite on avr-unknown-none
- From: mstein at phenix dot rootshell dot be (mstein)
- To: gcc-testresults at gcc dot gnu dot org
- Date: Fri, 19 Jan 2007 07:00:17 +0100 (CET)
- Subject: Results for 4.3.0 20070118 (experimental) gcc testsuite on avr-unknown-none
Ubuntu 5 on pentium3-smp
cross tool versions:
GNU assembler 2.17.50 20070114
GNU ld version 2.17.50 20070114
GNU Make 3.80
expect version 5.42.1
host gcc version: gcc (GCC) 4.3.0 20070117 (experimental)
simulavr version 0.1.2.2
LAST_UPDATED: Thu Jan 18 01:22:58 UTC 2007 (revision 120890)
Target is avr-unknown-none
Host is i686-pc-linux-gnu
=== gcc tests ===
Running target atmega128-sim
FAIL: gcc.c-torture/compile/20010226-1.c -O0 (internal compiler error)
FAIL: gcc.c-torture/compile/20010226-1.c -O0 (test for excess errors)
FAIL: gcc.c-torture/compile/20010226-1.c -O1 (internal compiler error)
FAIL: gcc.c-torture/compile/20010226-1.c -O1 (test for excess errors)
FAIL: gcc.c-torture/compile/20010226-1.c -O2 (internal compiler error)
FAIL: gcc.c-torture/compile/20010226-1.c -O2 (test for excess errors)
FAIL: gcc.c-torture/compile/20010226-1.c -O3 -fomit-frame-pointer (internal compiler error)
FAIL: gcc.c-torture/compile/20010226-1.c -O3 -fomit-frame-pointer (test for excess errors)
FAIL: gcc.c-torture/compile/20010226-1.c -O3 -g (internal compiler error)
FAIL: gcc.c-torture/compile/20010226-1.c -O3 -g (test for excess errors)
FAIL: gcc.c-torture/compile/20010226-1.c -Os (internal compiler error)
FAIL: gcc.c-torture/compile/20010226-1.c -Os (test for excess errors)
FAIL: gcc.c-torture/compile/20010327-1.c -O0 (test for excess errors)
FAIL: gcc.c-torture/compile/20010327-1.c -O1 (test for excess errors)
FAIL: gcc.c-torture/compile/20010327-1.c -O2 (test for excess errors)
FAIL: gcc.c-torture/compile/20010327-1.c -O3 -fomit-frame-pointer (test for excess errors)
FAIL: gcc.c-torture/compile/20010327-1.c -O3 -g (test for excess errors)
FAIL: gcc.c-torture/compile/20010327-1.c -Os (test for excess errors)
FAIL: gcc.c-torture/compile/20020604-1.c -O0 (test for excess errors)
FAIL: gcc.c-torture/compile/20020604-1.c -O1 (test for excess errors)
FAIL: gcc.c-torture/compile/20020604-1.c -O2 (test for excess errors)
FAIL: gcc.c-torture/compile/20020604-1.c -O3 -fomit-frame-pointer (test for excess errors)
FAIL: gcc.c-torture/compile/20020604-1.c -O3 -fomit-frame-pointer -funroll-loops (test for excess errors)
FAIL: gcc.c-torture/compile/20020604-1.c -O3 -fomit-frame-pointer -funroll-all-loops -finline-functions (test for excess errors)
FAIL: gcc.c-torture/compile/20020604-1.c -O3 -g (test for excess errors)
FAIL: gcc.c-torture/compile/20020604-1.c -Os (test for excess errors)
FAIL: gcc.c-torture/compile/20050122-2.c -O0 (internal compiler error)
FAIL: gcc.c-torture/compile/20050122-2.c -O0 (test for excess errors)
FAIL: gcc.c-torture/compile/20050122-2.c -O1 (internal compiler error)
FAIL: gcc.c-torture/compile/20050122-2.c -O1 (test for excess errors)
FAIL: gcc.c-torture/compile/20050122-2.c -O2 (internal compiler error)
FAIL: gcc.c-torture/compile/20050122-2.c -O2 (test for excess errors)
FAIL: gcc.c-torture/compile/20050122-2.c -O3 -fomit-frame-pointer (internal compiler error)
FAIL: gcc.c-torture/compile/20050122-2.c -O3 -fomit-frame-pointer (test for excess errors)
FAIL: gcc.c-torture/compile/20050122-2.c -O3 -g (internal compiler error)
FAIL: gcc.c-torture/compile/20050122-2.c -O3 -g (test for excess errors)
FAIL: gcc.c-torture/compile/20050122-2.c -Os (internal compiler error)
FAIL: gcc.c-torture/compile/20050122-2.c -Os (test for excess errors)
FAIL: gcc.c-torture/compile/nested-1.c -O0 (internal compiler error)
FAIL: gcc.c-torture/compile/nested-1.c -O0 (test for excess errors)
FAIL: gcc.c-torture/compile/nested-1.c -O1 (internal compiler error)
FAIL: gcc.c-torture/compile/nested-1.c -O1 (test for excess errors)
FAIL: gcc.c-torture/compile/nested-1.c -O2 (internal compiler error)
FAIL: gcc.c-torture/compile/nested-1.c -O2 (test for excess errors)
FAIL: gcc.c-torture/compile/nested-1.c -O3 -fomit-frame-pointer (internal compiler error)
FAIL: gcc.c-torture/compile/nested-1.c -O3 -fomit-frame-pointer (test for excess errors)
FAIL: gcc.c-torture/compile/nested-1.c -O3 -g (internal compiler error)
FAIL: gcc.c-torture/compile/nested-1.c -O3 -g (test for excess errors)
FAIL: gcc.c-torture/compile/nested-1.c -Os (internal compiler error)
FAIL: gcc.c-torture/compile/nested-1.c -Os (test for excess errors)
FAIL: gcc.c-torture/compile/pr27889.c -O0 (internal compiler error)
FAIL: gcc.c-torture/compile/pr27889.c -O0 (test for excess errors)
FAIL: gcc.c-torture/compile/pr27889.c -O1 (internal compiler error)
FAIL: gcc.c-torture/compile/pr27889.c -O1 (test for excess errors)
FAIL: gcc.c-torture/compile/pr27889.c -O2 (internal compiler error)
FAIL: gcc.c-torture/compile/pr27889.c -O2 (test for excess errors)
FAIL: gcc.c-torture/compile/pr27889.c -O3 -fomit-frame-pointer (internal compiler error)
FAIL: gcc.c-torture/compile/pr27889.c -O3 -fomit-frame-pointer (test for excess errors)
FAIL: gcc.c-torture/compile/pr27889.c -O3 -g (internal compiler error)
FAIL: gcc.c-torture/compile/pr27889.c -O3 -g (test for excess errors)
FAIL: gcc.c-torture/compile/pr27889.c -Os (internal compiler error)
FAIL: gcc.c-torture/compile/pr27889.c -Os (test for excess errors)
ERROR: tcl error sourcing /home/mstein/svn/trunk/gcc/testsuite/gcc.c-torture/execute/builtins/builtins.exp.
ERROR: simulate binary /home/mstein/avr-obj/gcc/testsuite/gcc/20010124-1.x0 with atmega128 configuration
ERROR: tcl error sourcing /home/mstein/svn/trunk/gcc/testsuite/gcc.c-torture/execute/execute.exp.
ERROR: simulate binary /home/mstein/avr-obj/gcc/testsuite/gcc/20000112-1.x0 with atmega128 configuration
ERROR: tcl error sourcing /home/mstein/svn/trunk/gcc/testsuite/gcc.c-torture/execute/ieee/ieee.exp.
ERROR: simulate binary /home/mstein/avr-obj/gcc/testsuite/gcc/20001122-1.x0 with atmega128 configuration
FAIL: gcc.c-torture/unsorted/dump-noaddr.c.001t.tu, -O1 comparison
FAIL: gcc.c-torture/unsorted/dump-noaddr.c.001t.tu, -O2 comparison
FAIL: gcc.c-torture/unsorted/dump-noaddr.c.001t.tu, -O3 -fomit-frame-pointer comparison
FAIL: gcc.c-torture/unsorted/dump-noaddr.c.001t.tu, -O3 -fomit-frame-pointer -funroll-loops comparison
FAIL: gcc.c-torture/unsorted/dump-noaddr.c.001t.tu, -O3 -fomit-frame-pointer -funroll-all-loops -finline-functions comparison
FAIL: gcc.c-torture/unsorted/dump-noaddr.c.001t.tu, -O3 -g comparison
FAIL: gcc.c-torture/unsorted/dump-noaddr.c.001t.tu, -Os comparison
ERROR: tcl error sourcing /home/mstein/svn/trunk/gcc/testsuite/gcc.dg/compat/compat.exp.
ERROR: simulate binary ./gcc-dg-compat-fnptr-by-value-1-01 with atmega128 configuration
WARNING: Could not compile gcc.dg/compat/struct-layout-1 generator
ERROR: tcl error sourcing /home/mstein/svn/trunk/gcc/testsuite/gcc.dg/cpp/cpp.exp.
ERROR: simulate binary ./19990407-1.exe with atmega128 configuration
ERROR: tcl error sourcing /home/mstein/svn/trunk/gcc/testsuite/gcc.dg/cpp/trad/trad.exp.
ERROR: simulate binary ./builtins.exe with atmega128 configuration
ERROR: tcl error sourcing /home/mstein/svn/trunk/gcc/testsuite/gcc.dg/debug/debug.exp.
ERROR: simulate binary ./20020220-1.exe with atmega128 configuration
ERROR: tcl error sourcing /home/mstein/svn/trunk/gcc/testsuite/gcc.dg/dg.exp.
ERROR: simulate binary ./20000108-1.exe with atmega128 configuration
FAIL: gcc.dg/ipa/ipa-1.c (internal compiler error)
FAIL: gcc.dg/ipa/ipa-1.c (test for excess errors)
FAIL: gcc.dg/ipa/ipa-1.c scan-ipa-dump-times versioned function 2
FAIL: gcc.dg/ipa/ipa-1.c scan-ipa-dump-times propagating const 2
FAIL: gcc.dg/ipa/ipa-2.c (internal compiler error)
FAIL: gcc.dg/ipa/ipa-2.c (test for excess errors)
FAIL: gcc.dg/ipa/ipa-3.c (internal compiler error)
FAIL: gcc.dg/ipa/ipa-3.c (test for excess errors)
FAIL: gcc.dg/ipa/ipa-3.c scan-ipa-dump-times propagating const 3
FAIL: gcc.dg/ipa/ipa-4.c (internal compiler error)
FAIL: gcc.dg/ipa/ipa-4.c (test for excess errors)
FAIL: gcc.dg/ipa/ipa-5.c (internal compiler error)
FAIL: gcc.dg/ipa/ipa-5.c (test for excess errors)
FAIL: gcc.dg/ipa/ipa-6.c (internal compiler error)
FAIL: gcc.dg/ipa/ipa-6.c (test for excess errors)
FAIL: gcc.dg/pch/save-temps-1.c -O0 -g assembly comparison
FAIL: gcc.dg/pch/save-temps-1.c -O0 assembly comparison
FAIL: gcc.dg/pch/static-1.c -O0 -g assembly comparison
FAIL: gcc.dg/pch/static-1.c -O0 assembly comparison
FAIL: gcc.dg/pch/static-2.c -O0 -g assembly comparison
FAIL: gcc.dg/pch/static-2.c -O0 assembly comparison
FAIL: gcc.dg/pch/static-3.c -O0 -g assembly comparison
FAIL: gcc.dg/pch/static-3.c -O0 assembly comparison
ERROR: tcl error sourcing /home/mstein/svn/trunk/gcc/testsuite/gcc.dg/special/special.exp.
ERROR: simulate binary ./alias-2.exe with atmega128 configuration
ERROR: tcl error sourcing /home/mstein/svn/trunk/gcc/testsuite/gcc.dg/torture/dg-torture.exp.
ERROR: simulate binary ./badshift.exe with atmega128 configuration
FAIL: gcc.dg/tree-prof/inliner-1.c compilation, -fprofile-generate
UNRESOLVED: gcc.dg/tree-prof/inliner-1.c execution, -fprofile-generate
UNRESOLVED: gcc.dg/tree-prof/inliner-1.c compilation, -fprofile-use
UNRESOLVED: gcc.dg/tree-prof/inliner-1.c execution, -fprofile-use
FAIL: gcc.dg/tree-prof/stringop-1.c compilation, -fprofile-generate
UNRESOLVED: gcc.dg/tree-prof/stringop-1.c execution, -fprofile-generate
UNRESOLVED: gcc.dg/tree-prof/stringop-1.c compilation, -fprofile-use
UNRESOLVED: gcc.dg/tree-prof/stringop-1.c execution, -fprofile-use
FAIL: gcc.dg/tree-prof/stringop-2.c compilation, -fprofile-generate
UNRESOLVED: gcc.dg/tree-prof/stringop-2.c execution, -fprofile-generate
UNRESOLVED: gcc.dg/tree-prof/stringop-2.c compilation, -fprofile-use
UNRESOLVED: gcc.dg/tree-prof/stringop-2.c execution, -fprofile-use
ERROR: tcl error sourcing /home/mstein/svn/trunk/gcc/testsuite/gcc.dg/tree-prof/tree-prof.exp.
ERROR: simulate binary /home/mstein/avr-obj/gcc/testsuite/gcc/update-cunroll-2.x01 with atmega128 configuration
ERROR: tcl error sourcing /home/mstein/svn/trunk/gcc/testsuite/gcc.dg/tree-ssa/tree-ssa.exp.
ERROR: simulate binary ./20040121-1.exe with atmega128 configuration
ERROR: tcl error sourcing /home/mstein/svn/trunk/gcc/testsuite/gcc.dg/weak/weak.exp.
ERROR: simulate binary ./weak-14.exe with atmega128 configuration
UNRESOLVED: gcc.misc-tests/bprob-1.c execution, -fprofile-arcs
UNRESOLVED: gcc.misc-tests/bprob-1.c compilation, -fbranch-probabilities
UNRESOLVED: gcc.misc-tests/bprob-1.c execution, -fbranch-probabilities
ERROR: tcl error sourcing /home/mstein/svn/trunk/gcc/testsuite/gcc.misc-tests/bprob.exp.
ERROR: simulate binary /home/mstein/avr-obj/gcc/testsuite/gcc/bprob-2.x01 with atmega128 configuration
FAIL: compiler driver --coverage option(s) (linker options)
=== gcc Summary ===
# of expected passes 13462
# of unexpected failures 96
# of expected failures 15
# of unresolved testcases 12
# of untested testcases 35
# of unsupported tests 177
/home/mstein/avr-obj/gcc/xgcc version 4.3.0 20070118 (experimental)
Compiler version: 4.3.0 20070118 (experimental) gcc
Platform: avr-unknown-none
configure flags: --target=avr --disable-nls --prefix=/home/mstein/install --with-ld=/home/mstein/cross-local/avr/bin/avr-ld --with-as=/home/mstein/cross-local/avr/bin/avr-as --disable-libssp --with-gmp=/n/07/mstein/gmp-stuff --enable-languages=c