This is the mail archive of the
gcc-testresults@gcc.gnu.org
mailing list for the GCC project.
Results for 4.3.0 20070108 (experimental) testsuite on arm-none-eabi
- From: CodeSourcery Automatic Testing System <gcc at codesourcery dot com>
- To: gcc-testresults at gcc dot gnu dot org
- Date: Mon, 8 Jan 2007 11:50:07 -0800
- Subject: Results for 4.3.0 20070108 (experimental) testsuite on arm-none-eabi
LAST_UPDATED: Mon Jan 8 08:17:00 UTC 2007 (/trunk revision 120570)
Target is arm-none-eabi
Host is i686-pc-linux-gnu
=== g++ tests ===
Running target arm-sim
FAIL: g++.dg/cpp/_Pragma1.C (test for excess errors)
FAIL: g++.dg/eh/gcsec1.C execution test
WARNING: program timed out.
FAIL: g++.dg/init/array15.C execution test
WARNING: program timed out.
FAIL: g++.dg/init/array16.C execution test
FAIL: g++.dg/opt/switch4.C (test for excess errors)
XPASS: g++.dg/other/packed1.C execution test
FAIL: g++.dg/template/dependent-expr1.C (test for errors, line 22)
FAIL: g++.dg/warn/Woverflow-1.C (test for excess errors)
FAIL: g++.dg/warn/Woverflow-2.C (test for excess errors)
FAIL: g++.dg/warn/Woverflow-3.C (test for excess errors)
FAIL: g++.dg/warn/multiple-overflow-warn-2.C (test for bogus messages, line 10)
FAIL: g++.dg/warn/multiple-overflow-warn-2.C (test for warnings, line 10)
FAIL: g++.dg/warn/multiple-overflow-warn-2.C (test for warnings, line 10)
FAIL: g++.dg/warn/multiple-overflow-warn-2.C (test for warnings, line 10)
XPASS: g++.dg/warn/overflow-warn-1.C (test for bogus messages, line 14)
FAIL: g++.dg/warn/overflow-warn-1.C enum error (test for errors, line 15)
FAIL: g++.dg/warn/overflow-warn-1.C (test for warnings, line 154)
FAIL: g++.dg/warn/overflow-warn-1.C (test for warnings, line 155)
FAIL: g++.dg/warn/overflow-warn-1.C null (test for errors, line 48)
XPASS: g++.dg/warn/overflow-warn-1.C (test for bogus messages, line 52)
XPASS: g++.dg/warn/overflow-warn-1.C (test for bogus messages, line 14)
FAIL: g++.dg/warn/overflow-warn-1.C enum error (test for errors, line 15)
FAIL: g++.dg/warn/overflow-warn-1.C (test for warnings, line 275)
FAIL: g++.dg/warn/overflow-warn-1.C (test for warnings, line 276)
FAIL: g++.dg/warn/overflow-warn-1.C null (test for errors, line 51)
XPASS: g++.dg/warn/overflow-warn-1.C (test for bogus messages, line 55)
FAIL: g++.dg/warn/overflow-warn-1.C (test for excess errors)
XPASS: g++.dg/warn/overflow-warn-3.C (test for bogus messages, line 14)
FAIL: g++.dg/warn/overflow-warn-3.C enum error (test for errors, line 15)
FAIL: g++.dg/warn/overflow-warn-3.C constant (test for warnings, line 21)
FAIL: g++.dg/warn/overflow-warn-3.C constant (test for warnings, line 24)
FAIL: g++.dg/warn/overflow-warn-3.C (test for warnings, line 162)
FAIL: g++.dg/warn/overflow-warn-3.C (test for warnings, line 163)
FAIL: g++.dg/warn/overflow-warn-3.C constant (test for warnings, line 33)
FAIL: g++.dg/warn/overflow-warn-3.C null (test for errors, line 53)
XPASS: g++.dg/warn/overflow-warn-3.C (test for bogus messages, line 58)
FAIL: g++.dg/warn/overflow-warn-3.C constant (test for warnings, line 67)
XPASS: g++.dg/warn/overflow-warn-3.C (test for bogus messages, line 14)
FAIL: g++.dg/warn/overflow-warn-3.C enum error (test for errors, line 15)
FAIL: g++.dg/warn/overflow-warn-3.C constant (test for warnings, line 21)
FAIL: g++.dg/warn/overflow-warn-3.C constant (test for warnings, line 24)
FAIL: g++.dg/warn/overflow-warn-3.C (test for warnings, line 290)
FAIL: g++.dg/warn/overflow-warn-3.C (test for warnings, line 291)
FAIL: g++.dg/warn/overflow-warn-3.C constant (test for warnings, line 33)
FAIL: g++.dg/warn/overflow-warn-3.C null (test for errors, line 55)
XPASS: g++.dg/warn/overflow-warn-3.C (test for bogus messages, line 60)
FAIL: g++.dg/warn/overflow-warn-3.C constant (test for warnings, line 69)
FAIL: g++.dg/warn/overflow-warn-3.C (test for excess errors)
XPASS: g++.dg/warn/overflow-warn-4.C (test for bogus messages, line 14)
FAIL: g++.dg/warn/overflow-warn-4.C enum error (test for errors, line 15)
FAIL: g++.dg/warn/overflow-warn-4.C constant (test for errors, line 21)
FAIL: g++.dg/warn/overflow-warn-4.C constant (test for errors, line 24)
FAIL: g++.dg/warn/overflow-warn-4.C (test for warnings, line 162)
FAIL: g++.dg/warn/overflow-warn-4.C (test for warnings, line 163)
FAIL: g++.dg/warn/overflow-warn-4.C constant (test for errors, line 33)
FAIL: g++.dg/warn/overflow-warn-4.C null (test for errors, line 53)
XPASS: g++.dg/warn/overflow-warn-4.C (test for bogus messages, line 58)
FAIL: g++.dg/warn/overflow-warn-4.C constant (test for errors, line 67)
XPASS: g++.dg/warn/overflow-warn-4.C (test for bogus messages, line 14)
FAIL: g++.dg/warn/overflow-warn-4.C enum error (test for errors, line 15)
FAIL: g++.dg/warn/overflow-warn-4.C constant (test for errors, line 21)
FAIL: g++.dg/warn/overflow-warn-4.C constant (test for errors, line 24)
FAIL: g++.dg/warn/overflow-warn-4.C (test for warnings, line 290)
FAIL: g++.dg/warn/overflow-warn-4.C (test for warnings, line 291)
FAIL: g++.dg/warn/overflow-warn-4.C constant (test for errors, line 33)
FAIL: g++.dg/warn/overflow-warn-4.C null (test for errors, line 55)
XPASS: g++.dg/warn/overflow-warn-4.C (test for bogus messages, line 60)
FAIL: g++.dg/warn/overflow-warn-4.C constant (test for errors, line 69)
FAIL: g++.dg/warn/overflow-warn-4.C (test for excess errors)
FAIL: g++.dg/warn/overflow-warn-5.C (test for excess errors)
FAIL: g++.dg/warn/overflow-warn-6.C (test for excess errors)
FAIL: g++.old-deja/g++.other/init19.C execution test
=== g++ Summary ===
# of expected passes 13497
# of unexpected failures 59
# of unexpected successes 13
# of expected failures 94
# of unsupported tests 129
/scratch/gcc/nightly-2007-01-08-mainline/arm-none-eabi/build_gcc/build/test-mainline-0-arm-none-eabi/host-i686-pc-linux-gnu/fsf-mainline/bin/arm-none-eabi-c++ version 4.3.0 20070108 (experimental)
Host is i686-pc-linux-gnu
=== gcc tests ===
Running target arm-sim
FAIL: gcc.c-torture/execute/mayalias-2.c compilation, -O3 -g (internal compiler error)
UNRESOLVED: gcc.c-torture/execute/mayalias-2.c execution, -O3 -g
FAIL: gcc.c-torture/execute/mayalias-3.c compilation, -O3 -g (internal compiler error)
UNRESOLVED: gcc.c-torture/execute/mayalias-3.c execution, -O3 -g
FAIL: gcc.c-torture/execute/pr15262-1.c execution, -O2
FAIL: gcc.c-torture/execute/pr15262-1.c execution, -O3 -fomit-frame-pointer
FAIL: gcc.c-torture/execute/pr15262-1.c execution, -O3 -g
FAIL: gcc.c-torture/execute/pr15262-1.c execution, -Os
FAIL: gcc.dg/compat/struct-layout-1 c_compat_x_tst.o compile
FAIL: gcc.dg/compat/struct-layout-1 c_compat_y_tst.o compile
UNRESOLVED: gcc.dg/compat/struct-layout-1 c_compat_x_tst.o-c_compat_y_tst.o link
UNRESOLVED: gcc.dg/compat/struct-layout-1 c_compat_x_tst.o-c_compat_y_tst.o execute
FAIL: gcc.dg/cpp/_Pragma6.c (test for excess errors)
FAIL: gcc.dg/arm-g2.c scan-assembler mla[ \\t].*
FAIL: gcc.dg/builtins-57.c scan-tree-dump trunc
WARNING: program timed out.
FAIL: gcc.dg/c99-intconst-1.c (test for excess errors)
FAIL: gcc.dg/memcpy-1.c scan-tree-dump-times nasty_local 0
FAIL: gcc.dg/pr16194.c (test for errors, line 59)
FAIL: gcc.dg/pr16194.c (test for errors, line 66)
FAIL: gcc.dg/ipa/ipa-1.c (internal compiler error)
FAIL: gcc.dg/ipa/ipa-1.c (test for excess errors)
FAIL: gcc.dg/ipa/ipa-1.c scan-ipa-dump-times versioned function 2
FAIL: gcc.dg/ipa/ipa-1.c scan-ipa-dump-times propagating const 2
FAIL: gcc.dg/ipa/ipa-2.c (internal compiler error)
FAIL: gcc.dg/ipa/ipa-2.c (test for excess errors)
FAIL: gcc.dg/ipa/ipa-3.c (internal compiler error)
FAIL: gcc.dg/ipa/ipa-3.c (test for excess errors)
FAIL: gcc.dg/ipa/ipa-3.c scan-ipa-dump-times propagating const 3
FAIL: gcc.dg/ipa/ipa-4.c (internal compiler error)
FAIL: gcc.dg/ipa/ipa-4.c (test for excess errors)
FAIL: gcc.dg/ipa/ipa-5.c (internal compiler error)
FAIL: gcc.dg/ipa/ipa-5.c (test for excess errors)
FAIL: gcc.dg/ipa/ipa-6.c (internal compiler error)
FAIL: gcc.dg/ipa/ipa-6.c (test for excess errors)
FAIL: gcc.dg/tls/alias-1.c (test for excess errors)
FAIL: gcc.dg/tls/opt-2.c (test for excess errors)
FAIL: gcc.dg/tree-ssa/loadpre1.c scan-tree-dump-times Eliminated: 1 1
=== gcc Summary ===
# of expected passes 40626
# of unexpected failures 33
# of expected failures 74
# of unresolved testcases 4
# of untested testcases 28
# of unsupported tests 422
/scratch/gcc/nightly-2007-01-08-mainline/arm-none-eabi/build_gcc/build/test-mainline-0-arm-none-eabi/host-i686-pc-linux-gnu/fsf-mainline/bin/arm-none-eabi-gcc version 4.3.0 20070108 (experimental)
Host is i686-pc-linux-gnu
=== libstdc++ tests ===
Running target arm-sim
WARNING: program timed out.
FAIL: 21_strings/basic_string/append/char/3.cc execution test
WARNING: program timed out.
FAIL: 21_strings/basic_string/capacity/char/18654.cc execution test
WARNING: program timed out.
FAIL: 21_strings/basic_string/cons/char/6.cc execution test
WARNING: program timed out.
FAIL: 21_strings/basic_string/inserters_extractors/char/10.cc execution test
WARNING: program timed out.
FAIL: 21_strings/basic_string/inserters_extractors/char/11.cc execution test
FAIL: 21_strings/basic_string/inserters_extractors/char/28277.cc execution test
WARNING: program timed out.
FAIL: 22_locale/collate/transform/char/28277.cc execution test
FAIL: 23_containers/set/modifiers/16728.cc execution test
FAIL: 26_numerics/cmath/c99_classification_macros_c.cc (test for excess errors)
WARNING: program timed out.
FAIL: 26_numerics/valarray/28277.cc execution test
FAIL: 27_io/basic_istream/extractors_arithmetic/char/12.cc execution test
WARNING: program timed out.
FAIL: 27_io/basic_istream/extractors_character/char/4.cc execution test
WARNING: program timed out.
FAIL: 27_io/basic_istream/getline/char/5.cc execution test
WARNING: program timed out.
FAIL: 27_io/basic_istream/ignore/char/2.cc execution test
FAIL: 27_io/basic_ostream/inserters_character/char/28277-3.cc execution test
FAIL: 27_io/basic_ostream/inserters_character/char/28277-4.cc execution test
WARNING: program timed out.
FAIL: 27_io/basic_stringbuf/overflow/char/1.cc execution test
WARNING: program timed out.
FAIL: 27_io/basic_stringbuf/setbuf/char/4.cc execution test
FAIL: 27_io/ios_base/sync_with_stdio/1.cc execution test
FAIL: 27_io/objects/char/10.cc execution test
FAIL: abi/header_cxxabi.c (test for excess errors)
WARNING: program timed out.
FAIL: ext/pb_ds/example/priority_queue_dijkstra.cc execution test
WARNING: program timed out.
FAIL: ext/pb_ds/regression/hash_data_map_rand.cc execution test
WARNING: program timed out.
FAIL: ext/pb_ds/regression/hash_no_data_map_rand.cc execution test
WARNING: program timed out.
FAIL: ext/pb_ds/regression/priority_queue_rand.cc execution test
WARNING: program timed out.
FAIL: ext/pb_ds/regression/tree_data_map_rand.cc execution test
WARNING: program timed out.
FAIL: ext/pb_ds/regression/tree_no_data_map_rand.cc execution test
WARNING: program timed out.
FAIL: ext/pb_ds/regression/trie_data_map_rand.cc execution test
WARNING: program timed out.
FAIL: ext/pb_ds/regression/trie_no_data_map_rand.cc execution test
FAIL: ext/rope/3.cc execution test
XPASS: ext/stdio_filebuf/char/10063-2.cc execution test
XPASS: ext/stdio_filebuf/char/10063-3.cc execution test
WARNING: program timed out.
WARNING: program timed out.
FAIL: tr1/6_containers/unordered/hashtable/26132.cc execution test
=== libstdc++ Summary ===
# of expected passes 2946
# of unexpected failures 31
# of unexpected successes 2
# of expected failures 18
# of unsupported tests 152
Host is i686-pc-linux-gnu
=== g++ tests ===
Running target arm-sim/-mthumb
FAIL: g++.dg/cpp/_Pragma1.C (test for excess errors)
WARNING: program timed out.
FAIL: g++.dg/eh/forced1.C execution test
FAIL: g++.dg/eh/gcsec1.C execution test
WARNING: program timed out.
FAIL: g++.dg/init/array15.C execution test
WARNING: program timed out.
FAIL: g++.dg/init/array16.C execution test
FAIL: g++.dg/opt/switch4.C (test for excess errors)
XPASS: g++.dg/other/packed1.C execution test
FAIL: g++.dg/template/dependent-expr1.C (test for errors, line 22)
FAIL: g++.dg/warn/Woverflow-1.C (test for excess errors)
FAIL: g++.dg/warn/Woverflow-2.C (test for excess errors)
FAIL: g++.dg/warn/Woverflow-3.C (test for excess errors)
FAIL: g++.dg/warn/multiple-overflow-warn-2.C (test for bogus messages, line 10)
FAIL: g++.dg/warn/multiple-overflow-warn-2.C (test for warnings, line 10)
FAIL: g++.dg/warn/multiple-overflow-warn-2.C (test for warnings, line 10)
FAIL: g++.dg/warn/multiple-overflow-warn-2.C (test for warnings, line 10)
XPASS: g++.dg/warn/overflow-warn-1.C (test for bogus messages, line 14)
FAIL: g++.dg/warn/overflow-warn-1.C enum error (test for errors, line 15)
FAIL: g++.dg/warn/overflow-warn-1.C (test for warnings, line 154)
FAIL: g++.dg/warn/overflow-warn-1.C (test for warnings, line 155)
FAIL: g++.dg/warn/overflow-warn-1.C null (test for errors, line 48)
XPASS: g++.dg/warn/overflow-warn-1.C (test for bogus messages, line 52)
XPASS: g++.dg/warn/overflow-warn-1.C (test for bogus messages, line 14)
FAIL: g++.dg/warn/overflow-warn-1.C enum error (test for errors, line 15)
FAIL: g++.dg/warn/overflow-warn-1.C (test for warnings, line 275)
FAIL: g++.dg/warn/overflow-warn-1.C (test for warnings, line 276)
FAIL: g++.dg/warn/overflow-warn-1.C null (test for errors, line 51)
XPASS: g++.dg/warn/overflow-warn-1.C (test for bogus messages, line 55)
FAIL: g++.dg/warn/overflow-warn-1.C (test for excess errors)
XPASS: g++.dg/warn/overflow-warn-3.C (test for bogus messages, line 14)
FAIL: g++.dg/warn/overflow-warn-3.C enum error (test for errors, line 15)
FAIL: g++.dg/warn/overflow-warn-3.C constant (test for warnings, line 21)
FAIL: g++.dg/warn/overflow-warn-3.C constant (test for warnings, line 24)
FAIL: g++.dg/warn/overflow-warn-3.C (test for warnings, line 162)
FAIL: g++.dg/warn/overflow-warn-3.C (test for warnings, line 163)
FAIL: g++.dg/warn/overflow-warn-3.C constant (test for warnings, line 33)
FAIL: g++.dg/warn/overflow-warn-3.C null (test for errors, line 53)
XPASS: g++.dg/warn/overflow-warn-3.C (test for bogus messages, line 58)
FAIL: g++.dg/warn/overflow-warn-3.C constant (test for warnings, line 67)
XPASS: g++.dg/warn/overflow-warn-3.C (test for bogus messages, line 14)
FAIL: g++.dg/warn/overflow-warn-3.C enum error (test for errors, line 15)
FAIL: g++.dg/warn/overflow-warn-3.C constant (test for warnings, line 21)
FAIL: g++.dg/warn/overflow-warn-3.C constant (test for warnings, line 24)
FAIL: g++.dg/warn/overflow-warn-3.C (test for warnings, line 290)
FAIL: g++.dg/warn/overflow-warn-3.C (test for warnings, line 291)
FAIL: g++.dg/warn/overflow-warn-3.C constant (test for warnings, line 33)
FAIL: g++.dg/warn/overflow-warn-3.C null (test for errors, line 55)
XPASS: g++.dg/warn/overflow-warn-3.C (test for bogus messages, line 60)
FAIL: g++.dg/warn/overflow-warn-3.C constant (test for warnings, line 69)
FAIL: g++.dg/warn/overflow-warn-3.C (test for excess errors)
XPASS: g++.dg/warn/overflow-warn-4.C (test for bogus messages, line 14)
FAIL: g++.dg/warn/overflow-warn-4.C enum error (test for errors, line 15)
FAIL: g++.dg/warn/overflow-warn-4.C constant (test for errors, line 21)
FAIL: g++.dg/warn/overflow-warn-4.C constant (test for errors, line 24)
FAIL: g++.dg/warn/overflow-warn-4.C (test for warnings, line 162)
FAIL: g++.dg/warn/overflow-warn-4.C (test for warnings, line 163)
FAIL: g++.dg/warn/overflow-warn-4.C constant (test for errors, line 33)
FAIL: g++.dg/warn/overflow-warn-4.C null (test for errors, line 53)
XPASS: g++.dg/warn/overflow-warn-4.C (test for bogus messages, line 58)
FAIL: g++.dg/warn/overflow-warn-4.C constant (test for errors, line 67)
XPASS: g++.dg/warn/overflow-warn-4.C (test for bogus messages, line 14)
FAIL: g++.dg/warn/overflow-warn-4.C enum error (test for errors, line 15)
FAIL: g++.dg/warn/overflow-warn-4.C constant (test for errors, line 21)
FAIL: g++.dg/warn/overflow-warn-4.C constant (test for errors, line 24)
FAIL: g++.dg/warn/overflow-warn-4.C (test for warnings, line 290)
FAIL: g++.dg/warn/overflow-warn-4.C (test for warnings, line 291)
FAIL: g++.dg/warn/overflow-warn-4.C constant (test for errors, line 33)
FAIL: g++.dg/warn/overflow-warn-4.C null (test for errors, line 55)
XPASS: g++.dg/warn/overflow-warn-4.C (test for bogus messages, line 60)
FAIL: g++.dg/warn/overflow-warn-4.C constant (test for errors, line 69)
FAIL: g++.dg/warn/overflow-warn-4.C (test for excess errors)
FAIL: g++.dg/warn/overflow-warn-5.C (test for excess errors)
FAIL: g++.dg/warn/overflow-warn-6.C (test for excess errors)
FAIL: g++.old-deja/g++.other/init19.C execution test
=== g++ Summary ===
# of expected passes 13494
# of unexpected failures 60
# of unexpected successes 13
# of expected failures 94
# of unsupported tests 130
/scratch/gcc/nightly-2007-01-08-mainline/arm-none-eabi/build_gcc/build/test-mainline-0-arm-none-eabi/host-i686-pc-linux-gnu/fsf-mainline/bin/arm-none-eabi-c++ version 4.3.0 20070108 (experimental)
Host is i686-pc-linux-gnu
=== gcc tests ===
Running target arm-sim/-mthumb
XPASS: gcc.c-torture/execute/941014-1.c execution, -O0
FAIL: gcc.c-torture/execute/mayalias-2.c compilation, -O3 -g (internal compiler error)
UNRESOLVED: gcc.c-torture/execute/mayalias-2.c execution, -O3 -g
FAIL: gcc.c-torture/execute/mayalias-3.c compilation, -O3 -g (internal compiler error)
UNRESOLVED: gcc.c-torture/execute/mayalias-3.c execution, -O3 -g
FAIL: gcc.c-torture/execute/pr15262-1.c execution, -O2
FAIL: gcc.c-torture/execute/pr15262-1.c execution, -O3 -fomit-frame-pointer
FAIL: gcc.c-torture/execute/pr15262-1.c execution, -O3 -g
FAIL: gcc.c-torture/execute/pr15262-1.c execution, -Os
FAIL: gcc.dg/compat/struct-layout-1 c_compat_x_tst.o compile
FAIL: gcc.dg/compat/struct-layout-1 c_compat_y_tst.o compile
UNRESOLVED: gcc.dg/compat/struct-layout-1 c_compat_x_tst.o-c_compat_y_tst.o link
UNRESOLVED: gcc.dg/compat/struct-layout-1 c_compat_x_tst.o-c_compat_y_tst.o execute
FAIL: gcc.dg/cpp/_Pragma6.c (test for excess errors)
FAIL: gcc.dg/builtins-57.c scan-tree-dump trunc
FAIL: gcc.dg/memcpy-1.c scan-tree-dump-times nasty_local 0
FAIL: gcc.dg/pr16194.c (test for errors, line 59)
FAIL: gcc.dg/pr16194.c (test for errors, line 66)
FAIL: gcc.dg/sibcall-3.c execution test
FAIL: gcc.dg/sibcall-4.c execution test
FAIL: gcc.dg/ipa/ipa-1.c (internal compiler error)
FAIL: gcc.dg/ipa/ipa-1.c (test for excess errors)
FAIL: gcc.dg/ipa/ipa-1.c scan-ipa-dump-times versioned function 2
FAIL: gcc.dg/ipa/ipa-1.c scan-ipa-dump-times propagating const 2
FAIL: gcc.dg/ipa/ipa-2.c (internal compiler error)
FAIL: gcc.dg/ipa/ipa-2.c (test for excess errors)
FAIL: gcc.dg/ipa/ipa-3.c (internal compiler error)
FAIL: gcc.dg/ipa/ipa-3.c (test for excess errors)
FAIL: gcc.dg/ipa/ipa-3.c scan-ipa-dump-times propagating const 3
FAIL: gcc.dg/ipa/ipa-4.c (internal compiler error)
FAIL: gcc.dg/ipa/ipa-4.c (test for excess errors)
FAIL: gcc.dg/ipa/ipa-5.c (internal compiler error)
FAIL: gcc.dg/ipa/ipa-5.c (test for excess errors)
FAIL: gcc.dg/ipa/ipa-6.c (internal compiler error)
FAIL: gcc.dg/ipa/ipa-6.c (test for excess errors)
FAIL: gcc.dg/tls/alias-1.c (test for excess errors)
FAIL: gcc.dg/tls/opt-2.c (test for excess errors)
FAIL: gcc.dg/tree-ssa/loadpre1.c scan-tree-dump-times Eliminated: 1 1
=== gcc Summary ===
# of expected passes 40574
# of unexpected failures 33
# of unexpected successes 1
# of expected failures 74
# of unresolved testcases 4
# of untested testcases 28
# of unsupported tests 428
/scratch/gcc/nightly-2007-01-08-mainline/arm-none-eabi/build_gcc/build/test-mainline-0-arm-none-eabi/host-i686-pc-linux-gnu/fsf-mainline/bin/arm-none-eabi-gcc version 4.3.0 20070108 (experimental)
Host is i686-pc-linux-gnu
=== libstdc++ tests ===
Running target arm-sim/-mthumb
WARNING: program timed out.
FAIL: 21_strings/basic_string/append/char/3.cc execution test
WARNING: program timed out.
FAIL: 21_strings/basic_string/capacity/char/18654.cc execution test
WARNING: program timed out.
FAIL: 21_strings/basic_string/cons/char/6.cc execution test
WARNING: program timed out.
FAIL: 21_strings/basic_string/inserters_extractors/char/10.cc execution test
WARNING: program timed out.
FAIL: 21_strings/basic_string/inserters_extractors/char/11.cc execution test
FAIL: 21_strings/basic_string/inserters_extractors/char/28277.cc execution test
WARNING: program timed out.
FAIL: 22_locale/collate/transform/char/28277.cc execution test
FAIL: 23_containers/set/modifiers/16728.cc execution test
FAIL: 26_numerics/cmath/c99_classification_macros_c.cc (test for excess errors)
WARNING: program timed out.
FAIL: 26_numerics/valarray/28277.cc execution test
FAIL: 27_io/basic_istream/extractors_arithmetic/char/12.cc execution test
WARNING: program timed out.
FAIL: 27_io/basic_istream/extractors_character/char/4.cc execution test
WARNING: program timed out.
FAIL: 27_io/basic_istream/getline/char/5.cc execution test
WARNING: program timed out.
FAIL: 27_io/basic_istream/ignore/char/2.cc execution test
FAIL: 27_io/basic_ostream/inserters_character/char/28277-3.cc execution test
FAIL: 27_io/basic_ostream/inserters_character/char/28277-4.cc execution test
WARNING: program timed out.
FAIL: 27_io/basic_stringbuf/overflow/char/1.cc execution test
WARNING: program timed out.
FAIL: 27_io/basic_stringbuf/setbuf/char/4.cc execution test
FAIL: 27_io/ios_base/sync_with_stdio/1.cc execution test
FAIL: 27_io/objects/char/10.cc execution test
FAIL: abi/header_cxxabi.c (test for excess errors)
WARNING: program timed out.
FAIL: ext/pb_ds/example/priority_queue_dijkstra.cc execution test
WARNING: program timed out.
FAIL: ext/pb_ds/regression/hash_data_map_rand.cc execution test
WARNING: program timed out.
FAIL: ext/pb_ds/regression/hash_no_data_map_rand.cc execution test
WARNING: program timed out.
FAIL: ext/pb_ds/regression/priority_queue_rand.cc execution test
WARNING: program timed out.
FAIL: ext/pb_ds/regression/tree_data_map_rand.cc execution test
WARNING: program timed out.
FAIL: ext/pb_ds/regression/tree_no_data_map_rand.cc execution test
WARNING: program timed out.
FAIL: ext/pb_ds/regression/trie_data_map_rand.cc execution test
WARNING: program timed out.
FAIL: ext/pb_ds/regression/trie_no_data_map_rand.cc execution test
FAIL: ext/rope/3.cc execution test
XPASS: ext/stdio_filebuf/char/10063-2.cc execution test
XPASS: ext/stdio_filebuf/char/10063-3.cc execution test
WARNING: program timed out.
WARNING: program timed out.
FAIL: tr1/6_containers/unordered/hashtable/26132.cc execution test
=== libstdc++ Summary ===
# of expected passes 2946
# of unexpected failures 31
# of unexpected successes 2
# of expected failures 18
# of unsupported tests 152
Compiler version: 4.3.0 20070108 (experimental)
Platform: arm-none-eabi
configure flags: --build=i686-pc-linux-gnu --host=i686-pc-linux-gnu --target=arm-none-eabi --enable-shared --enable-threads --disable-libmudflap --disable-libssp --disable-libgomp --disable-libstdcxx-pch --with-gnu-as --with-gnu-ld --prefix=/opt/codesourcery --enable-languages=c,c++ --with-newlib --disable-nls --with-headers=yes --with-sysroot=/opt/codesourcery/arm-none-eabi --with-build-sysroot=/scratch/gcc/nightly-2007-01-08-mainline/arm-none-eabi/build_gcc/install/arm-none-eabi --with-gmp=/scratch/gcc/nightly-2007-01-08-mainline/arm-none-eabi/build_gcc/build/host-libs-mainline-0-arm-none-eabi-i686-pc-linux-gnu/usr --with-mpfr=/scratch/gcc/nightly-2007-01-08-mainline/arm-none-eabi/build_gcc/build/host-libs-mainline-0-arm-none-eabi-i686-pc-linux-gnu/usr --with-build-time-tools=/scratch/gcc/nightly-2007-01-08-mainline/arm-none-eabi/build_gcc/install/arm-none-eabi/bin --with-build-time-tools=/scratch/gcc/nightly-2007-01-08-mainline/arm-none-eabi/build_gcc/install/arm-none-eab!
i/bin