This is the mail archive of the
gcc-testresults@gcc.gnu.org
mailing list for the GCC project.
Results for 4.3.0 20070108 (experimental) testsuite on s390-ibm-linux-gnu
- From: Andreas Krebbel <Andreas dot Krebbel at de dot ibm dot com>
- To: gcc-testresults at gcc dot gnu dot org
- Date: Mon, 8 Jan 2007 08:29:30 +0100
- Subject: Results for 4.3.0 20070108 (experimental) testsuite on s390-ibm-linux-gnu
LAST_UPDATED: Mon Jan 8 02:35:00 UTC 2007 (revision 120567)
=== acats tests ===
FAIL: c94002f
FAIL: cxh1001
=== acats Summary ===
# of expected passes 2313
# of unexpected failures 2
Native configuration is s390-ibm-linux-gnu
=== g++ tests ===
Running target unix
FAIL: g++.dg/warn/Woverflow-1.C (test for excess errors)
FAIL: g++.dg/warn/Woverflow-2.C (test for excess errors)
FAIL: g++.dg/warn/Woverflow-3.C (test for excess errors)
FAIL: g++.dg/warn/multiple-overflow-warn-2.C (test for bogus messages, line 10)
FAIL: g++.dg/warn/multiple-overflow-warn-2.C (test for warnings, line 10)
FAIL: g++.dg/warn/multiple-overflow-warn-2.C (test for warnings, line 10)
FAIL: g++.dg/warn/multiple-overflow-warn-2.C (test for warnings, line 10)
XPASS: g++.dg/warn/overflow-warn-1.C (test for bogus messages, line 14)
FAIL: g++.dg/warn/overflow-warn-1.C enum error (test for errors, line 15)
FAIL: g++.dg/warn/overflow-warn-1.C (test for warnings, line 154)
FAIL: g++.dg/warn/overflow-warn-1.C (test for warnings, line 155)
FAIL: g++.dg/warn/overflow-warn-1.C null (test for errors, line 48)
XPASS: g++.dg/warn/overflow-warn-1.C (test for bogus messages, line 52)
XPASS: g++.dg/warn/overflow-warn-1.C (test for bogus messages, line 14)
FAIL: g++.dg/warn/overflow-warn-1.C enum error (test for errors, line 15)
FAIL: g++.dg/warn/overflow-warn-1.C (test for warnings, line 275)
FAIL: g++.dg/warn/overflow-warn-1.C (test for warnings, line 276)
FAIL: g++.dg/warn/overflow-warn-1.C null (test for errors, line 51)
XPASS: g++.dg/warn/overflow-warn-1.C (test for bogus messages, line 55)
FAIL: g++.dg/warn/overflow-warn-1.C (test for excess errors)
XPASS: g++.dg/warn/overflow-warn-3.C (test for bogus messages, line 14)
FAIL: g++.dg/warn/overflow-warn-3.C enum error (test for errors, line 15)
FAIL: g++.dg/warn/overflow-warn-3.C constant (test for warnings, line 21)
FAIL: g++.dg/warn/overflow-warn-3.C constant (test for warnings, line 24)
FAIL: g++.dg/warn/overflow-warn-3.C (test for warnings, line 162)
FAIL: g++.dg/warn/overflow-warn-3.C (test for warnings, line 163)
FAIL: g++.dg/warn/overflow-warn-3.C constant (test for warnings, line 33)
FAIL: g++.dg/warn/overflow-warn-3.C null (test for errors, line 53)
XPASS: g++.dg/warn/overflow-warn-3.C (test for bogus messages, line 58)
FAIL: g++.dg/warn/overflow-warn-3.C constant (test for warnings, line 67)
XPASS: g++.dg/warn/overflow-warn-3.C (test for bogus messages, line 14)
FAIL: g++.dg/warn/overflow-warn-3.C enum error (test for errors, line 15)
FAIL: g++.dg/warn/overflow-warn-3.C constant (test for warnings, line 21)
FAIL: g++.dg/warn/overflow-warn-3.C constant (test for warnings, line 24)
FAIL: g++.dg/warn/overflow-warn-3.C (test for warnings, line 290)
FAIL: g++.dg/warn/overflow-warn-3.C (test for warnings, line 291)
FAIL: g++.dg/warn/overflow-warn-3.C constant (test for warnings, line 33)
FAIL: g++.dg/warn/overflow-warn-3.C null (test for errors, line 55)
XPASS: g++.dg/warn/overflow-warn-3.C (test for bogus messages, line 60)
FAIL: g++.dg/warn/overflow-warn-3.C constant (test for warnings, line 69)
FAIL: g++.dg/warn/overflow-warn-3.C (test for excess errors)
XPASS: g++.dg/warn/overflow-warn-4.C (test for bogus messages, line 14)
FAIL: g++.dg/warn/overflow-warn-4.C enum error (test for errors, line 15)
FAIL: g++.dg/warn/overflow-warn-4.C constant (test for errors, line 21)
FAIL: g++.dg/warn/overflow-warn-4.C constant (test for errors, line 24)
FAIL: g++.dg/warn/overflow-warn-4.C (test for warnings, line 162)
FAIL: g++.dg/warn/overflow-warn-4.C (test for warnings, line 163)
FAIL: g++.dg/warn/overflow-warn-4.C constant (test for errors, line 33)
FAIL: g++.dg/warn/overflow-warn-4.C null (test for errors, line 53)
XPASS: g++.dg/warn/overflow-warn-4.C (test for bogus messages, line 58)
FAIL: g++.dg/warn/overflow-warn-4.C constant (test for errors, line 67)
XPASS: g++.dg/warn/overflow-warn-4.C (test for bogus messages, line 14)
FAIL: g++.dg/warn/overflow-warn-4.C enum error (test for errors, line 15)
FAIL: g++.dg/warn/overflow-warn-4.C constant (test for errors, line 21)
FAIL: g++.dg/warn/overflow-warn-4.C constant (test for errors, line 24)
FAIL: g++.dg/warn/overflow-warn-4.C (test for warnings, line 290)
FAIL: g++.dg/warn/overflow-warn-4.C (test for warnings, line 291)
FAIL: g++.dg/warn/overflow-warn-4.C constant (test for errors, line 33)
FAIL: g++.dg/warn/overflow-warn-4.C null (test for errors, line 55)
XPASS: g++.dg/warn/overflow-warn-4.C (test for bogus messages, line 60)
FAIL: g++.dg/warn/overflow-warn-4.C constant (test for errors, line 69)
FAIL: g++.dg/warn/overflow-warn-4.C (test for excess errors)
FAIL: g++.dg/warn/overflow-warn-5.C (test for excess errors)
FAIL: g++.dg/warn/overflow-warn-6.C (test for excess errors)
=== g++ Summary ===
# of expected passes 13917
# of unexpected failures 52
# of unexpected successes 12
# of expected failures 93
# of unsupported tests 116
/build/BUILD/gcc/obj-s390-redhat-linux/gcc/testsuite/g++/../../g++ version 4.3.0 20070108 (experimental)
=== gcc tests ===
Running target unix
FAIL: gcc.c-torture/execute/mayalias-2.c compilation, -O3 -g (internal compiler error)
UNRESOLVED: gcc.c-torture/execute/mayalias-2.c execution, -O3 -g
FAIL: gcc.c-torture/execute/mayalias-3.c compilation, -O3 -g (internal compiler error)
UNRESOLVED: gcc.c-torture/execute/mayalias-3.c execution, -O3 -g
FAIL: gcc.c-torture/execute/pr15262-1.c execution, -O2
FAIL: gcc.c-torture/execute/pr15262-1.c execution, -O3 -fomit-frame-pointer
FAIL: gcc.c-torture/execute/pr15262-1.c execution, -O3 -g
FAIL: gcc.c-torture/execute/pr15262-1.c execution, -Os
XPASS: gcc.dg/cpp/cmdlne-dI-M.c scan-file (^|\\\\n)cmdlne-dI-M.*:[^\\\\n]*cmdlne-dI-M.c
XPASS: gcc.dg/cpp/cmdlne-dM-M.c scan-file (^|\\\\n)cmdlne-dM-M[^\\\\n]*:[^\\\\n]*cmdlne-dM-M.c
FAIL: gcc.dg/memcpy-1.c scan-tree-dump-times nasty_local 0
FAIL: gcc.dg/pr16194.c (test for errors, line 59)
FAIL: gcc.dg/pr16194.c (test for errors, line 66)
FAIL: gcc.dg/ipa/ipa-1.c scan-ipa-dump-times versioned function 2
FAIL: gcc.dg/ipa/ipa-1.c scan-ipa-dump-times propagating const 2
FAIL: gcc.dg/ipa/ipa-3.c scan-ipa-dump-times propagating const 3
FAIL: gcc.dg/torture/builtin-pow-mpfr-1.c -O0 scan-tree-dump pow
FAIL: gcc.dg/torture/builtin-pow-mpfr-1.c -O1 scan-tree-dump pow
FAIL: gcc.dg/torture/builtin-pow-mpfr-1.c -O2 scan-tree-dump pow
FAIL: gcc.dg/torture/builtin-pow-mpfr-1.c -O3 -fomit-frame-pointer scan-tree-dump pow
FAIL: gcc.dg/torture/builtin-pow-mpfr-1.c -O3 -g scan-tree-dump pow
FAIL: gcc.dg/torture/builtin-pow-mpfr-1.c -Os scan-tree-dump pow
XPASS: gcc.dg/tree-ssa/20040204-1.c scan-tree-dump-times link_error 0
FAIL: gcc.dg/tree-ssa/loadpre1.c scan-tree-dump-times Eliminated: 1 1
FAIL: gcc.dg/tree-ssa/loop-15.c scan-tree-dump-times \\+ 0
FAIL: gcc.dg/tree-ssa/loop-15.c scan-tree-dump-times n \\* n 1
FAIL: gcc.dg/tree-ssa/loop-15.c scan-tree-dump-times if 1
=== gcc Summary ===
# of expected passes 41200
# of unexpected failures 22
# of unexpected successes 3
# of expected failures 76
# of unresolved testcases 2
# of untested testcases 28
# of unsupported tests 367
/build/BUILD/gcc/obj-s390-redhat-linux/gcc/xgcc version 4.3.0 20070108 (experimental)
=== gfortran tests ===
Running target unix
FAIL: gfortran.dg/c_by_val_1.f -O0 execution test
FAIL: gfortran.dg/c_by_val_1.f -O1 execution test
FAIL: gfortran.dg/c_by_val_1.f -O2 execution test
FAIL: gfortran.dg/c_by_val_1.f -O3 -fomit-frame-pointer execution test
FAIL: gfortran.dg/c_by_val_1.f -O3 -fomit-frame-pointer -funroll-loops execution test
FAIL: gfortran.dg/c_by_val_1.f -O3 -fomit-frame-pointer -funroll-all-loops -finline-functions execution test
FAIL: gfortran.dg/c_by_val_1.f -O3 -g execution test
FAIL: gfortran.dg/c_by_val_1.f -Os execution test
FAIL: gfortran.dg/open_errors.f90 -O0 execution test
FAIL: gfortran.dg/open_errors.f90 -O1 execution test
FAIL: gfortran.dg/open_errors.f90 -O2 execution test
FAIL: gfortran.dg/open_errors.f90 -O3 -fomit-frame-pointer execution test
FAIL: gfortran.dg/open_errors.f90 -O3 -fomit-frame-pointer -funroll-loops execution test
FAIL: gfortran.dg/open_errors.f90 -O3 -fomit-frame-pointer -funroll-all-loops -finline-functions execution test
FAIL: gfortran.dg/open_errors.f90 -O3 -g execution test
FAIL: gfortran.dg/open_errors.f90 -Os execution test
FAIL: gfortran.dg/value_4.f90 -O0 execution test
FAIL: gfortran.dg/value_4.f90 -O1 execution test
FAIL: gfortran.dg/value_4.f90 -O2 execution test
FAIL: gfortran.dg/value_4.f90 -O3 -fomit-frame-pointer execution test
FAIL: gfortran.dg/value_4.f90 -O3 -fomit-frame-pointer -funroll-loops execution test
FAIL: gfortran.dg/value_4.f90 -O3 -fomit-frame-pointer -funroll-all-loops -finline-functions execution test
FAIL: gfortran.dg/value_4.f90 -O3 -g execution test
FAIL: gfortran.dg/value_4.f90 -Os execution test
FAIL: gfortran.fortran-torture/execute/where_16.f90 execution, -O3 -fomit-frame-pointer
FAIL: gfortran.fortran-torture/execute/where_16.f90 execution, -O3 -fomit-frame-pointer -funroll-loops
FAIL: gfortran.fortran-torture/execute/where_16.f90 execution, -O3 -fomit-frame-pointer -funroll-all-loops -finline-functions
FAIL: gfortran.fortran-torture/execute/where_16.f90 execution, -O3 -g
=== gfortran Summary ===
# of expected passes 15795
# of unexpected failures 28
# of expected failures 6
# of unsupported tests 35
/build/BUILD/gcc/obj-s390-redhat-linux/gcc/testsuite/gfortran/../../gfortran version 4.3.0 20070108 (experimental)
=== gnat tests ===
Running target unix
FAIL: gnat.dg/address_conversion.adb execution test
=== gnat Summary ===
# of expected passes 114
# of unexpected failures 1
=== obj-c++ tests ===
Running target unix
FAIL: obj-c++.dg/comp-types-10.mm (internal compiler error)
FAIL: obj-c++.dg/comp-types-10.mm (test for excess errors)
FAIL: obj-c++.dg/cxx-ivars-2.mm execution test
FAIL: obj-c++.dg/encode-8.mm execution test
FAIL: obj-c++.dg/gnu-runtime-2.mm (test for excess errors)
FAIL: obj-c++.dg/isa-field-1.mm (test for excess errors)
FAIL: obj-c++.dg/lookup-2.mm (test for excess errors)
WARNING: obj-c++.dg/lookup-2.mm compilation failed to produce executable
FAIL: obj-c++.dg/qual-types-1.mm execution test
FAIL: obj-c++.dg/template-1.mm execution test
FAIL: obj-c++.dg/template-3.mm execution test
FAIL: obj-c++.dg/template-4.mm execution test
FAIL: obj-c++.dg/try-catch-2.mm (test for excess errors)
WARNING: obj-c++.dg/try-catch-2.mm compilation failed to produce executable
FAIL: obj-c++.dg/try-catch-9.mm (internal compiler error)
FAIL: obj-c++.dg/try-catch-9.mm (test for excess errors)
WARNING: obj-c++.dg/try-catch-9.mm compilation failed to produce executable
=== obj-c++ Summary ===
# of expected passes 423
# of unexpected failures 14
# of unsupported tests 13
/build/BUILD/gcc/obj-s390-redhat-linux/gcc/testsuite/obj-c++/../../g++ version 4.3.0 20070108 (experimental)
=== objc tests ===
Running target unix
=== objc Summary ===
# of expected passes 1766
# of expected failures 7
# of unsupported tests 24
/build/BUILD/gcc/obj-s390-redhat-linux/gcc/xgcc version 4.3.0 20070108 (experimental)
=== libffi tests ===
Running target unix
FAIL: libffi.call/float.c -O0 -W -Wall execution test
FAIL: libffi.call/float2.c -O0 -W -Wall execution test
FAIL: libffi.call/float.c -O2 execution test
FAIL: libffi.call/float2.c -O2 execution test
FAIL: libffi.call/float.c -O3 execution test
FAIL: libffi.call/float2.c -O3 execution test
FAIL: libffi.call/float.c -Os execution test
FAIL: libffi.call/float2.c -Os execution test
=== libffi Summary ===
# of expected passes 1088
# of unexpected failures 8
# of unsupported tests 8
=== libgomp tests ===
Running target unix
=== libgomp Summary ===
# of expected passes 1548
=== libjava tests ===
Running target unix
FAIL: PR27908 -O3 execution - source compiled test
FAIL: SyncTest execution - gij test
=== libjava Summary ===
# of expected passes 7032
# of unexpected failures 2
# of expected failures 12
# of untested testcases 10
=== libmudflap tests ===
Running target unix
=== libmudflap Summary ===
# of expected passes 1826
=== libstdc++ tests ===
Running target unix
XPASS: 26_numerics/cmath/c99_classification_macros_c.cc (test for excess errors)
FAIL: 27_io/ios_base/storage/2.cc execution test
=== libstdc++ Summary ===
# of expected passes 4465
# of unexpected failures 1
# of unexpected successes 1
# of expected failures 15
Compiler version: 4.3.0 20070108 (experimental)
Platform: s390-ibm-linux-gnu
configure flags: --prefix=/usr --mandir=/usr/share/man --infodir=/usr/share/info --enable-shared --enable-threads=posix --enable-checking=release --with-system-zlib --enable-__cxa_atexit --with-long-double-128 --host=s390-redhat-linux --enable-languages=c,ada,c++,fortran,java,objc,obj-c++