This is the mail archive of the
gcc-testresults@gcc.gnu.org
mailing list for the GCC project.
Results for 4.3.0 20061219 (experimental) testsuite on sparc64-sun-solaris2.9
- From: ebotcazou at libertysurf dot fr (Eric Botcazou)
- To: gcc-testresults at gcc dot gnu dot org
- Date: Wed, 20 Dec 2006 23:11:20 +0100
- Subject: Results for 4.3.0 20061219 (experimental) testsuite on sparc64-sun-solaris2.9
LAST_UPDATED: Tue Dec 19 09:34:20 GMT 2006 (revision 120045)
Native configuration is sparc64-sun-solaris2.9
=== g++ tests ===
Running target unix
FAIL: g++.dg/compat/eh/unexpected1 cp_compat_x_tst.o-cp_compat_y_tst.o execute
FAIL: g++.dg/eh/unexpected1.C execution test
WARNING: g++.dg/other/ucnid-1.C compilation failed to produce executable
FAIL: g++.old-deja/g++.eh/spec2.C execution test
FAIL: g++.old-deja/g++.mike/eh33.C execution test
FAIL: g++.old-deja/g++.mike/eh50.C execution test
FAIL: g++.old-deja/g++.mike/eh51.C execution test
XPASS: g++.old-deja/g++.other/init18.C execution test
XPASS: g++.old-deja/g++.other/init19.C execution test
=== g++ Summary ===
# of expected passes 13377
# of unexpected failures 6
# of unexpected successes 2
# of expected failures 69
# of unsupported tests 176
/opt/build/eric/gcc/gcc/testsuite/g++/../../g++ version 4.3.0 20061219 (experimental)
=== gcc tests ===
Running target unix
FAIL: gcc.c-torture/execute/mayalias-2.c compilation, -O3 -g (internal compiler error)
UNRESOLVED: gcc.c-torture/execute/mayalias-2.c execution, -O3 -g
FAIL: gcc.c-torture/execute/mayalias-3.c compilation, -O3 -g (internal compiler error)
UNRESOLVED: gcc.c-torture/execute/mayalias-3.c execution, -O3 -g
XPASS: gcc.dg/cpp/cmdlne-dI-M.c scan-file (^|\\\\n)cmdlne-dI-M.*:[^\\\\n]*cmdlne-dI-M.c
XPASS: gcc.dg/cpp/cmdlne-dM-M.c scan-file (^|\\\\n)cmdlne-dM-M[^\\\\n]*:[^\\\\n]*cmdlne-dM-M.c
FAIL: gcc.dg/builtins-57.c scan-tree-dump trunc
WARNING: program timed out.
FAIL: gcc.dg/c99-intconst-1.c (test for excess errors)
WARNING: gcc.dg/ucnid-2.c compilation failed to produce executable
WARNING: gcc.dg/ucnid-3.c compilation failed to produce executable
WARNING: gcc.dg/ucnid-4.c compilation failed to produce executable
FAIL: largefile.c -O0 -g (test for excess errors)
FAIL: largefile.c -O0 (test for excess errors)
FAIL: largefile.c -O1 (test for excess errors)
FAIL: largefile.c -O2 (test for excess errors)
FAIL: largefile.c -O3 -fomit-frame-pointer (test for excess errors)
FAIL: largefile.c -O3 -g (test for excess errors)
FAIL: largefile.c -Os (test for excess errors)
FAIL: gcc.dg/torture/builtin-pow-mpfr-1.c -O0 scan-tree-dump pow
FAIL: gcc.dg/torture/builtin-pow-mpfr-1.c -O1 scan-tree-dump pow
FAIL: gcc.dg/torture/builtin-pow-mpfr-1.c -O2 scan-tree-dump pow
FAIL: gcc.dg/torture/builtin-pow-mpfr-1.c -O3 -fomit-frame-pointer scan-tree-dump pow
FAIL: gcc.dg/torture/builtin-pow-mpfr-1.c -O3 -g scan-tree-dump pow
FAIL: gcc.dg/torture/builtin-pow-mpfr-1.c -Os scan-tree-dump pow
FAIL: gcc.dg/torture/builtin-sin-mpfr-1.c -O0 (test for excess errors)
FAIL: gcc.dg/torture/builtin-sin-mpfr-1.c -O1 (test for excess errors)
FAIL: gcc.dg/torture/builtin-sin-mpfr-1.c -O2 (test for excess errors)
FAIL: gcc.dg/torture/builtin-sin-mpfr-1.c -O3 -fomit-frame-pointer (test for excess errors)
FAIL: gcc.dg/torture/builtin-sin-mpfr-1.c -O3 -fomit-frame-pointer -funroll-loops (test for excess errors)
FAIL: gcc.dg/torture/builtin-sin-mpfr-1.c -O3 -fomit-frame-pointer -funroll-all-loops -finline-functions (test for excess errors)
FAIL: gcc.dg/torture/builtin-sin-mpfr-1.c -O3 -g (test for excess errors)
FAIL: gcc.dg/torture/builtin-sin-mpfr-1.c -Os (test for excess errors)
FAIL: gcc.dg/tree-prof/stringop-1.c scan-tree-dump memcpy.*4\\)
FAIL: gcc.dg/tree-ssa/loadpre1.c scan-tree-dump-times Eliminated: 1 1
FAIL: gcc.dg/vect/no-section-anchors-vect-69.c scan-tree-dump-times Alignment of access forced using peeling 3
FAIL: gcc.target/sparc/noresult.c (internal compiler error)
FAIL: gcc.target/sparc/noresult.c (test for excess errors)
ERROR: gcc.target/sparc/noresult.c: error executing dg-final: couldn't open "noresult.s": no such file or directory
UNRESOLVED: gcc.target/sparc/noresult.c: error executing dg-final: couldn't open "noresult.s": no such file or directory
=== gcc Summary ===
# of expected passes 41268
# of unexpected failures 30
# of unexpected successes 2
# of expected failures 128
# of unresolved testcases 3
# of untested testcases 35
# of unsupported tests 500
/opt/build/eric/gcc/gcc/xgcc version 4.3.0 20061219 (experimental)
=== gfortran tests ===
Running target unix
FAIL: gfortran.dg/open_errors.f90 -O0 execution test
FAIL: gfortran.dg/open_errors.f90 -O1 execution test
FAIL: gfortran.dg/open_errors.f90 -O2 execution test
FAIL: gfortran.dg/open_errors.f90 -O3 -fomit-frame-pointer execution test
FAIL: gfortran.dg/open_errors.f90 -O3 -fomit-frame-pointer -funroll-loops execution test
FAIL: gfortran.dg/open_errors.f90 -O3 -fomit-frame-pointer -funroll-all-loops -finline-functions execution test
FAIL: gfortran.dg/open_errors.f90 -O3 -g execution test
FAIL: gfortran.dg/open_errors.f90 -Os execution test
=== gfortran Summary ===
# of expected passes 15469
# of unexpected failures 8
# of expected failures 8
# of unsupported tests 102
/opt/build/eric/gcc/gcc/testsuite/gfortran/../../gfortran version 4.3.0 20061219 (experimental)
=== obj-c++ tests ===
Running target unix
FAIL: obj-c++.dg/bitfield-1.mm (test for excess errors)
FAIL: obj-c++.dg/bitfield-4.mm (test for excess errors)
FAIL: obj-c++.dg/cxx-ivars-2.mm execution test
FAIL: obj-c++.dg/encode-8.mm execution test
FAIL: obj-c++.dg/gnu-runtime-2.mm (test for excess errors)
FAIL: obj-c++.dg/isa-field-1.mm (test for excess errors)
FAIL: obj-c++.dg/layout-1.mm (test for excess errors)
FAIL: obj-c++.dg/lookup-2.mm (test for excess errors)
WARNING: obj-c++.dg/lookup-2.mm compilation failed to produce executable
FAIL: obj-c++.dg/qual-types-1.mm execution test
FAIL: obj-c++.dg/template-1.mm execution test
FAIL: obj-c++.dg/template-3.mm execution test
FAIL: obj-c++.dg/template-4.mm execution test
FAIL: obj-c++.dg/try-catch-2.mm (test for excess errors)
WARNING: obj-c++.dg/try-catch-2.mm compilation failed to produce executable
FAIL: obj-c++.dg/try-catch-9.mm (test for excess errors)
WARNING: obj-c++.dg/try-catch-9.mm compilation failed to produce executable
=== obj-c++ Summary ===
# of expected passes 421
# of unexpected failures 14
# of unsupported tests 13
/opt/build/eric/gcc/gcc/testsuite/obj-c++/../../g++ version 4.3.0 20061219 (experimental)
=== objc tests ===
Running target unix
=== objc Summary ===
# of expected passes 1766
# of expected failures 7
# of unsupported tests 24
/opt/build/eric/gcc/gcc/xgcc version 4.3.0 20061219 (experimental)
=== libffi tests ===
Running target unix
=== libffi Summary ===
# of expected passes 1096
# of unsupported tests 8
=== libgomp tests ===
Running target unix
=== libgomp Summary ===
# of expected passes 1328
# of unsupported tests 111
=== libjava tests ===
Running target unix
FAIL: events output
FAIL: Array_3 execution - gij test
FAIL: Array_3 execution - gij test
FAIL: Array_3 -O3 execution - source compiled test
FAIL: Array_3 execution - gij test
FAIL: Array_3 -O3 execution - bytecode->native test
FAIL: Array_3 execution - gij test
FAIL: Array_3 -O3 -findirect-dispatch execution - bytecode->native test
FAIL: FileHandleGcTest execution - source compiled test
FAIL: FileHandleGcTest execution - gij test
FAIL: FileHandleGcTest execution - bytecode->native test
FAIL: FileHandleGcTest execution - gij test
FAIL: FileHandleGcTest -findirect-dispatch execution - bytecode->native test
FAIL: FileHandleGcTest -O3 execution - source compiled test
FAIL: FileHandleGcTest execution - gij test
FAIL: FileHandleGcTest -O3 execution - bytecode->native test
FAIL: FileHandleGcTest execution - gij test
FAIL: FileHandleGcTest -O3 -findirect-dispatch execution - bytecode->native test
FAIL: PR27908 -O3 execution - source compiled test
FAIL: PR27908 -O3 execution - bytecode->native test
WARNING: program timed out.
FAIL: Process_3 -findirect-dispatch execution - bytecode->native test
FAIL: Throw_2 execution - source compiled test
FAIL: Throw_2 execution - bytecode->native test
FAIL: Throw_2 -O3 execution - source compiled test
FAIL: Throw_2 -O3 execution - bytecode->native test
=== libjava Summary ===
# of expected passes 6987
# of unexpected failures 25
# of expected failures 12
# of untested testcases 32
=== libstdc++ tests ===
Running target unix
FAIL: 27_io/ios_base/storage/2.cc execution test
=== libstdc++ Summary ===
# of expected passes 3818
# of unexpected failures 1
# of expected failures 17
# of unsupported tests 322
Compiler version: 4.3.0 20061219 (experimental)
Platform: sparc64-sun-solaris2.9
configure flags: sparc64-sun-solaris2.9 --prefix=/opt/build/eric/local/gcc --with-gmp=/opt/build/eric/local --with-mpfr=/opt/build/eric/local --with-local-prefix=/opt/build/eric/local --enable-checking=assert,misc,runtime --disable-multilib --enable-languages=c,c++,fortran,java,objc,obj-c++
BOOT_CFLAGS=-g -O2