This is the mail archive of the
gcc-testresults@gcc.gnu.org
mailing list for the GCC project.
Results for 4.3.0 20061218 (experimental) testsuite on hppa-unknown-linux-gnu
- From: dave at gsyprf11 dot external dot hp dot com (John David Anglin)
- To: dave dot anglin at nrc dot ca, gcc-testresults at gcc dot gnu dot org
- Date: Wed, 20 Dec 2006 07:11:33 -0800 (PST)
- Subject: Results for 4.3.0 20061218 (experimental) testsuite on hppa-unknown-linux-gnu
LAST_UPDATED: Mon Dec 18 02:56:23 UTC 2006 (revision 120001M)
Native configuration is hppa-unknown-linux-gnu
=== g++ tests ===
Running target unix
XPASS: g++.dg/tree-ssa/ivopts-1.C scan-tree-dump-not offset: -4B
XPASS: g++.dg/tree-ssa/ivopts-1.C scan-tree-dump-not &x\\[5\\]
=== g++ Summary ===
# of expected passes 13624
# of unexpected successes 2
# of expected failures 67
# of unsupported tests 117
/home/dave/gcc-4.3/objdir/gcc/testsuite/g++/../../g++ version 4.3.0 20061218 (experimental)
=== gcc tests ===
Running target unix
FAIL: gcc.c-torture/execute/mayalias-2.c compilation, -O3 -g (internal compiler error)
UNRESOLVED: gcc.c-torture/execute/mayalias-2.c execution, -O3 -g
FAIL: gcc.c-torture/execute/mayalias-3.c compilation, -O3 -g (internal compiler error)
UNRESOLVED: gcc.c-torture/execute/mayalias-3.c execution, -O3 -g
FAIL: gcc.dg/pr23818.c (internal compiler error)
FAIL: gcc.dg/pr23818.c (test for excess errors)
UNRESOLVED: gcc.dg/pr23818.c compilation failed to produce executable
FAIL: gcc.dg/noncompile/pr16876.c -O0 (test for errors, line 10)
FAIL: gcc.dg/noncompile/pr16876.c -O1 (test for errors, line 10)
FAIL: gcc.dg/noncompile/pr16876.c -O2 (test for errors, line 10)
FAIL: gcc.dg/noncompile/pr16876.c -O3 -fomit-frame-pointer (test for errors, line 10)
FAIL: gcc.dg/noncompile/pr16876.c -O3 -g (test for errors, line 10)
FAIL: gcc.dg/noncompile/pr16876.c -Os (test for errors, line 10)
FAIL: gcc.dg/tree-ssa/loadpre1.c scan-tree-dump-times Eliminated: 1 1
XPASS: gcc.dg/tree-ssa/loop-1.c scan-assembler-times foo 5
=== gcc Summary ===
# of expected passes 40964
# of unexpected failures 11
# of unexpected successes 1
# of expected failures 81
# of unresolved testcases 3
# of untested testcases 28
# of unsupported tests 382
/home/dave/gcc-4.3/objdir/gcc/xgcc version 4.3.0 20061218 (experimental)
=== gfortran tests ===
Running target unix
=== gfortran Summary ===
# of expected passes 15527
# of expected failures 6
# of unsupported tests 91
/home/dave/gcc-4.3/objdir/gcc/testsuite/gfortran/../../gfortran version 4.3.0 20061218 (experimental)
=== obj-c++ tests ===
Running target unix
FAIL: obj-c++.dg/bitfield-1.mm (internal compiler error)
FAIL: obj-c++.dg/bitfield-1.mm (test for excess errors)
UNRESOLVED: obj-c++.dg/bitfield-1.mm compilation failed to produce executable
FAIL: obj-c++.dg/comp-types-10.mm (internal compiler error)
FAIL: obj-c++.dg/comp-types-10.mm (test for excess errors)
FAIL: obj-c++.dg/cxx-ivars-2.mm execution test
FAIL: obj-c++.dg/encode-8.mm execution test
FAIL: obj-c++.dg/gnu-runtime-2.mm (test for excess errors)
FAIL: obj-c++.dg/isa-field-1.mm (test for excess errors)
FAIL: obj-c++.dg/lookup-2.mm (test for excess errors)
UNRESOLVED: obj-c++.dg/lookup-2.mm compilation failed to produce executable
FAIL: obj-c++.dg/qual-types-1.mm (internal compiler error)
FAIL: obj-c++.dg/qual-types-1.mm (test for excess errors)
UNRESOLVED: obj-c++.dg/qual-types-1.mm compilation failed to produce executable
FAIL: obj-c++.dg/template-1.mm (internal compiler error)
FAIL: obj-c++.dg/template-1.mm (test for excess errors)
UNRESOLVED: obj-c++.dg/template-1.mm compilation failed to produce executable
FAIL: obj-c++.dg/template-3.mm (internal compiler error)
FAIL: obj-c++.dg/template-3.mm (test for excess errors)
UNRESOLVED: obj-c++.dg/template-3.mm compilation failed to produce executable
FAIL: obj-c++.dg/template-4.mm (internal compiler error)
FAIL: obj-c++.dg/template-4.mm (test for excess errors)
UNRESOLVED: obj-c++.dg/template-4.mm compilation failed to produce executable
FAIL: obj-c++.dg/try-catch-2.mm (test for excess errors)
UNRESOLVED: obj-c++.dg/try-catch-2.mm compilation failed to produce executable
FAIL: obj-c++.dg/try-catch-9.mm (internal compiler error)
FAIL: obj-c++.dg/try-catch-9.mm (test for excess errors)
UNRESOLVED: obj-c++.dg/try-catch-9.mm compilation failed to produce executable
=== obj-c++ Summary ===
# of expected passes 417
# of unexpected failures 20
# of unresolved testcases 8
# of unsupported tests 13
/home/dave/gcc-4.3/objdir/gcc/testsuite/obj-c++/../../g++ version 4.3.0 20061218 (experimental)
=== objc tests ===
Running target unix
=== objc Summary ===
# of expected passes 1766
# of expected failures 7
# of unsupported tests 24
/home/dave/gcc-4.3/objdir/gcc/xgcc version 4.3.0 20061218 (experimental)
=== libffi tests ===
Running target unix
=== libffi Summary ===
# of expected passes 1096
# of unsupported tests 8
=== libgomp tests ===
Running target unix
=== libgomp Summary ===
# of expected passes 1316
# of unsupported tests 116
=== libjava tests ===
Running target unix
FAIL: PR27908 -O3 execution - source compiled test
=== libjava Summary ===
# of expected passes 7034
# of unexpected failures 1
# of expected failures 12
# of untested testcases 9
=== libmudflap tests ===
Running target unix
=== libmudflap Summary ===
# of expected passes 1826
=== libstdc++ tests ===
Running target unix
FAIL: abi_check
XPASS: 26_numerics/cmath/c99_classification_macros_c.cc (test for excess errors)
=== libstdc++ Summary ===
# of expected passes 3832
# of unexpected failures 1
# of unexpected successes 1
# of expected failures 15
# of unsupported tests 316
Compiler version: 4.3.0 20061218 (experimental)
Platform: hppa-unknown-linux-gnu
configure flags: --with-gnu-as --with-gnu-ld --enable-shared --enable-nls --prefix=/home/dave/opt/gnu/gcc/gcc-4.3.0 --with-local-prefix=/home/dave/opt/gnu --enable-threads=posix --enable-__cxa_atexit --host=hppa-linux --enable-clocale=gnu --enable-java-gc=boehm --enable-java-awt=xlib --enable-languages=c,c++,fortran,java,objc,obj-c++