This is the mail archive of the
gcc-testresults@gcc.gnu.org
mailing list for the GCC project.
Results for 4.3.0 20061220 (experimental) testsuite on i686-pc-linux-gnu
- From: Weidong Cui <mason dot cui at gmail dot com>
- To: gcc-testresults at gcc dot gnu dot org
- Date: Wed, 20 Dec 2006 12:23:54 +0800
- Subject: Results for 4.3.0 20061220 (experimental) testsuite on i686-pc-linux-gnu
- Reply-to: mason dot cui at gmail dot com
LAST_UPDATED: Wed Dec 20 03:18:08 UTC 2006 (revision 120067)
Native configuration is i686-pc-linux-gnu
=== gcc tests ===
Running target unix
WARNING: program timed out.
FAIL: gcc.c-torture/compile/20001226-1.c -O0 (test for excess errors)
FAIL: gcc.c-torture/execute/mayalias-2.c compilation, -O3 -g (internal compiler error)
UNRESOLVED: gcc.c-torture/execute/mayalias-2.c execution, -O3 -g
FAIL: gcc.c-torture/execute/mayalias-3.c compilation, -O3 -g (internal compiler error)
UNRESOLVED: gcc.c-torture/execute/mayalias-3.c execution, -O3 -g
FAIL: gcc.dg/torture/builtin-pow-mpfr-1.c -O0 scan-tree-dump pow
FAIL: gcc.dg/torture/builtin-pow-mpfr-1.c -O1 scan-tree-dump pow
FAIL: gcc.dg/torture/builtin-pow-mpfr-1.c -O2 scan-tree-dump pow
FAIL: gcc.dg/torture/builtin-pow-mpfr-1.c -O3 -fomit-frame-pointer scan-tree-dump pow
FAIL: gcc.dg/torture/builtin-pow-mpfr-1.c -O3 -g scan-tree-dump pow
FAIL: gcc.dg/torture/builtin-pow-mpfr-1.c -Os scan-tree-dump pow
FAIL: gcc.dg/tree-ssa/loadpre1.c scan-tree-dump-times Eliminated: 1 1
XPASS: gcc.dg/vect/vect-57.c scan-tree-dump-times vectorized 1 loops 1
XPASS: gcc.dg/vect/vect-61.c scan-tree-dump-times vectorized 1 loops 1
=== gcc Summary ===
# of expected passes 42572
# of unexpected failures 10
# of unexpected successes 2
# of expected failures 110
# of unresolved testcases 2
# of untested testcases 28
# of unsupported tests 297
/home/cuiwd/gcc4/obj/gcc/xgcc version 4.3.0 20061220 (experimental)
=== gfortran tests ===
Running target unix
=== gfortran Summary ===
# of expected passes 15706
# of expected failures 7
# of unsupported tests 16
/home/cuiwd/gcc4/obj/gcc/testsuite/gfortran/../../gfortran version 4.3.0 20061220 (experimental)
Compiler version: 4.3.0 20061220 (experimental)
Platform: i686-pc-linux-gnu
configure flags: --prefix=/home/cuiwd/gcc4/ins --with-gmp=/home/cuiwd/gmp421 --enable-languages=c,fortran