This is the mail archive of the
gcc-testresults@gcc.gnu.org
mailing list for the GCC project.
Results for 4.3.0 20061215 (experimental) testsuite on powerpc-apple-darwin9
- From: mrs at apple dot com (Mike Stump)
- To: gcc-testresults at gcc dot gnu dot org
- Date: Thu, 14 Dec 2006 21:09:00 -0800 (PST)
- Subject: Results for 4.3.0 20061215 (experimental) testsuite on powerpc-apple-darwin9
LAST_UPDATED: Fri Dec 15 01:49:24 UTC 2006 (revision 119875)
Native configuration is powerpc-apple-darwin9
=== g++ tests ===
Running target unix
FAIL: g++.dg/ext/alignof2.C execution test
FAIL: g++.dg/other/unused1.C scan-assembler (string|ascii?)z?\\t"class2("|\\\\\\\\000)
FAIL: g++.dg/other/unused1.C scan-assembler (string|ascii?)z?\\t"printer("|\\\\\\\\000)
FAIL: g++.dg/warn/weak1.C (test for excess errors)
WARNING: g++.dg/warn/weak1.C compilation failed to produce executable
FAIL: g++.dg/special/conpr-3.C execution test
=== g++ Summary ===
# of expected passes 13549
# of unexpected failures 5
# of expected failures 67
# of unsupported tests 131
/Volumes/mrs3/net/gcc-darwinO2/gcc/testsuite/g++/../../g++ version 4.3.0 20061215 (experimental)
=== gcc tests ===
Running target unix
FAIL: gcc.c-torture/execute/20000822-1.c execution, -O0
FAIL: gcc.c-torture/execute/20000822-1.c execution, -O1
FAIL: gcc.c-torture/execute/20000822-1.c execution, -O2
FAIL: gcc.c-torture/execute/20000822-1.c execution, -O3 -fomit-frame-pointer
FAIL: gcc.c-torture/execute/20000822-1.c execution, -O3 -g
FAIL: gcc.c-torture/execute/20000822-1.c execution, -Os
FAIL: gcc.c-torture/execute/mayalias-2.c compilation, -O3 -g (internal compiler error)
UNRESOLVED: gcc.c-torture/execute/mayalias-2.c execution, -O3 -g
FAIL: gcc.c-torture/execute/mayalias-3.c compilation, -O3 -g (internal compiler error)
UNRESOLVED: gcc.c-torture/execute/mayalias-3.c execution, -O3 -g
FAIL: gcc.c-torture/execute/nestfunc-3.c execution, -O0
FAIL: gcc.c-torture/execute/nestfunc-3.c execution, -O1
FAIL: gcc.c-torture/execute/nestfunc-3.c execution, -O2
FAIL: gcc.c-torture/execute/nestfunc-3.c execution, -O3 -fomit-frame-pointer
FAIL: gcc.c-torture/execute/nestfunc-3.c execution, -O3 -fomit-frame-pointer -funroll-loops
FAIL: gcc.c-torture/execute/nestfunc-3.c execution, -O3 -fomit-frame-pointer -funroll-all-loops -finline-functions
FAIL: gcc.c-torture/execute/nestfunc-3.c execution, -O3 -g
FAIL: gcc.c-torture/execute/nestfunc-3.c execution, -Os
FAIL: gcc.c-torture/execute/nestfunc-5.c execution, -O0
FAIL: gcc.c-torture/execute/nestfunc-5.c execution, -O1
FAIL: gcc.c-torture/execute/nestfunc-5.c execution, -O2
FAIL: gcc.c-torture/execute/nestfunc-5.c execution, -O3 -fomit-frame-pointer
FAIL: gcc.c-torture/execute/nestfunc-5.c execution, -O3 -g
FAIL: gcc.c-torture/execute/nestfunc-5.c execution, -Os
FAIL: gcc.c-torture/execute/nestfunc-6.c execution, -O0
FAIL: gcc.c-torture/execute/nestfunc-6.c execution, -O1
FAIL: gcc.c-torture/execute/nestfunc-6.c execution, -O2
FAIL: gcc.c-torture/execute/nestfunc-6.c execution, -O3 -fomit-frame-pointer
FAIL: gcc.c-torture/execute/nestfunc-6.c execution, -O3 -g
FAIL: gcc.c-torture/execute/nestfunc-6.c execution, -Os
XPASS: gcc.dg/20020103-1.c scan-assembler-not LC[0-9]
FAIL: gcc.dg/builtins-57.c scan-tree-dump trunc
FAIL: gcc.dg/builtins-58.c (test for excess errors)
ERROR: gcc.dg/builtins-58.c: error executing dg-final: couldn't open "builtins-58.s": no such file or directory
UNRESOLVED: gcc.dg/builtins-58.c: error executing dg-final: couldn't open "builtins-58.s": no such file or directory
FAIL: gcc.dg/cleanup-10.c execution test
FAIL: gcc.dg/cleanup-11.c execution test
FAIL: gcc.dg/cleanup-8.c execution test
FAIL: gcc.dg/cleanup-9.c execution test
FAIL: gcc.dg/memcpy-1.c scan-tree-dump-times nasty_local 0
FAIL: gcc.dg/setjmp-3.c (test for excess errors)
FAIL: gcc.dg/setjmp-4.c (test for excess errors)
FAIL: gcc.dg/trampoline-1.c execution test
FAIL: gcc.dg/torture/builtin-sin-mpfr-1.c -O0 (test for excess errors)
FAIL: gcc.dg/torture/builtin-sin-mpfr-1.c -O1 (test for excess errors)
FAIL: gcc.dg/torture/builtin-sin-mpfr-1.c -O2 (test for excess errors)
FAIL: gcc.dg/torture/builtin-sin-mpfr-1.c -O3 -fomit-frame-pointer (test for excess errors)
FAIL: gcc.dg/torture/builtin-sin-mpfr-1.c -O3 -fomit-frame-pointer -funroll-loops (test for excess errors)
FAIL: gcc.dg/torture/builtin-sin-mpfr-1.c -O3 -fomit-frame-pointer -funroll-all-loops -finline-functions (test for excess errors)
FAIL: gcc.dg/torture/builtin-sin-mpfr-1.c -O3 -g (test for excess errors)
FAIL: gcc.dg/torture/builtin-sin-mpfr-1.c -Os (test for excess errors)
FAIL: gcc.dg/tree-ssa/loadpre1.c scan-tree-dump-times Eliminated: 1 1
XPASS: gcc.dg/vect/vect-57.c scan-tree-dump-times vectorized 1 loops 1
XPASS: gcc.dg/vect/vect-61.c scan-tree-dump-times vectorized 1 loops 1
FAIL: gcc.dg/vect/section-anchors-pr27770.c (test for excess errors)
FAIL: gcc.dg/vect/section-anchors-vect-69.c (test for excess errors)
FAIL: gcc.dg/vect/section-anchors-vect-69.c scan-tree-dump-times Alignment of access forced using peeling 4
FAIL: gcc.target/powerpc/stabs-attrib-vect-darwin.c scan-assembler .stabs.*vi:\\\\(0,16\\\\)=@V
=== gcc Summary ===
# of expected passes 42954
# of unexpected failures 51
# of unexpected successes 3
# of expected failures 111
# of unresolved testcases 3
# of untested testcases 28
# of unsupported tests 450
/Volumes/mrs3/net/gcc-darwinO2/gcc/xgcc version 4.3.0 20061215 (experimental)
=== libgomp tests ===
Running target unix
=== libstdc++ tests ===
Running target unix
XPASS: 21_strings/basic_string/element_access/char/21674.cc execution test
XPASS: 21_strings/basic_string/element_access/wchar_t/21674.cc execution test
XPASS: 26_numerics/cmath/c99_classification_macros_c.cc (test for excess errors)
FAIL: ext/mt_allocator/deallocate_local_thread-5.cc execution test
FAIL: ext/mt_allocator/deallocate_local_thread-7.cc execution test
=== libstdc++ Summary ===
# of expected passes 3826
# of unexpected failures 2
# of unexpected successes 3
# of expected failures 13
# of unsupported tests 318
=== obj-c++ tests ===
Running target unix
FAIL: obj-c++.dg/gnu-runtime-2.mm (test for excess errors)
FAIL: obj-c++.dg/qual-types-1.mm (internal compiler error)
FAIL: obj-c++.dg/qual-types-1.mm (test for excess errors)
WARNING: obj-c++.dg/qual-types-1.mm compilation failed to produce executable
ERROR: obj-c++.dg/stubify-2.mm: error executing dg-final: couldn't open "stubify-2.mm.08.jump": no such file or directory
UNRESOLVED: obj-c++.dg/stubify-2.mm: error executing dg-final: couldn't open "stubify-2.mm.08.jump": no such file or directory
FAIL: obj-c++.dg/template-1.mm (internal compiler error)
FAIL: obj-c++.dg/template-1.mm (test for excess errors)
WARNING: obj-c++.dg/template-1.mm compilation failed to produce executable
FAIL: obj-c++.dg/template-3.mm (internal compiler error)
FAIL: obj-c++.dg/template-3.mm (test for excess errors)
WARNING: obj-c++.dg/template-3.mm compilation failed to produce executable
FAIL: obj-c++.dg/template-4.mm (internal compiler error)
FAIL: obj-c++.dg/template-4.mm (test for excess errors)
WARNING: obj-c++.dg/template-4.mm compilation failed to produce executable
=== obj-c++ Summary ===
# of expected passes 459
# of unexpected failures 9
# of unresolved testcases 1
/Volumes/mrs3/net/gcc-darwinO2/gcc/testsuite/obj-c++/../../g++ version 4.3.0 20061215 (experimental)
=== objc tests ===
Running target unix
FAIL: objc.dg/no-extra-load.m (test for excess errors)
ERROR: objc.dg/no-extra-load.m: error executing dg-final: couldn't open "no-extra-load.s": no such file or directory
UNRESOLVED: objc.dg/no-extra-load.m: error executing dg-final: couldn't open "no-extra-load.s": no such file or directory
FAIL: objc.dg-struct-layout-encoding-1/t001_main.m execution test
FAIL: objc.dg-struct-layout-encoding-1/t005_main.m execution test
FAIL: objc.dg-struct-layout-encoding-1/t009_main.m execution test
FAIL: objc.dg-struct-layout-encoding-1/t010_main.m execution test
FAIL: objc.dg-struct-layout-encoding-1/t013_main.m execution test
FAIL: objc.dg-struct-layout-encoding-1/t014_main.m execution test
FAIL: objc.dg-struct-layout-encoding-1/t016_main.m execution test
FAIL: objc.dg-struct-layout-encoding-1/t017_main.m execution test
FAIL: objc.dg-struct-layout-encoding-1/t018_main.m execution test
FAIL: objc.dg-struct-layout-encoding-1/t019_main.m execution test
FAIL: objc.dg-struct-layout-encoding-1/t020_main.m execution test
FAIL: objc.dg-struct-layout-encoding-1/t021_main.m execution test
FAIL: objc.dg-struct-layout-encoding-1/t023_main.m execution test
FAIL: objc.dg-struct-layout-encoding-1/t024_main.m execution test
=== objc Summary ===
# of expected passes 2975
# of unexpected failures 15
# of expected failures 17
# of unresolved testcases 1
# of unsupported tests 1
/Volumes/mrs3/net/gcc-darwinO2/gcc/xgcc version 4.3.0 20061215 (experimental)
Compiler version: 4.3.0 20061215 (experimental)
Platform: powerpc-apple-darwin9
configure flags: --prefix=/Volumes/mrs3/Packages/gcc-061208 --host=powerpc-apple-darwin9 --build=powerpc-apple-darwin9 --target=powerpc-apple-darwin9 --enable-languages=c,c++,objc,obj-c++
BOOT_CFLAGS=-g -O2 -mdynamic-no-pic