This is the mail archive of the
gcc-testresults@gcc.gnu.org
mailing list for the GCC project.
Results for 4.3.0 20061107 (experimental) gcc testsuite on mips-unknown-elf
- From: mstein at phenix dot rootshell dot be (mstein)
- To: gcc-testresults at gcc dot gnu dot org
- Date: Wed, 8 Nov 2006 17:01:12 +0100 (CET)
- Subject: Results for 4.3.0 20061107 (experimental) gcc testsuite on mips-unknown-elf
Ubuntu 5 on pentium3-smp
cross tool versions:
GNU assembler 2.17.50 20061105
GNU gdb 6.5.50.20061105-cvs
GNU ld version 2.17.50 20061105
GNU Make 3.80
expect version 5.42.1
host gcc version: gcc (GCC) 4.3.0 20061105 (experimental)
LAST_UPDATED: Tue Nov 7 01:21:58 UTC 2006 (revision 118537)
Target is mips-unknown-elf
Host is i686-pc-linux-gnu
=== gcc tests ===
Running target mips-sim
FAIL: gcc.c-torture/execute/mayalias-2.c compilation, -O3 -g (internal compiler error)
UNRESOLVED: gcc.c-torture/execute/mayalias-2.c execution, -O3 -g
FAIL: gcc.dg/cpp/trad/include.c (test for excess errors)
FAIL: gcc.dg/builtins-57.c scan-tree-dump trunc
XPASS: gcc.dg/tree-ssa/20040204-1.c scan-tree-dump-times link_error 0
FAIL: gcc.dg/tree-ssa/loadpre1.c scan-tree-dump-times Eliminated: 1 1
FAIL: gcc.dg/tree-ssa/loadpre14.c scan-tree-dump-times Eliminated: 1 1
FAIL: gcc.dg/tree-ssa/loadpre15.c scan-tree-dump-times Eliminated: 1 1
FAIL: gcc.target/i386/math-torture/lceil.c -O0 (internal compiler error)
FAIL: gcc.target/i386/math-torture/lceil.c -O0 (test for excess errors)
FAIL: gcc.target/i386/math-torture/lceil.c -O1 (internal compiler error)
FAIL: gcc.target/i386/math-torture/lceil.c -O1 (test for excess errors)
FAIL: gcc.target/i386/math-torture/lceil.c -O2 (internal compiler error)
FAIL: gcc.target/i386/math-torture/lceil.c -O2 (test for excess errors)
FAIL: gcc.target/i386/math-torture/lceil.c -O3 -fomit-frame-pointer (internal compiler error)
FAIL: gcc.target/i386/math-torture/lceil.c -O3 -fomit-frame-pointer (test for excess errors)
FAIL: gcc.target/i386/math-torture/lceil.c -O3 -g (internal compiler error)
FAIL: gcc.target/i386/math-torture/lceil.c -O3 -g (test for excess errors)
FAIL: gcc.target/i386/math-torture/lceil.c -Os (internal compiler error)
FAIL: gcc.target/i386/math-torture/lceil.c -Os (test for excess errors)
FAIL: gcc.target/i386/math-torture/lfloor.c -O0 (internal compiler error)
FAIL: gcc.target/i386/math-torture/lfloor.c -O0 (test for excess errors)
FAIL: gcc.target/i386/math-torture/lfloor.c -O1 (internal compiler error)
FAIL: gcc.target/i386/math-torture/lfloor.c -O1 (test for excess errors)
FAIL: gcc.target/i386/math-torture/lfloor.c -O2 (internal compiler error)
FAIL: gcc.target/i386/math-torture/lfloor.c -O2 (test for excess errors)
FAIL: gcc.target/i386/math-torture/lfloor.c -O3 -fomit-frame-pointer (internal compiler error)
FAIL: gcc.target/i386/math-torture/lfloor.c -O3 -fomit-frame-pointer (test for excess errors)
FAIL: gcc.target/i386/math-torture/lfloor.c -O3 -g (internal compiler error)
FAIL: gcc.target/i386/math-torture/lfloor.c -O3 -g (test for excess errors)
FAIL: gcc.target/i386/math-torture/lfloor.c -Os (internal compiler error)
FAIL: gcc.target/i386/math-torture/lfloor.c -Os (test for excess errors)
=== gcc Summary ===
# of expected passes 40473
# of unexpected failures 30
# of unexpected successes 1
# of expected failures 74
# of unresolved testcases 1
# of untested testcases 28
# of unsupported tests 362
/home/mstein/sim/mips-elf/build/gcc/xgcc version 4.3.0 20061107 (experimental)
Compiler version: 4.3.0 20061107 (experimental) gcc
Platform: mips-unknown-elf
configure flags: --target=mips-elf --prefix=/n/07/mstein/cross-local/mips-elf --disable-nls --disable-build-warnings --with-ld=/n/07/mstein/cross-local/mips-elf/bin/mips-elf-ld --with-as=/n/07/mstein/cross-local/mips-elf/bin/mips-elf-as --disable-libssp --with-gmp=/n/07/mstein/gmp-stuff --enable-languages=c