This is the mail archive of the
gcc-testresults@gcc.gnu.org
mailing list for the GCC project.
Results for 4.3.0 20061031 (experimental) testsuite on x86_64-suse-linux-gnu
- From: aj at suse dot de (Andreas Jaeger)
- To: gcc-testresults at gcc dot gnu dot org
- Date: Tue, 31 Oct 2006 08:10:07 UT
- Subject: Results for 4.3.0 20061031 (experimental) testsuite on x86_64-suse-linux-gnu
Bootstrap and regtesting on x86_64-suse-linux-gnu.
SVN sources: mainline.
LAST_UPDATED: Tue Oct 31 03:57:47 UTC 2006 (revision 118218)
=== acats tests ===
FAIL: cdd2a02
FAIL: cxh1001
=== acats Summary ===
# of expected passes 2313
# of unexpected failures 2
Native configuration is x86_64-suse-linux-gnu
=== gcc tests ===
Running target unix/-m32
FAIL: gcc.c-torture/execute/mayalias-2.c compilation, -O3 -g (internal compiler error)
UNRESOLVED: gcc.c-torture/execute/mayalias-2.c execution, -O3 -g
XPASS: gcc.dg/cpp/cmdlne-dI-M.c scan-file (^|\\\\n)cmdlne-dI-M.*:[^\\\\n]*cmdlne-dI-M.c
XPASS: gcc.dg/cpp/cmdlne-dM-M.c scan-file (^|\\\\n)cmdlne-dM-M[^\\\\n]*:[^\\\\n]*cmdlne-dM-M.c
FAIL: gcc.dg/tree-ssa/loadpre1.c scan-tree-dump-times Eliminated: 1 1
FAIL: gcc.dg/tree-ssa/loadpre14.c scan-tree-dump-times Eliminated: 1 1
FAIL: gcc.dg/tree-ssa/loadpre15.c scan-tree-dump-times Eliminated: 1 1
=== gcc Summary for unix/-m32 ===
# of expected passes 41913
# of unexpected failures 4
# of unexpected successes 2
# of expected failures 110
# of unresolved testcases 1
# of untested testcases 28
# of unsupported tests 290
Running target unix
FAIL: gcc.c-torture/execute/mayalias-2.c compilation, -O3 -g (internal compiler error)
UNRESOLVED: gcc.c-torture/execute/mayalias-2.c execution, -O3 -g
XPASS: gcc.dg/cpp/cmdlne-dI-M.c scan-file (^|\\\\n)cmdlne-dI-M.*:[^\\\\n]*cmdlne-dI-M.c
XPASS: gcc.dg/cpp/cmdlne-dM-M.c scan-file (^|\\\\n)cmdlne-dM-M[^\\\\n]*:[^\\\\n]*cmdlne-dM-M.c
WARNING: gcc.dg/torture/fp-int-convert-float128-timode.c -O0 compilation failed to produce executable
WARNING: gcc.dg/torture/fp-int-convert-float128-timode.c -O1 compilation failed to produce executable
WARNING: gcc.dg/torture/fp-int-convert-float128-timode.c -O2 compilation failed to produce executable
WARNING: gcc.dg/torture/fp-int-convert-float128-timode.c -O3 -fomit-frame-pointer compilation failed to produce executable
WARNING: gcc.dg/torture/fp-int-convert-float128-timode.c -O3 -g compilation failed to produce executable
WARNING: gcc.dg/torture/fp-int-convert-float128-timode.c -Os compilation failed to produce executable
WARNING: gcc.dg/torture/fp-int-convert-float128.c -O0 compilation failed to produce executable
WARNING: gcc.dg/torture/fp-int-convert-float128.c -O1 compilation failed to produce executable
WARNING: gcc.dg/torture/fp-int-convert-float128.c -O2 compilation failed to produce executable
WARNING: gcc.dg/torture/fp-int-convert-float128.c -O3 -fomit-frame-pointer compilation failed to produce executable
WARNING: gcc.dg/torture/fp-int-convert-float128.c -O3 -g compilation failed to produce executable
WARNING: gcc.dg/torture/fp-int-convert-float128.c -Os compilation failed to produce executable
FAIL: gcc.dg/tree-ssa/loadpre1.c scan-tree-dump-times Eliminated: 1 1
FAIL: gcc.dg/tree-ssa/loadpre14.c scan-tree-dump-times Eliminated: 1 1
FAIL: gcc.dg/tree-ssa/loadpre15.c scan-tree-dump-times Eliminated: 1 1
=== gcc Summary for unix ===
# of expected passes 41766
# of unexpected failures 4
# of unexpected successes 2
# of expected failures 121
# of unresolved testcases 1
# of untested testcases 28
# of unsupported tests 392
=== gcc Summary ===
# of expected passes 83679
# of unexpected failures 8
# of unexpected successes 4
# of expected failures 231
# of unresolved testcases 2
# of untested testcases 56
# of unsupported tests 682
/abuild/aj/gcc/4.3-devel/gcc/xgcc version 4.3.0 20061031 (experimental)
=== gfortran tests ===
Running target unix/-m32
=== gfortran Summary for unix/-m32 ===
# of expected passes 14988
# of expected failures 7
# of unsupported tests 16
Running target unix
=== gfortran Summary for unix ===
# of expected passes 14987
# of expected failures 7
# of unsupported tests 17
=== gfortran Summary ===
# of expected passes 29975
# of expected failures 14
# of unsupported tests 33
/abuild/aj/gcc/4.3-devel/gcc/testsuite/gfortran/../../gfortran version 4.3.0 20061031 (experimental)
=== g++ tests ===
Running target unix/-m32
XPASS: g++.dg/tree-ssa/ivopts-1.C scan-tree-dump-not offset: -4B
XPASS: g++.dg/tree-ssa/ivopts-1.C scan-tree-dump-not &x\\[5\\]
=== g++ Summary for unix/-m32 ===
# of expected passes 13239
# of unexpected successes 2
# of expected failures 67
# of unsupported tests 73
Running target unix
XPASS: g++.dg/tree-ssa/ivopts-1.C scan-tree-dump-not &x\\[5\\]
=== g++ Summary for unix ===
# of expected passes 13154
# of unexpected successes 1
# of expected failures 68
# of unsupported tests 102
=== g++ Summary ===
# of expected passes 26393
# of unexpected successes 3
# of expected failures 135
# of unsupported tests 175
/abuild/aj/gcc/4.3-devel/gcc/testsuite/g++/../../g++ version 4.3.0 20061031 (experimental)
=== gnat tests ===
Running target unix/-m32
FAIL: gnat.dg/address_conversion.adb (test for excess errors)
FAIL: gnat.dg/address_conversion.adb execution test
FAIL: gnat.dg/in_out_parameter.adb (test for excess errors)
FAIL: gnat.dg/in_out_parameter.adb execution test
FAIL: gnat.dg/outer_agg_bitfield_constructor.adb (test for excess errors)
FAIL: gnat.dg/outer_agg_bitfield_constructor.adb execution test
FAIL: gnat.dg/pointer_conversion.adb (test for excess errors)
FAIL: gnat.dg/pointer_conversion.adb execution test
FAIL: gnat.dg/scalar_mode_agg_compare.adb (test for excess errors)
FAIL: gnat.dg/scalar_mode_agg_compare.adb execution test
FAIL: gnat.dg/self_aggregate_with_array.adb (test for excess errors)
FAIL: gnat.dg/self_aggregate_with_array.adb execution test
FAIL: gnat.dg/self_aggregate_with_pointer.adb (test for excess errors)
FAIL: gnat.dg/self_aggregate_with_pointer.adb execution test
FAIL: gnat.dg/self_aggregate_with_zeros.adb (test for excess errors)
FAIL: gnat.dg/self_aggregate_with_zeros.adb execution test
FAIL: gnat.dg/string_slice.adb (test for excess errors)
FAIL: gnat.dg/string_slice.adb execution test
=== gnat Summary for unix/-m32 ===
# of expected passes 16
# of unexpected failures 18
Running target unix
FAIL: gnat.dg/address_conversion.adb (test for excess errors)
FAIL: gnat.dg/address_conversion.adb execution test
FAIL: gnat.dg/frame_overflow.adb (test for errors, line 12)
FAIL: gnat.dg/frame_overflow.adb (test for errors, line 21)
FAIL: gnat.dg/in_out_parameter.adb (test for excess errors)
FAIL: gnat.dg/in_out_parameter.adb execution test
FAIL: gnat.dg/outer_agg_bitfield_constructor.adb (test for excess errors)
FAIL: gnat.dg/outer_agg_bitfield_constructor.adb execution test
FAIL: gnat.dg/pointer_conversion.adb (test for excess errors)
FAIL: gnat.dg/pointer_conversion.adb execution test
FAIL: gnat.dg/scalar_mode_agg_compare.adb (test for excess errors)
FAIL: gnat.dg/scalar_mode_agg_compare.adb execution test
FAIL: gnat.dg/self_aggregate_with_array.adb (test for excess errors)
FAIL: gnat.dg/self_aggregate_with_array.adb execution test
FAIL: gnat.dg/self_aggregate_with_pointer.adb (test for excess errors)
FAIL: gnat.dg/self_aggregate_with_pointer.adb execution test
FAIL: gnat.dg/self_aggregate_with_zeros.adb (test for excess errors)
FAIL: gnat.dg/self_aggregate_with_zeros.adb execution test
FAIL: gnat.dg/string_slice.adb (test for excess errors)
=== gnat Summary for unix ===
# of expected passes 15
# of unexpected failures 19
=== gnat Summary ===
# of expected passes 31
# of unexpected failures 37
=== objc tests ===
Running target unix/-m32
=== objc Summary for unix/-m32 ===
# of expected passes 1760
# of expected failures 7
# of unsupported tests 24
Running target unix
=== objc Summary for unix ===
# of expected passes 1760
# of expected failures 7
# of unsupported tests 24
=== objc Summary ===
# of expected passes 3520
# of expected failures 14
# of unsupported tests 48
/abuild/aj/gcc/4.3-devel/gcc/xgcc version 4.3.0 20061031 (experimental)
=== treelang tests ===
Running target unix/-m32
FAIL: treelang/compile/var_defs.tree (test for excess errors)
=== treelang Summary for unix/-m32 ===
# of expected passes 49
# of unexpected failures 1
Running target unix
FAIL: treelang/compile/var_defs.tree (test for excess errors)
=== treelang Summary for unix ===
# of expected passes 49
# of unexpected failures 1
=== treelang Summary ===
# of expected passes 98
# of unexpected failures 2
=== libffi tests ===
Running target unix/-m32
FAIL: libffi.call/return_fl2.c -O0 -W -Wall execution test
FAIL: libffi.call/return_fl2.c -O2 execution test
FAIL: libffi.call/return_fl2.c -O3 execution test
FAIL: libffi.call/return_fl2.c -Os execution test
=== libffi Summary for unix/-m32 ===
# of expected passes 1080
# of unexpected failures 4
# of unsupported tests 8
Running target unix
=== libffi Summary for unix ===
# of expected passes 1084
# of unsupported tests 8
=== libffi Summary ===
# of expected passes 2164
# of unexpected failures 4
# of unsupported tests 16
=== libgomp tests ===
Running target unix/-m32
FAIL: libgomp.c/ordered-2.c (test for excess errors)
WARNING: libgomp.c/ordered-2.c compilation failed to produce executable
=== libgomp Summary for unix/-m32 ===
# of expected passes 1542
# of unexpected failures 1
Running target unix
=== libgomp Summary for unix ===
# of expected passes 1544
=== libgomp Summary ===
# of expected passes 3086
# of unexpected failures 1
=== libjava tests ===
Running target unix/-m32
=== libjava Summary for unix/-m32 ===
# of expected passes 7006
# of expected failures 12
# of untested testcases 8
Running target unix
=== libjava Summary for unix ===
# of expected passes 7006
# of expected failures 12
# of untested testcases 8
=== libjava Summary ===
# of expected passes 14012
# of expected failures 24
# of untested testcases 16
=== libmudflap tests ===
Running target unix/-m32
=== libmudflap Summary for unix/-m32 ===
# of expected passes 1814
Running target unix
=== libmudflap Summary for unix ===
# of expected passes 1814
=== libmudflap Summary ===
# of expected passes 3628
=== libstdc++ tests ===
Running target unix/-m32
XPASS: 26_numerics/cmath/c99_classification_macros_c.cc (test for excess errors)
FAIL: ext/bitmap_allocator/check_allocate_max_size.cc execution test
=== libstdc++ Summary for unix/-m32 ===
# of expected passes 4452
# of unexpected failures 1
# of unexpected successes 1
# of expected failures 15
Running target unix
XPASS: 26_numerics/cmath/c99_classification_macros_c.cc (test for excess errors)
XPASS: 27_io/fpos/14320-1.cc execution test
=== libstdc++ Summary for unix ===
# of expected passes 4453
# of unexpected successes 2
# of expected failures 14
=== libstdc++ Summary ===
# of expected passes 8905
# of unexpected failures 1
# of unexpected successes 3
# of expected failures 29
Compiler version: 4.3.0 20061031 (experimental)
Platform: x86_64-suse-linux-gnu
configure flags: --prefix=/opt/gcc/4.3-devel --enable-checking=yes,rtl --enable-threads=posix --enable-clocale=gnu --enable-__cxa_atexit --enable-shared --with-system-zlib x86_64-suse-linux-gnu --enable-languages=c,ada,c++,fortran,java,objc,treelang
Version of binutils: GNU ld version 2.16.91.0.5 20051219 (SUSE Linux)
Version of glibc (/lib/libc.so.6): 2.4 (20060526)
Version of glibc (/lib64/libc.so.6): 2.4 (20060526)