This is the mail archive of the
gcc-testresults@gcc.gnu.org
mailing list for the GCC project.
Results for 4.3.0 20061022 (experimental) testsuite on x86_64-pc-linux-gnu
- From: Matthias Klose <doko at debian dot org>
- To: gcc-testresults at gcc dot gnu dot org
- Cc: debian-gcc at lists dot debian dot org
- Date: Thu, 26 Oct 2006 17:57:48 -0600
- Subject: Results for 4.3.0 20061022 (experimental) testsuite on x86_64-pc-linux-gnu
- Reply-to: Matthias Klose <doko at debian dot org>
LAST_UPDATED: Sun Oct 22 16:43:12 UTC 2006 (revision 117957)
=== acats tests ===
FAIL: c35507m
FAIL: ca11c03
FAIL: cd2a23e
FAIL: cdd2a02
FAIL: cxh1001
=== acats Summary ===
# of expected passes 2310
# of unexpected failures 5
Native configuration is x86_64-pc-linux-gnu
=== g++ tests ===
Running target unix
XPASS: g++.dg/tree-ssa/ivopts-1.C scan-tree-dump-not &x\\[5\\]
=== g++ Summary for unix ===
# of expected passes 13149
# of unexpected successes 1
# of expected failures 68
# of unsupported tests 101
Running target unix/-m32
XPASS: g++.dg/tree-ssa/ivopts-1.C scan-tree-dump-not offset: -4B
XPASS: g++.dg/tree-ssa/ivopts-1.C scan-tree-dump-not &x\\[5\\]
=== g++ Summary for unix/-m32 ===
# of expected passes 13234
# of unexpected successes 2
# of expected failures 67
# of unsupported tests 72
=== g++ Summary ===
# of expected passes 26383
# of unexpected successes 3
# of expected failures 135
# of unsupported tests 173
/home/tbm/build/gcc-snapshot-20061022/build/gcc/testsuite/g++/../../g++ version 4.3.0 20061022 (experimental)
=== gcc tests ===
Running target unix
FAIL: gcc.c-torture/execute/builtin-prefetch-1.c execution, -O0
FAIL: gcc.c-torture/execute/builtin-prefetch-1.c execution, -O1
FAIL: gcc.c-torture/execute/builtin-prefetch-1.c execution, -O2
FAIL: gcc.c-torture/execute/builtin-prefetch-1.c execution, -O3 -fomit-frame-pointer
FAIL: gcc.c-torture/execute/builtin-prefetch-1.c execution, -O3 -g
FAIL: gcc.c-torture/execute/builtin-prefetch-1.c execution, -Os
FAIL: gcc.c-torture/execute/builtin-prefetch-6.c execution, -O0
FAIL: gcc.c-torture/execute/builtin-prefetch-6.c execution, -O1
FAIL: gcc.c-torture/execute/builtin-prefetch-6.c execution, -O2
FAIL: gcc.c-torture/execute/builtin-prefetch-6.c execution, -O3 -fomit-frame-pointer
FAIL: gcc.c-torture/execute/builtin-prefetch-6.c execution, -O3 -fomit-frame-pointer -funroll-loops
FAIL: gcc.c-torture/execute/builtin-prefetch-6.c execution, -O3 -fomit-frame-pointer -funroll-all-loops -finline-functions
FAIL: gcc.c-torture/execute/builtin-prefetch-6.c execution, -O3 -g
FAIL: gcc.c-torture/execute/builtin-prefetch-6.c execution, -Os
FAIL: gcc.c-torture/execute/mayalias-2.c compilation, -O3 -g (internal compiler error)
UNRESOLVED: gcc.c-torture/execute/mayalias-2.c execution, -O3 -g
FAIL: gcc.dg/builtin-prefetch-1.c execution test
UNRESOLVED: gcc.dg/torture/fp-int-convert-float128-timode.c -O0 compilation failed to produce executable
UNRESOLVED: gcc.dg/torture/fp-int-convert-float128-timode.c -O1 compilation failed to produce executable
UNRESOLVED: gcc.dg/torture/fp-int-convert-float128-timode.c -O2 compilation failed to produce executable
UNRESOLVED: gcc.dg/torture/fp-int-convert-float128-timode.c -O3 -fomit-frame-pointer compilation failed to produce executable
UNRESOLVED: gcc.dg/torture/fp-int-convert-float128-timode.c -O3 -g compilation failed to produce executable
UNRESOLVED: gcc.dg/torture/fp-int-convert-float128-timode.c -Os compilation failed to produce executable
UNRESOLVED: gcc.dg/torture/fp-int-convert-float128.c -O0 compilation failed to produce executable
UNRESOLVED: gcc.dg/torture/fp-int-convert-float128.c -O1 compilation failed to produce executable
UNRESOLVED: gcc.dg/torture/fp-int-convert-float128.c -O2 compilation failed to produce executable
UNRESOLVED: gcc.dg/torture/fp-int-convert-float128.c -O3 -fomit-frame-pointer compilation failed to produce executable
UNRESOLVED: gcc.dg/torture/fp-int-convert-float128.c -O3 -g compilation failed to produce executable
UNRESOLVED: gcc.dg/torture/fp-int-convert-float128.c -Os compilation failed to produce executable
FAIL: gcc.dg/tree-ssa/loadpre1.c scan-tree-dump-times Eliminated: 1 1
FAIL: gcc.dg/tree-ssa/loadpre14.c scan-tree-dump-times Eliminated: 1 1
FAIL: gcc.dg/tree-ssa/loadpre15.c scan-tree-dump-times Eliminated: 1 1
=== gcc Summary for unix ===
# of expected passes 41365
# of unexpected failures 19
# of expected failures 123
# of unresolved testcases 13
# of untested testcases 28
# of unsupported tests 392
Running target unix/-m32
FAIL: gcc.c-torture/execute/mayalias-2.c compilation, -O3 -g (internal compiler error)
UNRESOLVED: gcc.c-torture/execute/mayalias-2.c execution, -O3 -g
FAIL: gcc.dg/tree-ssa/loadpre1.c scan-tree-dump-times Eliminated: 1 1
FAIL: gcc.dg/tree-ssa/loadpre14.c scan-tree-dump-times Eliminated: 1 1
FAIL: gcc.dg/tree-ssa/loadpre15.c scan-tree-dump-times Eliminated: 1 1
=== gcc Summary for unix/-m32 ===
# of expected passes 41527
# of unexpected failures 4
# of expected failures 112
# of unresolved testcases 1
# of untested testcases 28
# of unsupported tests 290
=== gcc Summary ===
# of expected passes 82892
# of unexpected failures 23
# of expected failures 235
# of unresolved testcases 14
# of untested testcases 56
# of unsupported tests 682
/home/tbm/build/gcc-snapshot-20061022/build/gcc/xgcc version 4.3.0 20061022 (experimental)
=== gfortran tests ===
Running target unix
XPASS: gfortran.dg/csqrt_2.f -O0 execution test
XPASS: gfortran.dg/csqrt_2.f -O1 execution test
XPASS: gfortran.dg/csqrt_2.f -O2 execution test
XPASS: gfortran.dg/csqrt_2.f -O3 -fomit-frame-pointer execution test
XPASS: gfortran.dg/csqrt_2.f -O3 -fomit-frame-pointer -funroll-loops execution test
XPASS: gfortran.dg/csqrt_2.f -O3 -fomit-frame-pointer -funroll-all-loops -finline-functions execution test
XPASS: gfortran.dg/csqrt_2.f -O3 -g execution test
XPASS: gfortran.dg/csqrt_2.f -Os execution test
=== gfortran Summary for unix ===
# of expected passes 14838
# of unexpected successes 8
# of expected failures 7
# of unsupported tests 17
Running target unix/-m32
XPASS: gfortran.dg/csqrt_2.f -O0 execution test
XPASS: gfortran.dg/csqrt_2.f -O1 execution test
XPASS: gfortran.dg/csqrt_2.f -O2 execution test
XPASS: gfortran.dg/csqrt_2.f -O3 -fomit-frame-pointer execution test
XPASS: gfortran.dg/csqrt_2.f -O3 -fomit-frame-pointer -funroll-loops execution test
XPASS: gfortran.dg/csqrt_2.f -O3 -fomit-frame-pointer -funroll-all-loops -finline-functions execution test
XPASS: gfortran.dg/csqrt_2.f -O3 -g execution test
XPASS: gfortran.dg/csqrt_2.f -Os execution test
=== gfortran Summary for unix/-m32 ===
# of expected passes 14839
# of unexpected successes 8
# of expected failures 7
# of unsupported tests 16
=== gfortran Summary ===
# of expected passes 29677
# of unexpected successes 16
# of expected failures 14
# of unsupported tests 33
/home/tbm/build/gcc-snapshot-20061022/build/gcc/testsuite/gfortran/../../gfortran version 4.3.0 20061022 (experimental)
=== gnat tests ===
Running target unix
FAIL: gnat.dg/frame_overflow.adb (test for errors, line 12)
FAIL: gnat.dg/frame_overflow.adb (test for errors, line 21)
=== gnat Summary for unix ===
# of expected passes 32
# of unexpected failures 2
Running target unix/-m32
FAIL: gnat.dg/address_conversion.adb (test for excess errors)
FAIL: gnat.dg/address_conversion.adb execution test
FAIL: gnat.dg/in_out_parameter.adb (test for excess errors)
FAIL: gnat.dg/in_out_parameter.adb execution test
FAIL: gnat.dg/outer_agg_bitfield_constructor.adb (test for excess errors)
FAIL: gnat.dg/outer_agg_bitfield_constructor.adb execution test
FAIL: gnat.dg/pointer_conversion.adb (test for excess errors)
FAIL: gnat.dg/pointer_conversion.adb execution test
FAIL: gnat.dg/scalar_mode_agg_compare.adb (test for excess errors)
FAIL: gnat.dg/scalar_mode_agg_compare.adb execution test
FAIL: gnat.dg/self_aggregate_with_array.adb (test for excess errors)
FAIL: gnat.dg/self_aggregate_with_array.adb execution test
FAIL: gnat.dg/self_aggregate_with_pointer.adb (test for excess errors)
FAIL: gnat.dg/self_aggregate_with_pointer.adb execution test
FAIL: gnat.dg/self_aggregate_with_zeros.adb (test for excess errors)
FAIL: gnat.dg/self_aggregate_with_zeros.adb execution test
FAIL: gnat.dg/string_slice.adb (test for excess errors)
FAIL: gnat.dg/string_slice.adb execution test
=== gnat Summary for unix/-m32 ===
# of expected passes 16
# of unexpected failures 18
=== gnat Summary ===
# of expected passes 48
# of unexpected failures 20
=== obj-c++ tests ===
Running target unix
FAIL: obj-c++.dg/bitfield-1.mm (test for excess errors)
FAIL: obj-c++.dg/bitfield-4.mm (test for excess errors)
FAIL: obj-c++.dg/comp-types-10.mm (internal compiler error)
FAIL: obj-c++.dg/comp-types-10.mm (test for excess errors)
FAIL: obj-c++.dg/cxx-ivars-2.mm execution test
FAIL: obj-c++.dg/encode-8.mm execution test
FAIL: obj-c++.dg/isa-field-1.mm (test for excess errors)
FAIL: obj-c++.dg/layout-1.mm (test for excess errors)
FAIL: obj-c++.dg/lookup-2.mm (test for excess errors)
UNRESOLVED: obj-c++.dg/lookup-2.mm compilation failed to produce executable
FAIL: obj-c++.dg/try-catch-2.mm (test for excess errors)
UNRESOLVED: obj-c++.dg/try-catch-2.mm compilation failed to produce executable
FAIL: obj-c++.dg/try-catch-9.mm (internal compiler error)
FAIL: obj-c++.dg/try-catch-9.mm (test for excess errors)
UNRESOLVED: obj-c++.dg/try-catch-9.mm compilation failed to produce executable
=== obj-c++ Summary for unix ===
# of expected passes 425
# of unexpected failures 12
# of unresolved testcases 3
# of unsupported tests 13
Running target unix/-m32
FAIL: obj-c++.dg/comp-types-10.mm (internal compiler error)
FAIL: obj-c++.dg/comp-types-10.mm (test for excess errors)
FAIL: obj-c++.dg/cxx-ivars-2.mm execution test
FAIL: obj-c++.dg/encode-8.mm execution test
FAIL: obj-c++.dg/isa-field-1.mm (test for excess errors)
FAIL: obj-c++.dg/lookup-2.mm (test for excess errors)
UNRESOLVED: obj-c++.dg/lookup-2.mm compilation failed to produce executable
FAIL: obj-c++.dg/try-catch-2.mm (test for excess errors)
UNRESOLVED: obj-c++.dg/try-catch-2.mm compilation failed to produce executable
FAIL: obj-c++.dg/try-catch-9.mm (internal compiler error)
FAIL: obj-c++.dg/try-catch-9.mm (test for excess errors)
UNRESOLVED: obj-c++.dg/try-catch-9.mm compilation failed to produce executable
=== obj-c++ Summary for unix/-m32 ===
# of expected passes 428
# of unexpected failures 9
# of unresolved testcases 3
# of unsupported tests 13
=== obj-c++ Summary ===
# of expected passes 853
# of unexpected failures 21
# of unresolved testcases 6
# of unsupported tests 26
/home/tbm/build/gcc-snapshot-20061022/build/gcc/testsuite/obj-c++/../../g++ version 4.3.0 20061022 (experimental)
=== objc tests ===
Running target unix
=== objc Summary for unix ===
# of expected passes 1760
# of expected failures 7
# of unsupported tests 24
Running target unix/-m32
=== objc Summary for unix/-m32 ===
# of expected passes 1760
# of expected failures 7
# of unsupported tests 24
=== objc Summary ===
# of expected passes 3520
# of expected failures 14
# of unsupported tests 48
/home/tbm/build/gcc-snapshot-20061022/build/gcc/xgcc version 4.3.0 20061022 (experimental)
=== treelang tests ===
Running target unix
FAIL: treelang/compile/var_defs.tree (test for excess errors)
=== treelang Summary for unix ===
# of expected passes 49
# of unexpected failures 1
Running target unix/-m32
FAIL: treelang/compile/var_defs.tree (test for excess errors)
=== treelang Summary for unix/-m32 ===
# of expected passes 49
# of unexpected failures 1
=== treelang Summary ===
# of expected passes 98
# of unexpected failures 2
=== libffi tests ===
Running target unix
=== libffi Summary for unix ===
# of expected passes 1084
# of unsupported tests 8
Running target unix/-m32
FAIL: libffi.call/return_fl2.c -O0 -W -Wall execution test
FAIL: libffi.call/return_fl2.c -O2 execution test
FAIL: libffi.call/return_fl2.c -O3 execution test
FAIL: libffi.call/return_fl2.c -Os execution test
=== libffi Summary for unix/-m32 ===
# of expected passes 1080
# of unexpected failures 4
# of unsupported tests 8
=== libffi Summary ===
# of expected passes 2164
# of unexpected failures 4
# of unsupported tests 16
=== libgomp tests ===
Running target unix
=== libgomp Summary for unix ===
# of expected passes 1528
Running target unix/-m32
=== libgomp Summary for unix/-m32 ===
# of expected passes 1528
=== libgomp Summary ===
# of expected passes 3056
=== libjava tests ===
Running target unix
=== libjava Summary for unix ===
# of expected passes 7006
# of expected failures 12
# of untested testcases 8
Running target unix/-m32
=== libjava Summary for unix/-m32 ===
# of expected passes 7006
# of expected failures 12
# of untested testcases 8
=== libjava Summary ===
# of expected passes 14012
# of expected failures 24
# of untested testcases 16
=== libmudflap tests ===
Running target unix
=== libmudflap Summary for unix ===
# of expected passes 1814
Running target unix/-m32
=== libmudflap Summary for unix/-m32 ===
# of expected passes 1814
=== libmudflap Summary ===
# of expected passes 3628
=== libstdc++ tests ===
Running target unix
XPASS: 26_numerics/cmath/c99_classification_macros_c.cc (test for excess errors)
XPASS: 27_io/fpos/14320-1.cc execution test
=== libstdc++ Summary for unix ===
# of expected passes 3813
# of unexpected successes 2
# of expected failures 14
# of unsupported tests 320
Running target unix/-m32
XPASS: 26_numerics/cmath/c99_classification_macros_c.cc (test for excess errors)
=== libstdc++ Summary for unix/-m32 ===
# of expected passes 3813
# of unexpected successes 1
# of expected failures 15
# of unsupported tests 320
=== libstdc++ Summary ===
# of expected passes 7626
# of unexpected successes 3
# of expected failures 29
# of unsupported tests 640
Compiler version: 4.3.0 20061022 (experimental)
Platform: x86_64-pc-linux-gnu
configure flags: -v --prefix=/usr/lib/gcc-snapshot --enable-shared --with-system-zlib --disable-nls --enable-__cxa_atexit --enable-clocale=gnu --enable-libstdcxx-debug --enable-java-awt=gtk-default,qt-default --enable-gtk-cairo --with-java-home=/usr/lib/gcc-snapshot/jre --enable-objc-gc --enable-mpfr --disable-werror x86_64-linux-gnu --enable-languages=c,ada,c++,fortran,java,objc,obj-c++,treelang
BOOT_CFLAGS=-O2
Build Dependencies:
Desired=Unknown/Install/Remove/Purge/Hold
| Status=Not/Installed/Config-files/Unpacked/Failed-config/Half-installed
|/ Err?=(none)/Hold/Reinst-required/X=both-problems (Status,Err: uppercase=bad)
||/ Name Version Description
+++-==============-==============-==============================================
ii binutils 2.17-3 The GNU assembler, linker and binary utilities
Patches that Debian applied in this version:
cpu-default-i486:
set default 32bit ix86 architecture to i486
reporting:
Add Debian URL for bug reporting instructions.
gcc-ice-hack:
2004-01-23 Jakub Jelinek <jakub@redhat.com>
* system.h (ICE_EXIT_CODE): Define.
* gcc.c (execute): Don't free first string early, but at the end
of the function. Call retry_ice if compiler exited with
ICE_EXIT_CODE.
(retry_ice): New function.
* diagnostic.c (diagnostic_count_diagnostic,
diagnostic_action_after_output, error_recursion): Exit with
ICE_EXIT_CODE instead of FATAL_EXIT_CODE.
multiarch-include:
biarch-include.dpatch
Adds biarch include directories
/usr/local/include/<arch>-linux-gnu
/usr/include/<arch>-linux-gnu
to the system include paths, depending on 32/64 bit mode.
libjava-qt-peer:
Add standard C++ include directores when building the QT peer library.
ada-driver-check:
Simplify Ada driver check (we always build using the required
Ada version. Needed for warnings on alpha.
libjava-biarch-awt:
config-ml:
disable some biarch libraries for biarch builds
libjava-biarch-alsa:
Fix linking with the correct biarch asound library
amd64-biarch:
Set MULTILIB_OSDIRNAMES to the correct multilib path names for amd64.
libjava-ia32fix:
fix/hack to build 32bit libjava on amd64.
Counting all warnings,
there are 0 warnings in stage3 of this bootstrap.
Number of warnings per file:
Number of warning types: