This is the mail archive of the
gcc-testresults@gcc.gnu.org
mailing list for the GCC project.
Results for 4.2.0 20061017 (experimental) testsuite on hppa-unknown-linux-gnu
- From: dave at hiauly6 dot hia dot nrc dot ca (John David Anglin)
- To: dave at hiauly6 dot hia dot nrc dot ca, gcc-testresults at gcc dot gnu dot org
- Date: Wed, 18 Oct 2006 18:36:17 -0400 (EDT)
- Subject: Results for 4.2.0 20061017 (experimental) testsuite on hppa-unknown-linux-gnu
LAST_UPDATED: Tue Oct 17 23:13:51 UTC 2006 (revision 117837)
=== acats tests ===
FAIL: c35507m
FAIL: c37215h
FAIL: cd2a23e
FAIL: cxh1001
=== acats Summary ===
# of expected passes 2311
# of unexpected failures 4
Native configuration is hppa-unknown-linux-gnu
=== g++ tests ===
Running target unix
XPASS: g++.dg/tree-ssa/ivopts-1.C scan-tree-dump-not offset: -4B
XPASS: g++.dg/tree-ssa/ivopts-1.C scan-tree-dump-not &x\\[5\\]
=== g++ Summary ===
# of expected passes 13132
# of unexpected successes 2
# of expected failures 66
# of unsupported tests 114
/home/dave/gnu/gcc-4.2/objdir/gcc/testsuite/g++/../../g++ version 4.2.0 20061017 (experimental)
=== gcc tests ===
Running target unix
WARNING: program timed out.
FAIL: gcc.c-torture/compile/20001226-1.c -O2 (test for excess errors)
WARNING: program timed out.
FAIL: gcc.c-torture/compile/20001226-1.c -O3 -fomit-frame-pointer (test for excess errors)
WARNING: program timed out.
FAIL: gcc.c-torture/compile/20001226-1.c -O3 -g (test for excess errors)
WARNING: program timed out.
FAIL: gcc.c-torture/compile/20001226-1.c -Os (test for excess errors)
FAIL: gcc.c-torture/execute/mayalias-2.c compilation, -O3 -g (internal compiler error)
UNRESOLVED: gcc.c-torture/execute/mayalias-2.c execution, -O3 -g
XPASS: gcc.dg/tree-ssa/loop-1.c scan-assembler-times foo 5
=== gcc Summary ===
# of expected passes 40165
# of unexpected failures 5
# of unexpected successes 1
# of expected failures 80
# of unresolved testcases 1
# of untested testcases 28
# of unsupported tests 367
/home/dave/gnu/gcc-4.2/objdir/gcc/xgcc version 4.2.0 20061017 (experimental)
=== gfortran tests ===
Running target unix
=== gfortran Summary ===
# of expected passes 14604
# of expected failures 14
# of unsupported tests 91
/home/dave/gnu/gcc-4.2/objdir/gcc/testsuite/gfortran/../../gfortran version 4.2.0 20061017 (experimental)
=== gnat tests ===
Running target unix
=== gnat Summary ===
# of expected passes 34
=== obj-c++ tests ===
Running target unix
FAIL: obj-c++.dg/comp-types-10.mm (internal compiler error)
FAIL: obj-c++.dg/comp-types-10.mm (test for excess errors)
FAIL: obj-c++.dg/cxx-ivars-2.mm execution test
FAIL: obj-c++.dg/encode-8.mm execution test
FAIL: obj-c++.dg/isa-field-1.mm (test for excess errors)
FAIL: obj-c++.dg/lookup-2.mm (test for excess errors)
WARNING: obj-c++.dg/lookup-2.mm compilation failed to produce executable
FAIL: obj-c++.dg/try-catch-2.mm (test for excess errors)
WARNING: obj-c++.dg/try-catch-2.mm compilation failed to produce executable
FAIL: obj-c++.dg/try-catch-9.mm (internal compiler error)
FAIL: obj-c++.dg/try-catch-9.mm (test for excess errors)
WARNING: obj-c++.dg/try-catch-9.mm compilation failed to produce executable
=== obj-c++ Summary ===
# of expected passes 428
# of unexpected failures 9
# of unsupported tests 13
/home/dave/gnu/gcc-4.2/objdir/gcc/testsuite/obj-c++/../../g++ version 4.2.0 20061017 (experimental)
=== objc tests ===
Running target unix
=== objc Summary ===
# of expected passes 1760
# of expected failures 7
# of unsupported tests 24
/home/dave/gnu/gcc-4.2/objdir/gcc/xgcc version 4.2.0 20061017 (experimental)
=== libffi tests ===
Running target unix
=== libffi Summary ===
# of expected passes 1084
# of unsupported tests 8
=== libgomp tests ===
Running target unix
=== libgomp Summary ===
# of expected passes 1296
# of unsupported tests 116
=== libjava tests ===
Running target unix
FAIL: events output
=== libjava Summary ===
# of expected passes 6998
# of unexpected failures 1
# of expected failures 12
# of untested testcases 8
=== libmudflap tests ===
Running target unix
=== libmudflap Summary ===
# of expected passes 1814
=== libstdc++ tests ===
Running target unix
FAIL: 22_locale/time_get/get_date/wchar_t/4.cc execution test
XPASS: 26_numerics/cmath/c99_classification_macros_c.cc (test for excess errors)
=== libstdc++ Summary ===
# of expected passes 4444
# of unexpected failures 1
# of unexpected successes 1
# of expected failures 15
# of unsupported tests 4
Compiler version: 4.2.0 20061017 (experimental)
Platform: hppa-unknown-linux-gnu
configure flags: --with-gnu-as --with-gnu-ld --enable-shared --prefix=/home/dave/opt/gnu/gcc/gcc-4.2.0 --with-local-prefix=/home/dave/opt/gnu --enable-threads=posix --enable-__cxa_atexit --host=hppa-linux --enable-clocale=gnu --enable-java-gc=boehm --enable-java-awt=xlib --enable-languages=c,ada,c++,fortran,java,objc,obj-c++