This is the mail archive of the
gcc-testresults@gcc.gnu.org
mailing list for the GCC project.
Results for 4.2.0 20061018 (experimental) testsuite on i686-pc-linux-gnu
- From: "Christian Joensson" <christian dot joensson at gmail dot com>
- To: gcc-testresults at gcc dot gnu dot org
- Date: Wed, 18 Oct 2006 14:18:30 +0200
- Subject: Results for 4.2.0 20061018 (experimental) testsuite on i686-pc-linux-gnu
Fedora Core release 5.92 (FC6 Test3)/Mobile Intel(R) Pentium(R) 4 - M CPU:
(with cat /proc/sys/kernel/exec-shield 9)
binutils-2.17.50.0.3-6.i386
bison-2.3-2.1.i386
dejagnu-1.4.4-5.1.noarch
expect-5.43.0-5.1.i386
gcc-4.1.1-30.i386
glibc-2.5-3.i686
glibc-devel-2.5-3.i386
glibc-headers-2.5-3.i386
package glibc-kernheaders is not installed
gmp-4.1.4-7.i386
gmp-devel-4.1.4-7.i386
kernel-2.6.18-1.2784.fc6.i686
kernel-2.6.18-1.2798.fc6.i686
libgcc-4.1.1-30.i386
libgcj-4.1.1-30.i386
libgcj-devel-4.1.1-30.i386
libstdc++-4.1.1-30.i386
libstdc++-devel-4.1.1-30.i386
make-3.81-1.1.i386
tcl-8.4.13-3.fc6.i386
LAST_UPDATED: Wed Oct 18 06:27:54 UTC 2006 (revision 117848)
=== acats tests ===
FAIL: c35507m
FAIL: cd2a23e
FAIL: cdd2a02
FAIL: cxh1001
=== acats Summary ===
# of expected passes 2311
# of unexpected failures 4
Native configuration is i686-pc-linux-gnu
=== gcc tests ===
Running target unix
FAIL: gcc.c-torture/execute/mayalias-2.c compilation, -O3 -g
(internal compiler error)
UNRESOLVED: gcc.c-torture/execute/mayalias-2.c execution, -O3 -g
=== gcc Summary ===
# of expected passes 41498
# of unexpected failures 1
# of expected failures 112
# of unresolved testcases 1
# of untested testcases 28
# of unsupported tests 283
/usr/local/src/trunk/objdir/gcc/xgcc version 4.2.0 20061018 (experimental)
=== gfortran tests ===
Running target unix
XPASS: gfortran.dg/csqrt_2.f -O0 execution test
XPASS: gfortran.dg/csqrt_2.f -O1 execution test
XPASS: gfortran.dg/csqrt_2.f -O2 execution test
XPASS: gfortran.dg/csqrt_2.f -O3 -fomit-frame-pointer execution test
XPASS: gfortran.dg/csqrt_2.f -O3 -fomit-frame-pointer -funroll-loops
execution test
XPASS: gfortran.dg/csqrt_2.f -O3 -fomit-frame-pointer
-funroll-all-loops -finline-functions execution test
XPASS: gfortran.dg/csqrt_2.f -O3 -g execution test
XPASS: gfortran.dg/csqrt_2.f -Os execution test
FAIL: gfortran.dg/exponent_1.f90 -O0 execution test
FAIL: gfortran.dg/exponent_1.f90 -O1 execution test
FAIL: gfortran.dg/exponent_1.f90 -O2 execution test
FAIL: gfortran.dg/exponent_1.f90 -O3 -fomit-frame-pointer execution test
FAIL: gfortran.dg/exponent_1.f90 -O3 -fomit-frame-pointer
-funroll-loops execution test
FAIL: gfortran.dg/exponent_1.f90 -O3 -fomit-frame-pointer
-funroll-all-loops -finline-functions execution test
FAIL: gfortran.dg/exponent_1.f90 -O3 -g execution test
FAIL: gfortran.dg/exponent_1.f90 -Os execution test
FAIL: gfortran.dg/nearest_1.f90 -O0 execution test
FAIL: gfortran.dg/nearest_1.f90 -O1 execution test
FAIL: gfortran.dg/nearest_1.f90 -O2 execution test
FAIL: gfortran.dg/nearest_1.f90 -O3 -fomit-frame-pointer execution test
FAIL: gfortran.dg/nearest_1.f90 -O3 -fomit-frame-pointer
-funroll-loops execution test
FAIL: gfortran.dg/nearest_1.f90 -O3 -fomit-frame-pointer
-funroll-all-loops -finline-functions execution test
FAIL: gfortran.dg/nearest_1.f90 -O3 -g execution test
FAIL: gfortran.dg/nearest_1.f90 -Os execution test
=== gfortran Summary ===
# of expected passes 14775
# of unexpected failures 16
# of unexpected successes 8
# of expected failures 7
# of unsupported tests 16
/usr/local/src/trunk/objdir/gcc/testsuite/gfortran/../../gfortran
version 4.2.0 20061018 (experimental)
=== g++ tests ===
Running target unix
XPASS: g++.dg/tree-ssa/ivopts-1.C scan-tree-dump-not &x\\[5\\]
=== g++ Summary ===
# of expected passes 13224
# of unexpected successes 1
# of expected failures 67
# of unsupported tests 72
/usr/local/src/trunk/objdir/gcc/testsuite/g++/../../g++ version 4.2.0
20061018 (experimental)
=== gnat tests ===
Running target unix
=== gnat Summary ===
# of expected passes 34
=== obj-c++ tests ===
Running target unix
FAIL: obj-c++.dg/comp-types-10.mm (internal compiler error)
FAIL: obj-c++.dg/comp-types-10.mm (test for excess errors)
FAIL: obj-c++.dg/cxx-ivars-2.mm execution test
FAIL: obj-c++.dg/encode-8.mm execution test
FAIL: obj-c++.dg/isa-field-1.mm (test for excess errors)
FAIL: obj-c++.dg/lookup-2.mm (test for excess errors)
WARNING: obj-c++.dg/lookup-2.mm compilation failed to produce executable
FAIL: obj-c++.dg/try-catch-2.mm (test for excess errors)
WARNING: obj-c++.dg/try-catch-2.mm compilation failed to produce executable
FAIL: obj-c++.dg/try-catch-9.mm (internal compiler error)
FAIL: obj-c++.dg/try-catch-9.mm (test for excess errors)
WARNING: obj-c++.dg/try-catch-9.mm compilation failed to produce executable
=== obj-c++ Summary ===
# of expected passes 428
# of unexpected failures 9
# of unsupported tests 13
/usr/local/src/trunk/objdir/gcc/testsuite/obj-c++/../../g++ version
4.2.0 20061018 (experimental)
=== objc tests ===
Running target unix
=== objc Summary ===
# of expected passes 1760
# of expected failures 7
# of unsupported tests 24
/usr/local/src/trunk/objdir/gcc/xgcc version 4.2.0 20061018 (experimental)
=== treelang tests ===
Running target unix
FAIL: treelang/compile/var_defs.tree (test for excess errors)
=== treelang Summary ===
# of expected passes 49
# of unexpected failures 1
=== libffi tests ===
Running target unix
FAIL: libffi.call/return_fl2.c -O0 -W -Wall execution test
FAIL: libffi.call/return_fl2.c -O2 execution test
FAIL: libffi.call/return_fl2.c -O3 execution test
FAIL: libffi.call/return_fl2.c -Os execution test
=== libffi Summary ===
# of expected passes 1080
# of unexpected failures 4
# of unsupported tests 8
=== libgomp tests ===
Running target unix
=== libgomp Summary ===
# of expected passes 1528
=== libjava tests ===
Running target unix
=== libjava Summary ===
# of expected passes 6999
# of expected failures 12
# of untested testcases 8
=== libmudflap tests ===
Running target unix
=== libmudflap Summary ===
# of expected passes 1814
=== libstdc++ tests ===
Running target unix
XPASS: 26_numerics/cmath/c99_classification_macros_c.cc (test for excess errors)
=== libstdc++ Summary ===
# of expected passes 4445
# of unexpected successes 1
# of expected failures 15
# of unsupported tests 4
Compiler version: 4.2.0 20061018 (experimental)
Platform: i686-pc-linux-gnu
configure flags: --enable-__cxa_atexit --enable-clocale=gnu
--enable-languages=c,ada,c++,fortran,java,objc,obj-c++,treelang