This is the mail archive of the
gcc-testresults@gcc.gnu.org
mailing list for the GCC project.
Results for 4.2.0 20061013 (experimental) testsuite on hppa2.0w-hp-hpux11.11
- From: CodeSourcery Automatic Testing System <gcc at codesourcery dot com>
- To: gcc-testresults at gcc dot gnu dot org
- Date: Fri, 13 Oct 2006 15:20:26 -0400 (EDT)
- Subject: Results for 4.2.0 20061013 (experimental) testsuite on hppa2.0w-hp-hpux11.11
LAST_UPDATED:
Native configuration is hppa2.0w-hp-hpux11.11
=== g++ tests ===
Running target unix
XPASS: g++.dg/tree-ssa/ivopts-1.C scan-tree-dump-not &x\\[5\\]
=== g++ Summary ===
# of expected passes 12578
# of unexpected successes 1
# of expected failures 70
# of unsupported tests 180
/scratch/gcc/nightly-2006-10-13-mainline/hppa2.0w-hp-hpux11.11/build_gcc/build/test-mainline-0-hppa2.0w-hp-hpux11.11/host-hppa2.0w-hp-hpux11.11/fsf-mainline/bin/c++ version 4.2.0 20061013 (experimental)
=== gcc tests ===
Running target unix
=== gcc Summary ===
# of expected passes 39404
# of expected failures 81
# of untested testcases 28
# of unsupported tests 487
/scratch/gcc/nightly-2006-10-13-mainline/hppa2.0w-hp-hpux11.11/build_gcc/build/test-mainline-0-hppa2.0w-hp-hpux11.11/host-hppa2.0w-hp-hpux11.11/fsf-mainline/bin/gcc version 4.2.0 20061013 (experimental)
=== libstdc++ tests ===
Running target unix
FAIL: 26_numerics/cmath/c99_classification_macros_c.cc (test for excess errors)
FAIL: abi/header_cxxabi.c (test for excess errors)
=== libstdc++ Summary ===
# of expected passes 3771
# of unexpected failures 2
# of expected failures 15
# of unsupported tests 332
Compiler version: 4.2.0 20061013 (experimental)
Platform: hppa2.0w-hp-hpux11.11
configure flags: --enable-languages=c,c++ --disable-nls --with-gnu-as --without-gnu-ld --prefix=/usr/local/tools/gcc-3.4.0