This is the mail archive of the
gcc-testresults@gcc.gnu.org
mailing list for the GCC project.
Results for 4.2.0 20061005 (experimental) testsuite on s390x-ibm-linux-gnu
- From: Andreas Krebbel <Andreas dot Krebbel at de dot ibm dot com>
- To: gcc-testresults at gcc dot gnu dot org
- Date: Thu, 5 Oct 2006 08:26:04 +0200
- Subject: Results for 4.2.0 20061005 (experimental) testsuite on s390x-ibm-linux-gnu
LAST_UPDATED: Thu Oct 5 03:03:44 UTC 2006 (revision 117447)
=== acats tests ===
FAIL: c35507m
FAIL: c974014
FAIL: cd2a23e
FAIL: cxh1001
=== acats Summary ===
# of expected passes 2311
# of unexpected failures 4
Native configuration is s390x-ibm-linux-gnu
=== g++ tests ===
Running target unix
=== g++ Summary ===
# of expected passes 13073
# of expected failures 66
# of unsupported tests 115
/build/BUILD/gcc/obj-s390x-redhat-linux/gcc/testsuite/g++/../../g++ version 4.2.0 20061005 (experimental)
=== gcc tests ===
Running target unix
FAIL: gcc.c-torture/execute/mayalias-2.c compilation, -O3 -g (internal compiler error)
UNRESOLVED: gcc.c-torture/execute/mayalias-2.c execution, -O3 -g
XPASS: gcc.dg/cpp/cmdlne-dI-M.c scan-file (^|\\\\n)cmdlne-dI-M.*:[^\\\\n]*cmdlne-dI-M.c
XPASS: gcc.dg/cpp/cmdlne-dM-M.c scan-file (^|\\\\n)cmdlne-dM-M[^\\\\n]*:[^\\\\n]*cmdlne-dM-M.c
FAIL: gcc.dg/debug/dwarf2/dwarf-file1.c scan-assembler File Entry:
XPASS: gcc.dg/tree-ssa/20040204-1.c scan-tree-dump-times link_error 0
FAIL: gcc.dg/tree-ssa/ivopts-2.c scan-tree-dump-not \\n candidates .*,.*,.*\\n[^\\n]*\\nFinal cost
XPASS: gcc.dg/tree-ssa/sra-2.c scan-tree-dump-times link_error 0
=== gcc Summary ===
# of expected passes 40138
# of unexpected failures 3
# of unexpected successes 4
# of expected failures 76
# of unresolved testcases 1
# of untested testcases 28
# of unsupported tests 346
/build/BUILD/gcc/obj-s390x-redhat-linux/gcc/xgcc version 4.2.0 20061005 (experimental)
=== gfortran tests ===
Running target unix
FAIL: gfortran.dg/exponent_1.f90 execution test
FAIL: gfortran.dg/exponent_1.f90 execution test
FAIL: gfortran.dg/exponent_1.f90 execution test
FAIL: gfortran.dg/exponent_1.f90 execution test
FAIL: gfortran.dg/exponent_1.f90 execution test
FAIL: gfortran.dg/exponent_1.f90 execution test
FAIL: gfortran.dg/exponent_1.f90 execution test
FAIL: gfortran.dg/exponent_1.f90 execution test
FAIL: gfortran.dg/nearest_1.f90 execution test
FAIL: gfortran.dg/nearest_1.f90 execution test
FAIL: gfortran.dg/nearest_1.f90 execution test
FAIL: gfortran.dg/nearest_1.f90 execution test
FAIL: gfortran.dg/nearest_1.f90 execution test
FAIL: gfortran.dg/nearest_1.f90 execution test
FAIL: gfortran.dg/nearest_1.f90 execution test
FAIL: gfortran.dg/nearest_1.f90 execution test
=== gfortran Summary ===
# of expected passes 14198
# of unexpected failures 16
# of expected failures 14
# of unsupported tests 75
/build/BUILD/gcc/obj-s390x-redhat-linux/gcc/testsuite/gfortran/../../gfortran version 4.2.0 20061005 (experimental)
=== gnat tests ===
Running target unix
FAIL: gnat.dg/frame_overflow.adb (test for errors, line 12)
FAIL: gnat.dg/frame_overflow.adb (test for errors, line 21)
=== gnat Summary ===
# of expected passes 31
# of unexpected failures 2
=== obj-c++ tests ===
Running target unix
FAIL: obj-c++.dg/bitfield-1.mm (test for excess errors)
FAIL: obj-c++.dg/bitfield-4.mm (test for excess errors)
FAIL: obj-c++.dg/cxx-ivars-2.mm execution test
FAIL: obj-c++.dg/encode-8.mm execution test
FAIL: obj-c++.dg/isa-field-1.mm (test for excess errors)
FAIL: obj-c++.dg/layout-1.mm (test for excess errors)
FAIL: obj-c++.dg/lookup-2.mm (test for excess errors)
WARNING: obj-c++.dg/lookup-2.mm compilation failed to produce executable
FAIL: obj-c++.dg/try-catch-2.mm (test for excess errors)
WARNING: obj-c++.dg/try-catch-2.mm compilation failed to produce executable
FAIL: obj-c++.dg/try-catch-9.mm (test for excess errors)
WARNING: obj-c++.dg/try-catch-9.mm compilation failed to produce executable
=== obj-c++ Summary ===
# of expected passes 426
# of unexpected failures 9
# of unsupported tests 13
/build/BUILD/gcc/obj-s390x-redhat-linux/gcc/testsuite/obj-c++/../../g++ version 4.2.0 20061005 (experimental)
=== objc tests ===
Running target unix
=== objc Summary ===
# of expected passes 1760
# of expected failures 7
# of unsupported tests 24
/build/BUILD/gcc/obj-s390x-redhat-linux/gcc/xgcc version 4.2.0 20061005 (experimental)
=== libffi tests ===
Running target unix
=== libffi Summary ===
# of expected passes 1084
# of unsupported tests 8
=== libgomp tests ===
Running target unix
FAIL: libgomp.fortran/omp_cond3.F90 (test for excess errors)
WARNING: libgomp.fortran/omp_cond3.F90 compilation failed to produce executable
FAIL: libgomp.fortran/omp_parse1.f90 (test for excess errors)
WARNING: libgomp.fortran/omp_parse1.f90 compilation failed to produce executable
FAIL: libgomp.fortran/omp_parse1.f90 (test for excess errors)
WARNING: libgomp.fortran/omp_parse1.f90 compilation failed to produce executable
FAIL: libgomp.fortran/omp_parse1.f90 (test for excess errors)
WARNING: libgomp.fortran/omp_parse1.f90 compilation failed to produce executable
FAIL: libgomp.fortran/omp_parse1.f90 (test for excess errors)
WARNING: libgomp.fortran/omp_parse1.f90 compilation failed to produce executable
FAIL: libgomp.fortran/omp_parse1.f90 (test for excess errors)
WARNING: libgomp.fortran/omp_parse1.f90 compilation failed to produce executable
FAIL: libgomp.fortran/omp_parse1.f90 (test for excess errors)
WARNING: libgomp.fortran/omp_parse1.f90 compilation failed to produce executable
FAIL: libgomp.fortran/omp_parse1.f90 (test for excess errors)
WARNING: libgomp.fortran/omp_parse1.f90 compilation failed to produce executable
FAIL: libgomp.fortran/omp_parse1.f90 (test for excess errors)
WARNING: libgomp.fortran/omp_parse1.f90 compilation failed to produce executable
=== libgomp Summary ===
# of expected passes 1510
# of unexpected failures 9
=== libjava tests ===
Running target unix
FAIL: events output
=== libjava Summary ===
# of expected passes 6998
# of unexpected failures 1
# of expected failures 12
# of untested testcases 8
=== libmudflap tests ===
Running target unix
=== libmudflap Summary ===
# of expected passes 1814
=== libstdc++ tests ===
Running target unix
XPASS: 26_numerics/cmath/c99_classification_macros_c.cc (test for excess errors)
XPASS: 27_io/fpos/14320-1.cc execution test
=== libstdc++ Summary ===
# of expected passes 1595
# of unexpected successes 2
# of expected failures 7
# of unsupported tests 4
Compiler version: 4.2.0 20061005 (experimental)
Platform: s390x-ibm-linux-gnu
configure flags: --prefix=/usr --mandir=/usr/share/man --infodir=/usr/share/info --enable-shared --enable-threads=posix --enable-checking=release --with-system-zlib --enable-__cxa_atexit --disable-libunwind-exceptions --host=s390x-redhat-linux --enable-languages=c,ada,c++,fortran,java,objc,obj-c++