This is the mail archive of the
gcc-testresults@gcc.gnu.org
mailing list for the GCC project.
Results for 4.2.0 20061002 (experimental) testsuite on x86_64-unknown-linux-gnu
- From: Olof Ohlsson Sax <olof dot olsson_sax dot 9763 at student dot uu dot se>
- To: gcc-testresults at gcc dot gnu dot org
- Date: Mon, 02 Oct 2006 22:18:07 +0200
- Subject: Results for 4.2.0 20061002 (experimental) testsuite on x86_64-unknown-linux-gnu
LAST_UPDATED:
Native configuration is x86_64-unknown-linux-gnu
=== gcc tests ===
Running target unix
WARNING: program timed out.
FAIL: gcc.c-torture/compile/20001226-1.c -O0 (test for excess errors)
FAIL: gcc.c-torture/execute/mayalias-2.c compilation, -O3 -g (internal
compiler error)
UNRESOLVED: gcc.c-torture/execute/mayalias-2.c execution, -O3 -g
FAIL: gcc.dg/debug/dwarf2/dwarf-file1.c scan-assembler File Entry:
WARNING: gcc.dg/torture/fp-int-convert-float128-timode.c -O0
compilation failed to produce executable
WARNING: gcc.dg/torture/fp-int-convert-float128-timode.c -O1
compilation failed to produce executable
WARNING: gcc.dg/torture/fp-int-convert-float128-timode.c -O2
compilation failed to produce executable
WARNING: gcc.dg/torture/fp-int-convert-float128-timode.c -O3
-fomit-frame-pointer compilation failed to produce executable
WARNING: gcc.dg/torture/fp-int-convert-float128-timode.c -O3 -g
compilation failed to produce executable
WARNING: gcc.dg/torture/fp-int-convert-float128-timode.c -Os
compilation failed to produce executable
WARNING: gcc.dg/torture/fp-int-convert-float128.c -O0 compilation
failed to produce executable
WARNING: gcc.dg/torture/fp-int-convert-float128.c -O1 compilation
failed to produce executable
WARNING: gcc.dg/torture/fp-int-convert-float128.c -O2 compilation
failed to produce executable
WARNING: gcc.dg/torture/fp-int-convert-float128.c -O3
-fomit-frame-pointer compilation failed to produce executable
WARNING: gcc.dg/torture/fp-int-convert-float128.c -O3 -g compilation
failed to produce executable
WARNING: gcc.dg/torture/fp-int-convert-float128.c -Os compilation
failed to produce executable
FAIL: gcc.dg/tree-ssa/ivopts-2.c scan-tree-dump-not \\n candidates
.*,.*,.*\\n[^\\n]*\\nFinal cost
=== gcc Summary ===
# of expected passes 41234
# of unexpected failures 4
# of expected failures 123
# of unresolved testcases 1
# of untested testcases 28
# of unsupported tests 392
/home/olof/src/build/gcc-obj/gcc/xgcc version 4.2.0 20061002 (experimental)
=== gfortran tests ===
Running target unix
=== gfortran Summary ===
# of expected passes 14296
# of expected failures 15
# of unsupported tests 17
/home/olof/src/build/gcc-obj/gcc/testsuite/gfortran/../../gfortran
version 4.2.0 20061002 (experimental)
=== g++ tests ===
Running target unix
XPASS: g++.dg/tree-ssa/ivopts-1.C scan-tree-dump-not &x\\[5\\]
=== g++ Summary ===
# of expected passes 13099
# of unexpected successes 1
# of expected failures 67
# of unsupported tests 101
/home/olof/src/build/gcc-obj/gcc/testsuite/g++/../../g++ version 4.2.0
20061002 (experimental)
=== objc tests ===
Running target unix
=== objc Summary ===
# of expected passes 1760
# of expected failures 7
# of unsupported tests 24
/home/olof/src/build/gcc-obj/gcc/xgcc version 4.2.0 20061002 (experimental)
=== libffi tests ===
Running target unix
=== libffi Summary ===
# of expected passes 1084
# of unsupported tests 8
=== libgomp tests ===
Running target unix
=== libgomp Summary ===
# of expected passes 1528
=== libjava tests ===
Running target unix
=== libjava Summary ===
# of expected passes 6999
# of expected failures 12
# of untested testcases 8
=== libmudflap tests ===
Running target unix
FAIL: libmudflap.c/fail1-frag.c (-static) crash test
FAIL: libmudflap.c/fail10-frag.c (-static) crash test
FAIL: libmudflap.c/fail11-frag.c (-static) crash test
FAIL: libmudflap.c/fail12-frag.c (-static) crash test
FAIL: libmudflap.c/fail13-frag.c (-static) crash test
FAIL: libmudflap.c/fail14-frag.c (-static) crash test
FAIL: libmudflap.c/fail15-frag.c (-static) crash test
FAIL: libmudflap.c/fail16-frag.c (-static) crash test
FAIL: libmudflap.c/fail17-frag.c (-static) crash test
FAIL: libmudflap.c/fail18-frag.c (-static) crash test
FAIL: libmudflap.c/fail19-frag.c (-static) crash test
FAIL: libmudflap.c/fail2-frag.c (-static) crash test
FAIL: libmudflap.c/fail21-frag.c (-static) crash test
FAIL: libmudflap.c/fail22-frag.c (-static) crash test
FAIL: libmudflap.c/fail23-frag.c (-static) crash test
FAIL: libmudflap.c/fail25-frag.c (-static) crash test
FAIL: libmudflap.c/fail27-frag.c (-static) crash test
FAIL: libmudflap.c/fail28-frag.c (-static) crash test
FAIL: libmudflap.c/fail29-frag.c (-static) crash test
FAIL: libmudflap.c/fail3-frag.c (-static) crash test
FAIL: libmudflap.c/fail30-frag.c (-static) crash test
FAIL: libmudflap.c/fail31-frag.c (-static) crash test
FAIL: libmudflap.c/fail32-frag.c (-static) crash test
FAIL: libmudflap.c/fail33-frag.c (-static) crash test
FAIL: libmudflap.c/fail34-frag.c (-static) crash test
FAIL: libmudflap.c/fail35-frag.c (-static) crash test
FAIL: libmudflap.c/fail36-frag.c (-static) crash test
FAIL: libmudflap.c/fail37-frag.c (-static) crash test
FAIL: libmudflap.c/fail38-frag.c (-static) crash test
FAIL: libmudflap.c/fail39-frag.c (-static) crash test
FAIL: libmudflap.c/fail4-frag.c (-static) crash test
FAIL: libmudflap.c/fail40-frag.c (-static) crash test
FAIL: libmudflap.c/fail5-frag.c (-static) crash test
FAIL: libmudflap.c/fail6-frag.c (-static) crash test
FAIL: libmudflap.c/fail7-frag.c (-static) crash test
FAIL: libmudflap.c/fail8-frag.c (-static) crash test
FAIL: libmudflap.c/fail9-frag.c (-static) crash test
FAIL: libmudflap.c/pass36-frag.c (-static) output pattern test
FAIL: libmudflap.c/pass36-frag.c (-static) output pattern test
FAIL: libmudflap.c++/fail24-frag.cxx (-static) crash test
=== libmudflap Summary ===
# of expected passes 1774
# of unexpected failures 40
=== libstdc++ tests ===
Running target unix
FAIL: abi_check
XPASS: 26_numerics/cmath/c99_classification_macros_c.cc (test for excess
errors)
XPASS: 27_io/fpos/14320-1.cc execution test
=== libstdc++ Summary ===
# of expected passes 3787
# of unexpected failures 1
# of unexpected successes 2
# of expected failures 14
# of unsupported tests 320
Compiler version: 4.2.0 20061002 (experimental)
Platform: x86_64-unknown-linux-gnu
configure flags: --program-suffix=-4.2-svn
--enable-languages=c,c++,fortran,java,objc