This is the mail archive of the
gcc-testresults@gcc.gnu.org
mailing list for the GCC project.
Results for 4.2.0 20061002 (experimental) testsuite on x86_64-unknown-linux-gnu
- From: Grigory Zagorodnev <grigory_zagorodnev at linux dot intel dot com>
- To: gcc-testresults at gcc dot gnu dot org
- Date: Mon, 2 Oct 2006 23:47:07 +0400
- Subject: Results for 4.2.0 20061002 (experimental) testsuite on x86_64-unknown-linux-gnu
LAST_UPDATED: Mon Oct 2 16:22:30 UTC 2006 (revision 117372)
Native configuration is x86_64-unknown-linux-gnu
=== g++ tests ===
Running target unix
XPASS: g++.dg/tree-ssa/ivopts-1.C scan-tree-dump-not &x\[5\]
=== g++ Summary ===
# of expected passes 13099
# of unexpected successes 1
# of expected failures 67
# of unsupported tests 101
/home/testbot/bootstrap/005465/bld/gcc/testsuite/g++/../../g++ version 4.2.0 20061002 (experimental)
=== gcc tests ===
Running target unix
FAIL: gcc.c-torture/execute/mayalias-2.c compilation, -O3 -g (internal compiler error)
UNRESOLVED: gcc.c-torture/execute/mayalias-2.c execution, -O3 -g
FAIL: gcc.dg/debug/dwarf2/dwarf-file1.c scan-assembler File Entry:
WARNING: gcc.dg/torture/fp-int-convert-float128-timode.c -O0 compilation failed to produce executable
WARNING: gcc.dg/torture/fp-int-convert-float128-timode.c -O1 compilation failed to produce executable
WARNING: gcc.dg/torture/fp-int-convert-float128-timode.c -O2 compilation failed to produce executable
WARNING: gcc.dg/torture/fp-int-convert-float128-timode.c -O3 -fomit-frame-pointer compilation failed to produce executable
WARNING: gcc.dg/torture/fp-int-convert-float128-timode.c -O3 -g compilation failed to produce executable
WARNING: gcc.dg/torture/fp-int-convert-float128-timode.c -Os compilation failed to produce executable
WARNING: gcc.dg/torture/fp-int-convert-float128.c -O0 compilation failed to produce executable
WARNING: gcc.dg/torture/fp-int-convert-float128.c -O1 compilation failed to produce executable
WARNING: gcc.dg/torture/fp-int-convert-float128.c -O2 compilation failed to produce executable
WARNING: gcc.dg/torture/fp-int-convert-float128.c -O3 -fomit-frame-pointer compilation failed to produce executable
WARNING: gcc.dg/torture/fp-int-convert-float128.c -O3 -g compilation failed to produce executable
WARNING: gcc.dg/torture/fp-int-convert-float128.c -Os compilation failed to produce executable
FAIL: gcc.dg/tree-ssa/ivopts-2.c scan-tree-dump-not \n candidates .*,.*,.*\n[^\n]*\nFinal cost
=== gcc Summary ===
# of expected passes 41235
# of unexpected failures 3
# of expected failures 123
# of unresolved testcases 1
# of untested testcases 28
# of unsupported tests 392
/home/testbot/bootstrap/005465/bld/gcc/xgcc version 4.2.0 20061002 (experimental)
=== gfortran tests ===
Running target unix
FAIL: gfortran.dg/exponent_1.f90 -O0 execution test
FAIL: gfortran.dg/exponent_1.f90 -O1 execution test
FAIL: gfortran.dg/exponent_1.f90 -O2 execution test
FAIL: gfortran.dg/exponent_1.f90 -O3 -fomit-frame-pointer execution test
FAIL: gfortran.dg/exponent_1.f90 -O3 -fomit-frame-pointer -funroll-loops execution test
FAIL: gfortran.dg/exponent_1.f90 -O3 -fomit-frame-pointer -funroll-all-loops -finline-functions execution test
FAIL: gfortran.dg/exponent_1.f90 -O3 -g execution test
FAIL: gfortran.dg/exponent_1.f90 -Os execution test
FAIL: gfortran.dg/nearest_1.f90 -O0 execution test
FAIL: gfortran.dg/nearest_1.f90 -O1 execution test
FAIL: gfortran.dg/nearest_1.f90 -O2 execution test
FAIL: gfortran.dg/nearest_1.f90 -O3 -fomit-frame-pointer execution test
FAIL: gfortran.dg/nearest_1.f90 -O3 -fomit-frame-pointer -funroll-loops execution test
FAIL: gfortran.dg/nearest_1.f90 -O3 -fomit-frame-pointer -funroll-all-loops -finline-functions execution test
FAIL: gfortran.dg/nearest_1.f90 -O3 -g execution test
FAIL: gfortran.dg/nearest_1.f90 -Os execution test
=== gfortran Summary ===
# of expected passes 14280
# of unexpected failures 16
# of expected failures 15
# of unsupported tests 17
/home/testbot/bootstrap/005465/bld/gcc/testsuite/gfortran/../../gfortran version 4.2.0 20061002 (experimental)
=== objc tests ===
Running target unix
=== objc Summary ===
# of expected passes 1760
# of expected failures 7
# of unsupported tests 24
/home/testbot/bootstrap/005465/bld/gcc/xgcc version 4.2.0 20061002 (experimental)
=== libffi tests ===
Running target unix
=== libffi Summary ===
# of expected passes 1084
# of unsupported tests 8
=== libgomp tests ===
Running target unix
FAIL: libgomp.c/atomic-2.c (test for excess errors)
WARNING: libgomp.c/atomic-2.c compilation failed to produce executable
FAIL: libgomp.c/critical-1.c execution test
=== libgomp Summary ===
# of expected passes 1525
# of unexpected failures 2
=== libjava tests ===
Running target unix
FAIL: PR28178 execution - gij test
FAIL: iface run
FAIL: noclass execution - gij test
FAIL: simple_int execution - gij test
FAIL: throwit run
FAIL: Array_3 execution - gij test
FAIL: Divide_1 execution - gij test
FAIL: Divide_1 execution - gij test
FAIL: ExtraClassLoader execution - gij test
FAIL: FileHandleGcTest execution - gij test
FAIL: FileHandleGcTest execution - gij test
FAIL: FileHandleGcTest execution - gij test
FAIL: FileHandleGcTest execution - gij test
FAIL: Float_2 execution - gij test
FAIL: G19990310_01 execution - gij test
FAIL: PR12350 execution - gij test
FAIL: PR12416 execution - gij test
FAIL: PR12915 execution - gij test
FAIL: PR160 -O3 -findirect-dispatch execution - bytecode->native test
FAIL: PR18699 execution - gij test
FAIL: PR25535 execution - gij test
FAIL: PR29013 execution - gij test
FAIL: Process_5 execution - gij test
FAIL: Process_5 execution - gij test
FAIL: RH194522 execution - gij test
FAIL: RH194522 execution - gij test
FAIL: Serialization execution - gij test
FAIL: Shazam -O3 -findirect-dispatch execution - bytecode->native test
FAIL: StaticConstructor execution - gij test
FAIL: anonarray execution - gij test
FAIL: anonarray2 execution - gij test
FAIL: direct_write execution - gij test
FAIL: direct_write -O3 -findirect-dispatch execution - bytecode->native test
FAIL: emptystring execution - gij test
FAIL: err3 execution - gij test
FAIL: err5 execution - gij test
FAIL: err5 execution - gij test
FAIL: err9 execution - gij test
FAIL: final_inner execution - gij test
FAIL: inline execution - gij test
FAIL: negzero execution - gij test
FAIL: pr27171 -O3 -findirect-dispatch execution - bytecode->native test
FAIL: private_direct_read execution - gij test
FAIL: stringconst execution - gij test
FAIL: stringconst execution - gij test
FAIL: test_long execution - gij test
FAIL: tmi execution - gij test
FAIL: tp execution - gij test
FAIL: update_outer execution - gij test
FAIL: verify execution - gij test
=== libjava Summary ===
# of expected passes 6897
# of unexpected failures 50
# of expected failures 12
# of untested testcases 58
=== libmudflap tests ===
Running target unix
=== libmudflap Summary ===
# of expected passes 1814
=== libstdc++ tests ===
Running target unix
XPASS: 26_numerics/cmath/c99_classification_macros_c.cc (test for excess errors)
XPASS: 27_io/fpos/14320-1.cc execution test
=== libstdc++ Summary ===
# of expected passes 4420
# of unexpected successes 2
# of expected failures 14
# of unsupported tests 4
Compiler version: 4.2.0 20061002 (experimental)
Platform: x86_64-unknown-linux-gnu
configure flags: --prefix=/home/testbot/bootstrap/005465/usr --program-suffix=-42 -enable-shared --enable-threads=posix --enable-checking --with-system-zlib --enable-__cxa_atexit --enable-languages=c,c++,fortran,java,objc