This is the mail archive of the
gcc-testresults@gcc.gnu.org
mailing list for the GCC project.
Results for 4.2.0 20061001 (experimental) testsuite on i686-pc-linux-gnu
- From: Weidong Cui <cuiwd at inbox dot com>
- To: gcc-testresults at gcc dot gnu dot org
- Date: Mon, 02 Oct 2006 01:07:34 +0800
- Subject: Results for 4.2.0 20061001 (experimental) testsuite on i686-pc-linux-gnu
- Reply-to: masonstone at 163 dot com
On Debian system (Mobile Intel P4 2.20GHz):
kernel: 2.6.17-1-686
binutils: 2.17-1
LAST_UPDATED: Sun Oct 1 02:08:58 UTC 2006 (revision 117342)
Native configuration is i686-pc-linux-gnu
=== g++ tests ===
Running target unix
XPASS: g++.dg/tree-ssa/ivopts-1.C scan-tree-dump-not &x\\[5\\]
=== g++ Summary ===
# of expected passes 13182
# of unexpected successes 1
# of expected failures 67
# of unsupported tests 72
/home/cuiwd/gcc4/obj/gcc/testsuite/g++/../../g++ version 4.2.0 20061001 (experimental)
=== gcc tests ===
Running target unix
FAIL: gcc.c-torture/execute/mayalias-2.c compilation, -O3 -g (internal compiler error)
UNRESOLVED: gcc.c-torture/execute/mayalias-2.c execution, -O3 -g
FAIL: gcc.dg/debug/dwarf2/dwarf-file1.c scan-assembler File Entry:
FAIL: gcc.dg/vect/pr20122.c scan-tree-dump-times vectorized 1 loops 2
=== gcc Summary ===
# of expected passes 41384
# of unexpected failures 3
# of expected failures 112
# of unresolved testcases 1
# of untested testcases 28
# of unsupported tests 283
/home/cuiwd/gcc4/obj/gcc/xgcc version 4.2.0 20061001 (experimental)
=== gfortran tests ===
Running target unix
=== gfortran Summary ===
# of expected passes 14293
# of expected failures 15
# of unsupported tests 16
/home/cuiwd/gcc4/obj/gcc/testsuite/gfortran/../../gfortran version 4.2.0 20061001 (experimental)
=== objc tests ===
Running target unix
=== objc Summary ===
# of expected passes 1760
# of expected failures 7
# of unsupported tests 24
/home/cuiwd/gcc4/obj/gcc/xgcc version 4.2.0 20061001 (experimental)
=== libffi tests ===
Running target unix
FAIL: libffi.call/return_fl2.c -O0 -W -Wall execution test
FAIL: libffi.call/return_fl2.c -O2 execution test
FAIL: libffi.call/return_fl2.c -O3 execution test
FAIL: libffi.call/return_fl2.c -Os execution test
=== libffi Summary ===
# of expected passes 1080
# of unexpected failures 4
# of unsupported tests 8
=== libgomp tests ===
Running target unix
=== libgomp Summary ===
# of expected passes 1528
=== libjava tests ===
Running target unix
=== libjava Summary ===
# of expected passes 6999
# of expected failures 12
# of untested testcases 8
=== libmudflap tests ===
Running target unix
=== libmudflap Summary ===
# of expected passes 1814
=== libstdc++ tests ===
Running target unix
FAIL: 22_locale/messages/members/char/1.cc execution test
FAIL: 22_locale/messages/members/char/2.cc execution test
FAIL: 22_locale/messages/members/char/wrapped_env.cc execution test
FAIL: 22_locale/messages/members/char/wrapped_locale.cc execution test
FAIL: 22_locale/messages_byname/named_equivalence.cc execution test
FAIL: 22_locale/time_get/get_date/wchar_t/4.cc execution test
XPASS: 26_numerics/cmath/c99_classification_macros_c.cc (test for excess errors)
=== libstdc++ Summary ===
# of expected passes 4412
# of unexpected failures 6
# of unexpected successes 1
# of expected failures 15
# of unsupported tests 4
Compiler version: 4.2.0 20061001 (experimental)
Platform: i686-pc-linux-gnu
configure flags: --prefix=/home/cuiwd/gcc4/ins/ --enable-languages=c,c++,fortran,java,objc
____________________________________________________________
GET FREE 5GB EMAIL - Check out spam free email with many cool features!
Visit http://www.inbox.com/email to find out more!