This is the mail archive of the
gcc-testresults@gcc.gnu.org
mailing list for the GCC project.
Results for 4.0.3 testsuite on powerpc-unknown-linux-gnu
- From: Greg Schafer <gschafer at zip dot com dot au>
- To: gcc-testresults at gcc dot gnu dot org
- Date: Thu, 28 Sep 2006 09:08:33 +1000
- Subject: Results for 4.0.3 testsuite on powerpc-unknown-linux-gnu
This is using the GCC 4.0.3 Release tarball and is based on the
DIY Linux Reference Build recipe from:
http://www.diy-linux.org/
Using these packages:
FSF binutils-2.16.1
glibc-2.3.6
Running under a 2.6.18 kernel.
LAST_UPDATED: Obtained from SVN: tags/gcc_4_0_3_release revision 111908
Native configuration is powerpc-unknown-linux-gnu
=== g++ tests ===
Running target unix
=== g++ Summary ===
# of expected passes 11489
# of expected failures 69
# of unsupported tests 79
/home/pkgmgr/src/gcc-build/gcc/testsuite/../g++ version 4.0.3
=== gcc tests ===
Running target unix
FAIL: gcc.dg/20020103-1.c scan-assembler-not LC
FAIL: gcc.dg/vect/vect-82_64.c execution test
FAIL: gcc.dg/vect/vect-83_64.c execution test
=== gcc Summary ===
# of expected passes 36366
# of unexpected failures 3
# of expected failures 94
# of untested testcases 28
# of unsupported tests 442
/home/pkgmgr/src/gcc-build/gcc/xgcc version 4.0.3
=== libmudflap tests ===
Running target unix
FAIL: libmudflap.cth/pass40-frag.c execution test
FAIL: libmudflap.cth/pass40-frag.c output pattern test
FAIL: libmudflap.cth/pass40-frag.c (-O2) execution test
FAIL: libmudflap.cth/pass40-frag.c (-O2) output pattern test
FAIL: libmudflap.cth/pass40-frag.c (-O3) execution test
FAIL: libmudflap.cth/pass40-frag.c (-O3) output pattern test
=== libmudflap Summary ===
# of expected passes 1282
# of unexpected failures 6
=== libstdc++ tests ===
Running target unix
XPASS: 22_locale/locale/cons/12658_thread-1.cc execution test
XPASS: 26_numerics/cmath/c99_classification_macros_c.cc (test for excess errors)
XPASS: ext/array_allocator/2.cc execution test
=== libstdc++ Summary ===
# of expected passes 3712
# of unexpected successes 3
# of expected failures 12
Compiler version: 4.0.3
Platform: powerpc-unknown-linux-gnu
configure flags: --libexecdir=/usr/lib --enable-shared --disable-multilib --enable-clocale=gnu --enable-threads=posix --enable-__cxa_atexit --enable-languages=c,c++