This is the mail archive of the
gcc-testresults@gcc.gnu.org
mailing list for the GCC project.
Results for 4.1.1 testsuite on i386-pc-solaris2.10
- From: Nathan Smith <nate at netapp dot com>
- To: gcc-testresults at gcc dot gnu dot org
- Date: Thu, 21 Sep 2006 14:48:34 -0700 (PDT)
- Subject: Results for 4.1.1 testsuite on i386-pc-solaris2.10
i386-pc-solaris2.10
SunOS 5.10 Generic_118844-26 i86pc i386 i86pc
amd64-sun-solaris10, i86pc, 4xCPU, 3000MHz, 2048MB
configuration options: --prefix=/usr/software --program-suffix=-4.1.1 --with-as=/usr/sfw/bin/gas --with-gnu-as --with-ld=/usr/ccs/bin/ld --without-gnu-ld --enable-languages=c,c++
Bootstrapped with:
Reading specs from /usr/sfw/lib/gcc/i386-pc-solaris2.10/3.4.3/specs
Configured with: /builds/sfw10-gate/usr/src/cmd/gcc/gcc-3.4.3/configure --prefix=/usr/sfw --with-as=/usr/sfw/bin/gas --with-gnu-as --with-ld=/usr/ccs/bin/ld --without-gnu-ld --enable-languages=c,c++ --enable-shared
Thread model: posix
gcc version 3.4.3 (csl-sol210-3_4-branch+sol_rpath)
LAST_UPDATED: Obtained from SVN: tags/gcc_4_1_1_release revision 114100
Native configuration is i386-pc-solaris2.10
=== g++ tests ===
Running target unix
ERROR: g++.dg/abi/rtti1.C: error executing dg-final: couldn't execute "c++filt": no such file or directory
UNRESOLVED: g++.dg/abi/rtti1.C: error executing dg-final: couldn't execute "c++filt": no such file or directory
FAIL: g++.dg/eh/simd-1.C (test for excess errors)
WARNING: g++.dg/eh/simd-1.C compilation failed to produce executable
XPASS: g++.dg/other/ucnid-1.C (test for excess errors)
XPASS: g++.dg/tree-ssa/pr14814.C scan-tree-dump-times &this 0
=== g++ Summary ===
# of expected passes 12005
# of unexpected failures 1
# of unexpected successes 2
# of expected failures 67
# of unresolved testcases 1
# of unsupported tests 104
/usr/software/src/objdir-gcc-4.1.1-sysdisk-cc-only/gcc/testsuite/g++/../../g++ version 4.1.1
=== gcc tests ===
Running target unix
FAIL: gcc.c-torture/execute/20050316-1.c compilation, -O0
UNRESOLVED: gcc.c-torture/execute/20050316-1.c execution, -O0
FAIL: gcc.c-torture/execute/20050316-1.c compilation, -O1
UNRESOLVED: gcc.c-torture/execute/20050316-1.c execution, -O1
FAIL: gcc.c-torture/execute/20050316-1.c compilation, -O2
UNRESOLVED: gcc.c-torture/execute/20050316-1.c execution, -O2
FAIL: gcc.c-torture/execute/20050316-1.c compilation, -O3 -fomit-frame-pointer
UNRESOLVED: gcc.c-torture/execute/20050316-1.c execution, -O3 -fomit-frame-pointer
FAIL: gcc.c-torture/execute/20050316-1.c compilation, -O3 -g
UNRESOLVED: gcc.c-torture/execute/20050316-1.c execution, -O3 -g
FAIL: gcc.c-torture/execute/20050316-1.c compilation, -Os
UNRESOLVED: gcc.c-torture/execute/20050316-1.c execution, -Os
FAIL: gcc.c-torture/execute/20050316-3.c compilation, -O0
UNRESOLVED: gcc.c-torture/execute/20050316-3.c execution, -O0
FAIL: gcc.c-torture/execute/20050316-3.c compilation, -O1
UNRESOLVED: gcc.c-torture/execute/20050316-3.c execution, -O1
FAIL: gcc.c-torture/execute/20050316-3.c compilation, -O2
UNRESOLVED: gcc.c-torture/execute/20050316-3.c execution, -O2
FAIL: gcc.c-torture/execute/20050316-3.c compilation, -O3 -fomit-frame-pointer
UNRESOLVED: gcc.c-torture/execute/20050316-3.c execution, -O3 -fomit-frame-pointer
FAIL: gcc.c-torture/execute/20050316-3.c compilation, -O3 -g
UNRESOLVED: gcc.c-torture/execute/20050316-3.c execution, -O3 -g
FAIL: gcc.c-torture/execute/20050316-3.c compilation, -Os
UNRESOLVED: gcc.c-torture/execute/20050316-3.c execution, -Os
FAIL: gcc.c-torture/execute/simd-6.c compilation, -O0
UNRESOLVED: gcc.c-torture/execute/simd-6.c execution, -O0
FAIL: gcc.c-torture/execute/simd-6.c compilation, -O1
UNRESOLVED: gcc.c-torture/execute/simd-6.c execution, -O1
FAIL: gcc.c-torture/execute/simd-6.c compilation, -O2
UNRESOLVED: gcc.c-torture/execute/simd-6.c execution, -O2
FAIL: gcc.c-torture/execute/simd-6.c compilation, -O3 -fomit-frame-pointer
UNRESOLVED: gcc.c-torture/execute/simd-6.c execution, -O3 -fomit-frame-pointer
FAIL: gcc.c-torture/execute/simd-6.c compilation, -O3 -g
UNRESOLVED: gcc.c-torture/execute/simd-6.c execution, -O3 -g
FAIL: gcc.c-torture/execute/simd-6.c compilation, -Os
UNRESOLVED: gcc.c-torture/execute/simd-6.c execution, -Os
FAIL: gcc.dg/compat/vector-1 c_compat_x_tst.o compile
FAIL: gcc.dg/compat/vector-1 c_compat_y_tst.o compile
UNRESOLVED: gcc.dg/compat/vector-1 c_compat_x_tst.o-c_compat_y_tst.o link
UNRESOLVED: gcc.dg/compat/vector-1 c_compat_x_tst.o-c_compat_y_tst.o execute
FAIL: gcc.dg/fold-cond-1.c scan-tree-dump-times \\(g \\| h\\) != 0 1
XPASS: gcc.dg/ucnid-2.c (test for excess errors)
XPASS: gcc.dg/ucnid-3.c (test for excess errors)
XPASS: gcc.dg/ucnid-4.c (test for excess errors)
FAIL: gcc.dg/format/unnamed-1.c (test for excess errors)
FAIL: gcc.dg/format/unnamed-1.c -DWIDE (test for excess errors)
FAIL: largefile.c -O0 -g (test for excess errors)
FAIL: largefile.c -O0 (test for excess errors)
FAIL: largefile.c -O1 (test for excess errors)
FAIL: largefile.c -O2 (test for excess errors)
FAIL: largefile.c -O3 -fomit-frame-pointer (test for excess errors)
FAIL: largefile.c -O3 -g (test for excess errors)
FAIL: largefile.c -Os (test for excess errors)
XPASS: gcc.dg/tree-ssa/20040204-1.c scan-tree-dump-times link_error 0
FAIL: gcc.target/i386/abi-1.c scan-assembler xmm0
=== gcc Summary ===
# of expected passes 38177
# of unexpected failures 31
# of unexpected successes 4
# of expected failures 100
# of unresolved testcases 20
# of untested testcases 35
# of unsupported tests 274
/usr/software/src/objdir-gcc-4.1.1-sysdisk-cc-only/gcc/xgcc version 4.1.1
=== libstdc++ tests ===
Running target unix
FAIL: 22_locale/num_put/put/char/14220.cc execution test
FAIL: 22_locale/num_put/put/wchar_t/14220.cc execution test
=== libstdc++ Summary ===
# of expected passes 3398
# of unexpected failures 2
# of expected failures 12
# of unsupported tests 321
Compiler version: 4.1.1
Platform: i386-pc-solaris2.10
configure flags: --prefix=/usr/software --program-suffix=-4.1.1 --with-as=/usr/sfw/bin/gas --with-gnu-as --with-ld=/usr/ccs/bin/ld --without-gnu-ld --enable-languages=c,c++