This is the mail archive of the gcc-testresults@gcc.gnu.org mailing list for the GCC project.
Index Nav: | [Date Index] [Subject Index] [Author Index] [Thread Index] | |
---|---|---|
Message Nav: | [Date Prev] [Date Next] | [Thread Prev] [Thread Next] |
Other format: | [Raw text] |
Remote host: linux 2.6.12 sh4 GNU C Library version 2.3.5 LAST_UPDATED: Tue Sep 5 22:04:02 UTC 2006 (revision 116703) Target is sh4-unknown-linux-gnu Host is i686-pc-linux-gnu === g++ tests === Running target unix WARNING: Assuming target board is the local machine (which is probably wrong). === g++ Summary === # of expected passes 13023 # of expected failures 66 # of unsupported tests 119 /exp/ldroot/dodes/xsh-gcc-orig/gcc/testsuite/g++/../../g++ version 4.2.0 20060905 (experimental) Host is i686-pc-linux-gnu === gcc tests === Running target unix WARNING: Assuming target board is the local machine (which is probably wrong). FAIL: gcc.c-torture/execute/builtin-prefetch-6.c execution, -O0 FAIL: gcc.c-torture/execute/builtin-prefetch-6.c execution, -O1 FAIL: gcc.c-torture/execute/builtin-prefetch-6.c execution, -O2 FAIL: gcc.c-torture/execute/builtin-prefetch-6.c execution, -O3 -fomit-frame-pointer FAIL: gcc.c-torture/execute/builtin-prefetch-6.c execution, -O3 -fomit-frame-pointer -funroll-loops FAIL: gcc.c-torture/execute/builtin-prefetch-6.c execution, -O3 -fomit-frame-pointer -funroll-all-loops -finline-functions FAIL: gcc.c-torture/execute/builtin-prefetch-6.c execution, -O3 -g FAIL: gcc.c-torture/execute/builtin-prefetch-6.c execution, -Os FAIL: gcc.c-torture/execute/mayalias-2.c compilation, -O3 -g (internal compiler error) UNRESOLVED: gcc.c-torture/execute/mayalias-2.c execution, -O3 -g FAIL: gcc.dg/nrv3.c scan-tree-dump-times return slot optimization 2 === gcc Summary === # of expected passes 39941 # of unexpected failures 10 # of expected failures 81 # of unresolved testcases 1 # of untested testcases 28 # of unsupported tests 351 /exp/ldroot/dodes/xsh-gcc-orig/gcc/xgcc version 4.2.0 20060905 (experimental) Host is i686-pc-linux-gnu === gfortran tests === Running target unix WARNING: Assuming target board is the local machine (which is probably wrong). FAIL: gfortran.dg/common_5.f -O (test for warnings, line 6) === gfortran Summary === # of expected passes 13956 # of unexpected failures 1 # of expected failures 14 # of unsupported tests 99 /exp/ldroot/dodes/xsh-gcc-orig/gcc/testsuite/gfortran/../../gfortran version 4.2.0 20060905 (experimental) Host is i686-pc-linux-gnu === objc tests === Running target unix WARNING: Assuming target board is the local machine (which is probably wrong). === objc Summary === # of expected passes 1754 # of expected failures 7 # of unsupported tests 24 /exp/ldroot/dodes/xsh-gcc-orig/gcc/xgcc version 4.2.0 20060905 (experimental) Host is sh4-unknown-linux-gnu === libffi tests === Running target unix WARNING: Assuming target board is the local machine (which is probably wrong). === libffi Summary === # of expected passes 1084 # of unsupported tests 8 Host is sh4-unknown-linux-gnu === libgomp tests === Running target unix WARNING: Assuming target board is the local machine (which is probably wrong). FAIL: libgomp.fortran/threadprivate2.f90 -O2 execution test FAIL: libgomp.fortran/threadprivate2.f90 -O3 -fomit-frame-pointer execution test FAIL: libgomp.fortran/threadprivate2.f90 -O3 -fomit-frame-pointer -funroll-loops execution test FAIL: libgomp.fortran/threadprivate2.f90 -O3 -fomit-frame-pointer -funroll-all-loops -finline-functions execution test FAIL: libgomp.fortran/threadprivate2.f90 -O3 -g execution test === libgomp Summary === # of expected passes 1481 # of unexpected failures 5 # of unsupported tests 7 Host is sh4-unknown-linux-gnu === libjava tests === Running target unix WARNING: Assuming target board is the local machine (which is probably wrong). FAIL: ExtraClassLoader -findirect-dispatch execution - bytecode->native test === libjava Summary === # of expected passes 5242 # of unexpected failures 1 # of expected failures 12 # of untested testcases 11 Host is sh4-unknown-linux-gnu === libmudflap tests === Running target unix WARNING: Assuming target board is the local machine (which is probably wrong). === libmudflap Summary === # of expected passes 1814 Host is sh4-unknown-linux-gnu === libstdc++ tests === Running target unix WARNING: Assuming target board is the local machine (which is probably wrong). XPASS: 26_numerics/cmath/c99_classification_macros_c.cc (test for excess errors) === libstdc++ Summary === # of expected passes 4352 # of unexpected successes 1 # of expected failures 13 # of unsupported tests 6 Compiler version: 4.2.0 20060905 (experimental) Platform: sh4-unknown-linux-gnu configure flags: --host=i686-pc-linux-gnu --target=sh4-unknown-linux-gnu --enable-shared --enable-threads=posix --enable-clocale=gnu --enable-libgcj --with-ld=/usr/local/bin/sh4-unknown-linux-gnu-ld --with-as=/usr/local/bin/sh4-unknown-linux-gnu-as --wit h-sysroot=/exp/ldroot --enable-languages=c,c++,fortran,java,objc
Index Nav: | [Date Index] [Subject Index] [Author Index] [Thread Index] | |
---|---|---|
Message Nav: | [Date Prev] [Date Next] | [Thread Prev] [Thread Next] |