This is the mail archive of the
gcc-testresults@gcc.gnu.org
mailing list for the GCC project.
Results for 4.2.0 20060817 (experimental) testsuite on i686-pc-linux-gnu
- From: CodeSourcery Automatic Testing System <gcc at codesourcery dot com>
- To: gcc-testresults at gcc dot gnu dot org
- Date: Thu, 17 Aug 2006 04:17:36 -0700
- Subject: Results for 4.2.0 20060817 (experimental) testsuite on i686-pc-linux-gnu
LAST_UPDATED: Thu Aug 17 07:14:01 UTC 2006 (/trunk revision 116208)
Native configuration is i686-pc-linux-gnu
=== g++ tests ===
Running target unix
XPASS: g++.dg/tree-ssa/ivopts-1.C scan-tree-dump-not &x\\[5\\]
=== g++ Summary ===
# of expected passes 12979
# of unexpected successes 1
# of expected failures 67
# of unsupported tests 69
/scratch/gcc/nightly-2006-08-17-mainline/i686-pc-linux-gnu/build_gcc/install/bin/c++ version 4.2.0 20060817 (experimental)
=== gcc tests ===
Running target unix
WARNING: program timed out.
FAIL: gcc.c-torture/compile/20001226-1.c -O0 (test for excess errors)
FAIL: gcc.dg/pr26570.c (test for warnings, line 7)
FAIL: gcc.dg/pr26570.c (test for warnings, line 14)
FAIL: gcc.dg/pr26570.c (test for excess errors)
=== gcc Summary ===
# of expected passes 40925
# of unexpected failures 4
# of expected failures 112
# of untested testcases 28
# of unsupported tests 282
/scratch/gcc/nightly-2006-08-17-mainline/i686-pc-linux-gnu/build_gcc/install/bin/gcc version 4.2.0 20060817 (experimental)
=== libstdc++ tests ===
Running target unix
=== libstdc++ Summary ===
# of expected passes 4325
# of expected failures 14
# of unsupported tests 6
Compiler version: 4.2.0 20060817 (experimental)
Platform: i686-pc-linux-gnu
configure flags: --build=i686-pc-linux-gnu --host=i686-pc-linux-gnu --target=i686-pc-linux-gnu --enable-languages=c,c++ --enable-shared --enable-threads --disable-libmudflap --disable-libssp --disable-libgomp --disable-libstdcxx-pch --with-gnu-as --with-gnu-ld --prefix=/opt/codesourcery --disable-nls --with-build-time-tools=/scratch/gcc/nightly-2006-08-17-mainline/i686-pc-linux-gnu/build_gcc/install/i686-pc-linux-gnu/bin --with-build-time-tools=/scratch/gcc/nightly-2006-08-17-mainline/i686-pc-linux-gnu/build_gcc/install/i686-pc-linux-gnu/bin