This is the mail archive of the
gcc-testresults@gcc.gnu.org
mailing list for the GCC project.
Results for 4.2.0 20060715 (experimental) testsuite on x86_64-unknown-linux-gnu
- From: Bradley J Lucier <lucier at math dot purdue dot edu>
- To: gcc-testresults at gcc dot gnu dot org
- Date: Sat, 15 Jul 2006 21:56:04 -0400 (EDT)
- Subject: Results for 4.2.0 20060715 (experimental) testsuite on x86_64-unknown-linux-gnu
LAST_UPDATED: Sat Jul 15 16:57:19 UTC 2006 (revision 115478)
Native configuration is x86_64-unknown-linux-gnu
=== gcc tests ===
Running target unix
FAIL: gcc.dg/visibility-11.c scan-assembler memcpy@PLT
WARNING: gcc.dg/torture/fp-int-convert-float128-timode.c -O0 compilation failed to produce executable
WARNING: gcc.dg/torture/fp-int-convert-float128-timode.c -O1 compilation failed to produce executable
WARNING: gcc.dg/torture/fp-int-convert-float128-timode.c -O2 compilation failed to produce executable
WARNING: gcc.dg/torture/fp-int-convert-float128-timode.c -O3 -fomit-frame-pointer compilation failed to produce executable
WARNING: gcc.dg/torture/fp-int-convert-float128-timode.c -O3 -g compilation failed to produce executable
WARNING: gcc.dg/torture/fp-int-convert-float128-timode.c -Os compilation failed to produce executable
WARNING: gcc.dg/torture/fp-int-convert-float128.c -O0 compilation failed to produce executable
WARNING: gcc.dg/torture/fp-int-convert-float128.c -O1 compilation failed to produce executable
WARNING: gcc.dg/torture/fp-int-convert-float128.c -O2 compilation failed to produce executable
WARNING: gcc.dg/torture/fp-int-convert-float128.c -O3 -fomit-frame-pointer compilation failed to produce executable
WARNING: gcc.dg/torture/fp-int-convert-float128.c -O3 -g compilation failed to produce executable
WARNING: gcc.dg/torture/fp-int-convert-float128.c -Os compilation failed to produce executable
=== gcc Summary for unix ===
# of expected passes 39667
# of unexpected failures 1
# of expected failures 123
# of untested testcases 28
# of unsupported tests 385
Running target unix/-m64
FAIL: gcc.dg/visibility-11.c scan-assembler memcpy@PLT
WARNING: gcc.dg/torture/fp-int-convert-float128-timode.c -O0 compilation failed to produce executable
WARNING: gcc.dg/torture/fp-int-convert-float128-timode.c -O1 compilation failed to produce executable
WARNING: gcc.dg/torture/fp-int-convert-float128-timode.c -O2 compilation failed to produce executable
WARNING: gcc.dg/torture/fp-int-convert-float128-timode.c -O3 -fomit-frame-pointer compilation failed to produce executable
WARNING: gcc.dg/torture/fp-int-convert-float128-timode.c -O3 -g compilation failed to produce executable
WARNING: gcc.dg/torture/fp-int-convert-float128-timode.c -Os compilation failed to produce executable
WARNING: gcc.dg/torture/fp-int-convert-float128.c -O0 compilation failed to produce executable
WARNING: gcc.dg/torture/fp-int-convert-float128.c -O1 compilation failed to produce executable
WARNING: gcc.dg/torture/fp-int-convert-float128.c -O2 compilation failed to produce executable
WARNING: gcc.dg/torture/fp-int-convert-float128.c -O3 -fomit-frame-pointer compilation failed to produce executable
WARNING: gcc.dg/torture/fp-int-convert-float128.c -O3 -g compilation failed to produce executable
WARNING: gcc.dg/torture/fp-int-convert-float128.c -Os compilation failed to produce executable
FAIL: gcc.target/i386/asm-1.c (test for errors, line 4)
=== gcc Summary for unix/-m64 ===
# of expected passes 39666
# of unexpected failures 2
# of expected failures 123
# of untested testcases 28
# of unsupported tests 385
=== gcc Summary ===
# of expected passes 79333
# of unexpected failures 3
# of expected failures 246
# of untested testcases 56
# of unsupported tests 770
/export/users/lucier/programs/gcc/mainline/objdir/gcc/xgcc version 4.2.0 20060715 (experimental)
=== gfortran tests ===
Running target unix
XPASS: gfortran.dg/csqrt_2.f -O0 execution test
XPASS: gfortran.dg/csqrt_2.f -O1 execution test
XPASS: gfortran.dg/csqrt_2.f -O2 execution test
XPASS: gfortran.dg/csqrt_2.f -O3 -fomit-frame-pointer execution test
XPASS: gfortran.dg/csqrt_2.f -O3 -fomit-frame-pointer -funroll-loops execution test
XPASS: gfortran.dg/csqrt_2.f -O3 -fomit-frame-pointer -funroll-all-loops -finline-functions execution test
XPASS: gfortran.dg/csqrt_2.f -O3 -g execution test
XPASS: gfortran.dg/csqrt_2.f -Os execution test
XPASS: gfortran.dg/vect/vect-5.f90 -O scan-tree-dump-times vectorized 2 loops 1
XPASS: gfortran.dg/vect/vect-5.f90 -O scan-tree-dump-times Alignment of access forced using peeling 1
XPASS: gfortran.dg/vect/vect-5.f90 -O scan-tree-dump-times Vectorizing an unaligned access 2
=== gfortran Summary for unix ===
# of expected passes 13652
# of unexpected successes 11
# of expected failures 7
# of unsupported tests 17
Running target unix/-m64
XPASS: gfortran.dg/csqrt_2.f -O0 execution test
XPASS: gfortran.dg/csqrt_2.f -O1 execution test
XPASS: gfortran.dg/csqrt_2.f -O2 execution test
XPASS: gfortran.dg/csqrt_2.f -O3 -fomit-frame-pointer execution test
XPASS: gfortran.dg/csqrt_2.f -O3 -fomit-frame-pointer -funroll-loops execution test
XPASS: gfortran.dg/csqrt_2.f -O3 -fomit-frame-pointer -funroll-all-loops -finline-functions execution test
XPASS: gfortran.dg/csqrt_2.f -O3 -g execution test
XPASS: gfortran.dg/csqrt_2.f -Os execution test
XPASS: gfortran.dg/vect/vect-5.f90 -O scan-tree-dump-times vectorized 2 loops 1
XPASS: gfortran.dg/vect/vect-5.f90 -O scan-tree-dump-times Alignment of access forced using peeling 1
XPASS: gfortran.dg/vect/vect-5.f90 -O scan-tree-dump-times Vectorizing an unaligned access 2
=== gfortran Summary for unix/-m64 ===
# of expected passes 13652
# of unexpected successes 11
# of expected failures 7
# of unsupported tests 17
=== gfortran Summary ===
# of expected passes 27304
# of unexpected successes 22
# of expected failures 14
# of unsupported tests 34
/export/users/lucier/programs/gcc/mainline/objdir/gcc/testsuite/gfortran/../../gfortran version 4.2.0 20060715 (experimental)
=== g++ tests ===
Running target unix
=== g++ Summary for unix ===
# of expected passes 12744
# of expected failures 67
# of unsupported tests 98
Running target unix/-m64
=== g++ Summary for unix/-m64 ===
# of expected passes 12744
# of expected failures 67
# of unsupported tests 98
=== g++ Summary ===
# of expected passes 25488
# of expected failures 134
# of unsupported tests 196
/export/users/lucier/programs/gcc/mainline/objdir/gcc/testsuite/g++/../../g++ version 4.2.0 20060715 (experimental)
=== objc tests ===
Running target unix
=== objc Summary for unix ===
# of expected passes 1754
# of expected failures 7
# of unsupported tests 24
Running target unix/-m64
=== objc Summary for unix/-m64 ===
# of expected passes 1754
# of expected failures 7
# of unsupported tests 24
=== objc Summary ===
# of expected passes 3508
# of expected failures 14
# of unsupported tests 48
/export/users/lucier/programs/gcc/mainline/objdir/gcc/xgcc version 4.2.0 20060715 (experimental)
=== libffi tests ===
Running target unix
=== libffi Summary for unix ===
# of expected passes 1072
# of unsupported tests 8
Running target unix/-m64
=== libffi Summary for unix/-m64 ===
# of expected passes 1072
# of unsupported tests 8
=== libffi Summary ===
# of expected passes 2144
# of unsupported tests 16
=== libgomp tests ===
Running target unix
=== libgomp Summary for unix ===
# of expected passes 1498
Running target unix/-m64
=== libgomp Summary for unix/-m64 ===
# of expected passes 1498
=== libgomp Summary ===
# of expected passes 2996
=== libjava tests ===
Running target unix
FAIL: PR27908 execution - source compiled test
FAIL: PR27908 -findirect-dispatch execution - bytecode->native test
FAIL: PR27908 execution - gij test
=== libjava Summary for unix ===
# of expected passes 6923
# of unexpected failures 3
# of expected failures 12
# of untested testcases 11
Running target unix/-m64
FAIL: PR27908 execution - gij test
=== libjava Summary for unix/-m64 ===
# of expected passes 6927
# of unexpected failures 1
# of expected failures 12
# of untested testcases 9
=== libjava Summary ===
# of expected passes 13850
# of unexpected failures 4
# of expected failures 24
# of untested testcases 20
=== libmudflap tests ===
Running target unix
WARNING: program timed out.
FAIL: libmudflap.cth/pass39-frag.c (rerun 4) execution test
FAIL: libmudflap.cth/pass39-frag.c (rerun 4) output pattern test
WARNING: program timed out.
FAIL: libmudflap.cth/pass39-frag.c (rerun 14) execution test
FAIL: libmudflap.cth/pass39-frag.c (rerun 14) output pattern test
WARNING: program timed out.
FAIL: libmudflap.cth/pass39-frag.c (rerun 19) execution test
FAIL: libmudflap.cth/pass39-frag.c (rerun 19) output pattern test
WARNING: program timed out.
FAIL: libmudflap.cth/pass37-frag.c (-static -DSTATIC) (rerun 4) execution test
FAIL: libmudflap.cth/pass37-frag.c (-static -DSTATIC) (rerun 4) output pattern test
WARNING: program timed out.
FAIL: libmudflap.cth/pass39-frag.c (-static -DSTATIC) (rerun 13) execution test
WARNING: program timed out.
FAIL: libmudflap.cth/pass39-frag.c (-static -DSTATIC) (rerun 14) execution test
FAIL: libmudflap.cth/pass39-frag.c (-static -DSTATIC) (rerun 14) output pattern test
WARNING: program timed out.
FAIL: libmudflap.cth/pass37-frag.c (-O2) (rerun 6) execution test
FAIL: libmudflap.cth/pass37-frag.c (-O2) (rerun 6) output pattern test
WARNING: program timed out.
FAIL: libmudflap.cth/pass37-frag.c (-O2) (rerun 9) execution test
FAIL: libmudflap.cth/pass37-frag.c (-O2) (rerun 9) output pattern test
WARNING: program timed out.
FAIL: libmudflap.cth/pass37-frag.c (-O2) (rerun 10) execution test
FAIL: libmudflap.cth/pass37-frag.c (-O2) (rerun 10) output pattern test
WARNING: program timed out.
FAIL: libmudflap.cth/pass37-frag.c (-O2) (rerun 12) execution test
FAIL: libmudflap.cth/pass37-frag.c (-O2) (rerun 12) output pattern test
WARNING: program timed out.
FAIL: libmudflap.cth/pass39-frag.c (-O3) (rerun 17) execution test
FAIL: libmudflap.cth/pass39-frag.c (-O3) (rerun 17) output pattern test
=== libmudflap Summary for unix ===
# of expected passes 1793
# of unexpected failures 21
Running target unix/-m64
=== libmudflap Summary for unix/-m64 ===
# of expected passes 1814
=== libmudflap Summary ===
# of expected passes 3607
# of unexpected failures 21
=== libstdc++ tests ===
Running target unix
XPASS: 26_numerics/cmath/c99_classification_macros_c.cc (test for excess errors)
XPASS: 27_io/fpos/14320-1.cc execution test
=== libstdc++ Summary for unix ===
# of expected passes 4317
# of unexpected successes 2
# of expected failures 12
# of unsupported tests 4
Running target unix/-m64
XPASS: 26_numerics/cmath/c99_classification_macros_c.cc (test for excess errors)
XPASS: 27_io/fpos/14320-1.cc execution test
=== libstdc++ Summary for unix/-m64 ===
# of expected passes 4317
# of unexpected successes 2
# of expected failures 12
# of unsupported tests 4
=== libstdc++ Summary ===
# of expected passes 8634
# of unexpected successes 4
# of expected failures 24
# of unsupported tests 8
Compiler version: 4.2.0 20060715 (experimental)
Platform: x86_64-unknown-linux-gnu
configure flags: --prefix=/pkgs/gcc-mainline --enable-languages=c,c++,fortran,java,objc
BOOT_CFLAGS=-g -O2
Counting all warnings,
there are 0 warnings in stage3 of this bootstrap.
Number of warnings per file:
Number of warning types: