This is the mail archive of the
gcc-testresults@gcc.gnu.org
mailing list for the GCC project.
Results for 4.2.0 20060708 (experimental) gcc testsuite on arm-unknown-elf
- From: mstein at phenix dot rootshell dot be (mstein)
- To: gcc-testresults at gcc dot gnu dot org
- Date: Sun, 9 Jul 2006 07:00:39 +0200 (CEST)
- Subject: Results for 4.2.0 20060708 (experimental) gcc testsuite on arm-unknown-elf
Ubuntu 5 on pentium3-smp
cross tool versions:
GNU assembler 2.17.50 20060702
GNU gdb 6.5.50.20060702-cvs
GNU ld version 2.17.50 20060702
GNU Make 3.80
expect version 5.42.1
host gcc version: gcc (GCC) 4.2.0 20060707 (experimental)
LAST_UPDATED: Sat Jul 8 00:21:22 UTC 2006 (revision 115280)
Target is arm-unknown-elf
Host is i686-pc-linux-gnu
=== gcc tests ===
Running target arm-sim
FAIL: gcc.dg/cpp/_Pragma6.c (test for excess errors)
FAIL: gcc.dg/intmax_t-1.c (test for errors, line )
FAIL: gcc.dg/pragma-pack-3.c execution test
FAIL: gcc.dg/tls/alias-1.c (test for excess errors)
FAIL: gcc.dg/tls/opt-2.c (test for excess errors)
FAIL: gcc.target/arm/pr27387.C (test for excess errors)
ERROR: gcc.target/arm/pr27387.C: error executing dg-final: couldn't open "pr27387.s": no such file or directory
UNRESOLVED: gcc.target/arm/pr27387.C: error executing dg-final: couldn't open "pr27387.s": no such file or directory
=== gcc Summary ===
# of expected passes 38050
# of unexpected failures 6
# of expected failures 75
# of unresolved testcases 1
# of untested testcases 28
# of unsupported tests 392
/home/mstein/sim/arm-elf/build/gcc/xgcc version 4.2.0 20060708 (experimental)
Compiler version: 4.2.0 20060708 (experimental) gcc
Platform: arm-unknown-elf
configure flags: --target=arm-elf --prefix=/n/07/mstein/cross-local/arm-elf --disable-nls --disable-build-warnings --with-ld=/n/07/mstein/cross-local/arm-elf/bin/arm-elf-ld --with-as=/n/07/mstein/cross-local/arm-elf/bin/arm-elf-as --disable-libssp --enable-languages=c