This is the mail archive of the
gcc-testresults@gcc.gnu.org
mailing list for the GCC project.
Results for 4.2.0 20060625 (experimental) testsuite on i686-pc-linux-gnu
- From: CodeSourcery Automatic Testing System <gcc at codesourcery dot com>
- To: gcc-testresults at gcc dot gnu dot org
- Date: Sun, 25 Jun 2006 03:33:11 -0700
- Subject: Results for 4.2.0 20060625 (experimental) testsuite on i686-pc-linux-gnu
LAST_UPDATED: Sun Jun 25 07:16:41 UTC 2006 (/trunk revision 114982)
Native configuration is i686-pc-linux-gnu
=== g++ tests ===
Running target unix
=== g++ Summary ===
# of expected passes 12732
# of expected failures 67
# of unsupported tests 69
/scratch/gcc/nightly-2006-06-25-mainline/i686-pc-linux-gnu/build_gcc/install/bin/c++ version 4.2.0 20060625 (experimental)
=== gcc tests ===
Running target unix
WARNING: program timed out.
FAIL: gcc.c-torture/compile/20001226-1.c -O0 (test for excess errors)
=== gcc Summary ===
# of expected passes 39801
# of unexpected failures 1
# of expected failures 112
# of untested testcases 28
# of unsupported tests 277
/scratch/gcc/nightly-2006-06-25-mainline/i686-pc-linux-gnu/build_gcc/install/bin/gcc version 4.2.0 20060625 (experimental)
=== libstdc++ tests ===
Running target unix
=== libstdc++ Summary ===
# of expected passes 4307
# of expected failures 14
# of unsupported tests 6
Compiler version: 4.2.0 20060625 (experimental)
Platform: i686-pc-linux-gnu
configure flags: --disable-nls --build=i686-pc-linux-gnu --host=i686-pc-linux-gnu --target=i686-pc-linux-gnu --enable-languages=c,c++ --enable-shared --enable-threads --disable-libmudflap --disable-libssp --disable-libgomp --disable-libstdcxx-pch --with-gnu-as --with-gnu-ld --prefix=/opt/codesourcery --with-bugurl=http://gcc.gnu.org/bugs.html --with-build-time-tools=/scratch/gcc/nightly-2006-06-25-mainline/i686-pc-linux-gnu/build_gcc/install/i686-pc-linux-gnu/bin --with-build-time-tools=/scratch/gcc/nightly-2006-06-25-mainline/i686-pc-linux-gnu/build_gcc/install/i686-pc-linux-gnu/bin