This is the mail archive of the gcc-testresults@gcc.gnu.org mailing list for the GCC project.


Index Nav: [Date Index] [Subject Index] [Author Index] [Thread Index]
Message Nav: [Date Prev] [Date Next] [Thread Prev] [Thread Next]
Other format: [Raw text]

Results for 4.1.1 testsuite on mips-sgi-irix5.3


LAST_UPDATED: Obtained from SVN: tags/gcc_4_1_1_release revision 114100

		=== acats tests ===

		=== acats Summary ===
# of expected passes		1961
# of unexpected failures	0
# of unsupported tests		356
Native configuration is mips-sgi-irix5.3

		=== g++ tests ===


Running target unix
WARNING: Could not compile g++.dg/compat/struct-layout-1 generator
FAIL: g++.dg/debug/const1.C (test for excess errors)
FAIL: g++.dg/debug/const1.C (test for excess errors)
FAIL: g++.dg/debug/const1.C (test for excess errors)
FAIL: g++.dg/debug/const1.C (test for excess errors)
FAIL: g++.dg/debug/const1.C (test for excess errors)
FAIL: g++.dg/debug/const1.C (test for excess errors)
FAIL: g++.dg/debug/const1.C (test for excess errors)
FAIL: g++.dg/debug/const1.C (test for excess errors)
FAIL: g++.dg/debug/const1.C (test for excess errors)
FAIL: g++.dg/debug/const1.C (test for excess errors)
FAIL: g++.dg/debug/const1.C (test for excess errors)
FAIL: g++.dg/debug/const1.C (test for excess errors)
FAIL: g++.dg/debug/const1.C (test for excess errors)
FAIL: g++.dg/debug/const1.C (test for excess errors)
FAIL: g++.dg/debug/const1.C (test for excess errors)
FAIL: g++.dg/debug/const1.C (test for excess errors)
FAIL: g++.dg/debug/const1.C (test for excess errors)
FAIL: g++.dg/debug/const1.C (test for excess errors)
FAIL: g++.dg/debug/debug4.C (test for excess errors)
FAIL: g++.dg/debug/debug4.C (test for excess errors)
FAIL: g++.dg/debug/debug4.C (test for excess errors)
FAIL: g++.dg/debug/debug4.C (test for excess errors)
FAIL: g++.dg/debug/debug4.C (test for excess errors)
FAIL: g++.dg/debug/debug4.C (test for excess errors)
FAIL: g++.dg/debug/debug4.C (test for excess errors)
FAIL: g++.dg/debug/debug4.C (test for excess errors)
FAIL: g++.dg/debug/debug4.C (test for excess errors)
FAIL: g++.dg/debug/debug4.C (test for excess errors)
FAIL: g++.dg/debug/debug4.C (test for excess errors)
FAIL: g++.dg/debug/debug4.C (test for excess errors)
FAIL: g++.dg/debug/debug4.C (test for excess errors)
FAIL: g++.dg/debug/debug4.C (test for excess errors)
FAIL: g++.dg/debug/debug4.C (test for excess errors)
FAIL: g++.dg/debug/debug4.C (test for excess errors)
FAIL: g++.dg/debug/debug4.C (test for excess errors)
FAIL: g++.dg/debug/debug4.C (test for excess errors)
FAIL: g++.dg/debug/trivial.C (test for excess errors)
FAIL: g++.dg/debug/trivial.C execution test
FAIL: g++.dg/debug/trivial.C (test for excess errors)
FAIL: g++.dg/debug/trivial.C execution test
FAIL: g++.dg/debug/trivial.C (test for excess errors)
FAIL: g++.dg/debug/trivial.C execution test
FAIL: g++.dg/debug/trivial.C (test for excess errors)
FAIL: g++.dg/debug/trivial.C execution test
FAIL: g++.dg/debug/trivial.C (test for excess errors)
FAIL: g++.dg/debug/trivial.C execution test
FAIL: g++.dg/debug/trivial.C (test for excess errors)
FAIL: g++.dg/debug/trivial.C execution test
FAIL: g++.dg/debug/trivial.C (test for excess errors)
FAIL: g++.dg/debug/trivial.C execution test
FAIL: g++.dg/debug/trivial.C (test for excess errors)
FAIL: g++.dg/debug/trivial.C execution test
FAIL: g++.dg/debug/trivial.C (test for excess errors)
FAIL: g++.dg/debug/trivial.C execution test
FAIL: g++.dg/debug/trivial.C (test for excess errors)
WARNING: g++.dg/debug/trivial.C compilation failed to produce executable
FAIL: g++.dg/debug/trivial.C (test for excess errors)
WARNING: g++.dg/debug/trivial.C compilation failed to produce executable
FAIL: g++.dg/debug/trivial.C (test for excess errors)
WARNING: g++.dg/debug/trivial.C compilation failed to produce executable
FAIL: g++.dg/debug/trivial.C (test for excess errors)
WARNING: g++.dg/debug/trivial.C compilation failed to produce executable
FAIL: g++.dg/debug/trivial.C (test for excess errors)
WARNING: g++.dg/debug/trivial.C compilation failed to produce executable
FAIL: g++.dg/debug/trivial.C (test for excess errors)
WARNING: g++.dg/debug/trivial.C compilation failed to produce executable
FAIL: g++.dg/debug/trivial.C (test for excess errors)
WARNING: g++.dg/debug/trivial.C compilation failed to produce executable
FAIL: g++.dg/debug/trivial.C (test for excess errors)
WARNING: g++.dg/debug/trivial.C compilation failed to produce executable
FAIL: g++.dg/debug/trivial.C (test for excess errors)
WARNING: g++.dg/debug/trivial.C compilation failed to produce executable
ERROR: g++.dg/abi/rtti1.C: error executing dg-final: couldn't execute "c++filt": no such file or directory
UNRESOLVED: g++.dg/abi/rtti1.C: error executing dg-final: couldn't execute "c++filt": no such file or directory
FAIL: g++.dg/eh/simd-2.C (test for excess errors)
WARNING: g++.dg/eh/simd-2.C compilation failed to produce executable
FAIL: g++.dg/opt/pr15551.C (test for excess errors)
WARNING: g++.dg/opt/pr15551.C compilation failed to produce executable
XPASS: g++.dg/tree-ssa/pr14814.C scan-tree-dump-times &this 0
FAIL: g++.dg/warn/miss-format-1.C scanf attribute warning (test for warnings, line 24)
FAIL: g++.dg/warn/miss-format-1.C (test for excess errors)
FAIL: g++.dg/special/conpr-1.C execution test
FAIL: g++.dg/special/conpr-2.C execution test
FAIL: g++.dg/special/conpr-3.C execution test
FAIL: g++.dg/special/conpr-4.C execution test
FAIL: g++.dg/special/initp1.C execution test

		=== g++ Summary ===

# of expected passes		11710
# of unexpected failures	72
# of unexpected successes	1
# of expected failures		67
# of unresolved testcases	1
# of unsupported tests		167
/amnt/sequoia/export/vol/gcc/obj/irix5/gcc-4.1.1/gcc/testsuite/g++/../../g++  version 4.1.1

		=== gcc tests ===


Running target unix
WARNING: program timed out.
FAIL: gcc.c-torture/compile/20001226-1.c (test for excess errors)
WARNING: program timed out.
FAIL: gcc.c-torture/compile/20001226-1.c (test for excess errors)
WARNING: program timed out.
FAIL: gcc.c-torture/compile/20001226-1.c (test for excess errors)
WARNING: program timed out.
FAIL: gcc.c-torture/compile/20001226-1.c (test for excess errors)
WARNING: program timed out.
FAIL: gcc.c-torture/compile/20001226-1.c (test for excess errors)
FAIL: gcc.c-torture/execute/ieee/copysign1.c execution,  -O0 
FAIL: gcc.c-torture/execute/ieee/copysign1.c execution,  -O1 
FAIL: gcc.c-torture/execute/ieee/copysign1.c execution,  -O2 
FAIL: gcc.c-torture/execute/ieee/copysign1.c execution,  -O3 -fomit-frame-pointer 
FAIL: gcc.c-torture/execute/ieee/copysign1.c execution,  -O3 -fomit-frame-pointer -funroll-loops 
FAIL: gcc.c-torture/execute/ieee/copysign1.c execution,  -O3 -fomit-frame-pointer -funroll-all-loops -finline-functions 
FAIL: gcc.c-torture/execute/ieee/copysign1.c execution,  -O3 -g 
FAIL: gcc.c-torture/execute/ieee/copysign1.c execution,  -Os 
FAIL: gcc.c-torture/execute/ieee/copysign1.c execution,  -O0 
FAIL: gcc.c-torture/execute/ieee/copysign1.c execution,  -O1 
FAIL: gcc.c-torture/execute/ieee/copysign1.c execution,  -O2 
FAIL: gcc.c-torture/execute/ieee/copysign1.c execution,  -O3 -fomit-frame-pointer 
FAIL: gcc.c-torture/execute/ieee/copysign1.c execution,  -O3 -fomit-frame-pointer -funroll-loops 
FAIL: gcc.c-torture/execute/ieee/copysign1.c execution,  -O3 -fomit-frame-pointer -funroll-all-loops -finline-functions 
FAIL: gcc.c-torture/execute/ieee/copysign1.c execution,  -O3 -g 
FAIL: gcc.c-torture/execute/ieee/copysign1.c execution,  -Os 
WARNING: Could not compile gcc.dg/compat/struct-layout-1 generator
FAIL: gcc.dg/debug/20020220-1.c (test for excess errors)
FAIL: gcc.dg/debug/20020220-1.c (test for excess errors)
FAIL: gcc.dg/debug/20020220-1.c (test for excess errors)
FAIL: gcc.dg/debug/20020220-1.c (test for excess errors)
FAIL: gcc.dg/debug/20020220-1.c (test for excess errors)
FAIL: gcc.dg/debug/20020220-1.c (test for excess errors)
FAIL: gcc.dg/debug/20020220-1.c (test for excess errors)
FAIL: gcc.dg/debug/20020220-1.c (test for excess errors)
FAIL: gcc.dg/debug/20020220-1.c (test for excess errors)
FAIL: gcc.dg/debug/20020220-1.c (test for excess errors)
WARNING: gcc.dg/debug/20020220-1.c compilation failed to produce executable
FAIL: gcc.dg/debug/20020220-1.c (test for excess errors)
WARNING: gcc.dg/debug/20020220-1.c compilation failed to produce executable
FAIL: gcc.dg/debug/20020220-1.c (test for excess errors)
WARNING: gcc.dg/debug/20020220-1.c compilation failed to produce executable
FAIL: gcc.dg/debug/20020220-1.c (test for excess errors)
WARNING: gcc.dg/debug/20020220-1.c compilation failed to produce executable
FAIL: gcc.dg/debug/20020220-1.c (test for excess errors)
WARNING: gcc.dg/debug/20020220-1.c compilation failed to produce executable
FAIL: gcc.dg/debug/20020220-1.c (test for excess errors)
WARNING: gcc.dg/debug/20020220-1.c compilation failed to produce executable
FAIL: gcc.dg/debug/20020220-1.c (test for excess errors)
WARNING: gcc.dg/debug/20020220-1.c compilation failed to produce executable
FAIL: gcc.dg/debug/20020220-1.c (test for excess errors)
WARNING: gcc.dg/debug/20020220-1.c compilation failed to produce executable
FAIL: gcc.dg/debug/20020220-1.c (test for excess errors)
WARNING: gcc.dg/debug/20020220-1.c compilation failed to produce executable
FAIL: gcc.dg/debug/20020327-1.c (test for excess errors)
FAIL: gcc.dg/debug/20020327-1.c (test for excess errors)
FAIL: gcc.dg/debug/20020327-1.c (test for excess errors)
FAIL: gcc.dg/debug/20020327-1.c (test for excess errors)
FAIL: gcc.dg/debug/20020327-1.c (test for excess errors)
FAIL: gcc.dg/debug/20020327-1.c (test for excess errors)
FAIL: gcc.dg/debug/20020327-1.c (test for excess errors)
FAIL: gcc.dg/debug/20020327-1.c (test for excess errors)
FAIL: gcc.dg/debug/20020327-1.c (test for excess errors)
FAIL: gcc.dg/debug/20020327-1.c (test for excess errors)
FAIL: gcc.dg/debug/20020327-1.c (test for excess errors)
FAIL: gcc.dg/debug/20020327-1.c (test for excess errors)
FAIL: gcc.dg/debug/20020327-1.c (test for excess errors)
FAIL: gcc.dg/debug/20020327-1.c (test for excess errors)
FAIL: gcc.dg/debug/20020327-1.c (test for excess errors)
FAIL: gcc.dg/debug/20020327-1.c (test for excess errors)
FAIL: gcc.dg/debug/20020327-1.c (test for excess errors)
FAIL: gcc.dg/debug/20020327-1.c (test for excess errors)
FAIL: gcc.dg/debug/20050907-1.c (test for excess errors)
FAIL: gcc.dg/debug/20050907-1.c (test for excess errors)
FAIL: gcc.dg/debug/20050907-1.c (test for excess errors)
FAIL: gcc.dg/debug/20050907-1.c (test for excess errors)
FAIL: gcc.dg/debug/20050907-1.c (test for excess errors)
FAIL: gcc.dg/debug/20050907-1.c (test for excess errors)
FAIL: gcc.dg/debug/20050907-1.c (test for excess errors)
FAIL: gcc.dg/debug/20050907-1.c (test for excess errors)
FAIL: gcc.dg/debug/20050907-1.c (test for excess errors)
FAIL: gcc.dg/debug/20050907-1.c (test for excess errors)
FAIL: gcc.dg/debug/20050907-1.c (test for excess errors)
FAIL: gcc.dg/debug/20050907-1.c (test for excess errors)
FAIL: gcc.dg/debug/20050907-1.c (test for excess errors)
FAIL: gcc.dg/debug/20050907-1.c (test for excess errors)
FAIL: gcc.dg/debug/20050907-1.c (test for excess errors)
FAIL: gcc.dg/debug/20050907-1.c (test for excess errors)
FAIL: gcc.dg/debug/20050907-1.c (test for excess errors)
FAIL: gcc.dg/debug/20050907-1.c (test for excess errors)
FAIL: gcc.dg/debug/trivial.c (test for excess errors)
FAIL: gcc.dg/debug/trivial.c (test for excess errors)
FAIL: gcc.dg/debug/trivial.c (test for excess errors)
FAIL: gcc.dg/debug/trivial.c (test for excess errors)
FAIL: gcc.dg/debug/trivial.c (test for excess errors)
FAIL: gcc.dg/debug/trivial.c (test for excess errors)
FAIL: gcc.dg/debug/trivial.c (test for excess errors)
FAIL: gcc.dg/debug/trivial.c (test for excess errors)
FAIL: gcc.dg/debug/trivial.c (test for excess errors)
FAIL: gcc.dg/debug/trivial.c (test for excess errors)
WARNING: gcc.dg/debug/trivial.c compilation failed to produce executable
FAIL: gcc.dg/debug/trivial.c (test for excess errors)
WARNING: gcc.dg/debug/trivial.c compilation failed to produce executable
FAIL: gcc.dg/debug/trivial.c (test for excess errors)
WARNING: gcc.dg/debug/trivial.c compilation failed to produce executable
FAIL: gcc.dg/debug/trivial.c (test for excess errors)
WARNING: gcc.dg/debug/trivial.c compilation failed to produce executable
FAIL: gcc.dg/debug/trivial.c (test for excess errors)
WARNING: gcc.dg/debug/trivial.c compilation failed to produce executable
FAIL: gcc.dg/debug/trivial.c (test for excess errors)
WARNING: gcc.dg/debug/trivial.c compilation failed to produce executable
FAIL: gcc.dg/debug/trivial.c (test for excess errors)
WARNING: gcc.dg/debug/trivial.c compilation failed to produce executable
FAIL: gcc.dg/debug/trivial.c (test for excess errors)
WARNING: gcc.dg/debug/trivial.c compilation failed to produce executable
FAIL: gcc.dg/debug/trivial.c (test for excess errors)
WARNING: gcc.dg/debug/trivial.c compilation failed to produce executable
FAIL: gcc.dg/attr-alias-3.c (test for excess errors)
FAIL: gcc.dg/fold-cond-1.c scan-tree-dump-times \\(g \\| h\\) != 0 1
FAIL: gcc.dg/wchar_t-1.c (test for excess errors)
FAIL: gcc.dg/wint_t-1.c (test for excess errors)
FAIL: largefile.c (test for excess errors)
FAIL: largefile.c (test for excess errors)
FAIL: largefile.c (test for excess errors)
FAIL: largefile.c (test for excess errors)
FAIL: largefile.c (test for excess errors)
FAIL: largefile.c (test for excess errors)
FAIL: largefile.c (test for excess errors)
FAIL: gcc.dg/tls/opt-2.c (test for excess errors)
XPASS: gcc.dg/tree-ssa/20040204-1.c scan-tree-dump-times link_error 0
FAIL: gcc.dg/tree-ssa/loop-1.c scan-assembler-times foo 5
FAIL: gcc.target/mips/mips16e-extends.c scan-assembler seb

		=== gcc Summary ===

# of expected passes		38532
# of unexpected failures	107
# of unexpected successes	1
# of expected failures		76
# of untested testcases		35
# of unsupported tests		313
/amnt/sequoia/export/vol/gcc/obj/irix5/gcc-4.1.1/gcc/xgcc  version 4.1.1

		=== gfortran tests ===


Running target unix
FAIL: gfortran.dg/convert_implied_open.f90 execution test
FAIL: gfortran.dg/convert_implied_open.f90 execution test
FAIL: gfortran.dg/convert_implied_open.f90 execution test
FAIL: gfortran.dg/convert_implied_open.f90 execution test
FAIL: gfortran.dg/convert_implied_open.f90 execution test
FAIL: gfortran.dg/convert_implied_open.f90 execution test
FAIL: gfortran.dg/convert_implied_open.f90 execution test
FAIL: gfortran.dg/convert_implied_open.f90 execution test
FAIL: gfortran.dg/record_marker_3.f90 execution test
FAIL: gfortran.dg/record_marker_3.f90 execution test
FAIL: gfortran.dg/record_marker_3.f90 execution test
FAIL: gfortran.dg/record_marker_3.f90 execution test
FAIL: gfortran.dg/record_marker_3.f90 execution test
FAIL: gfortran.dg/record_marker_3.f90 execution test
FAIL: gfortran.dg/record_marker_3.f90 execution test
FAIL: gfortran.dg/record_marker_3.f90 execution test
FAIL: gfortran.fortran-torture/execute/intrinsic_set_exponent.f90 execution,  -O0 
FAIL: gfortran.fortran-torture/execute/intrinsic_set_exponent.f90 execution,  -O1 
FAIL: gfortran.fortran-torture/execute/intrinsic_set_exponent.f90 execution,  -O2 
FAIL: gfortran.fortran-torture/execute/intrinsic_set_exponent.f90 execution,  -O3 -fomit-frame-pointer 
FAIL: gfortran.fortran-torture/execute/intrinsic_set_exponent.f90 execution,  -O3 -fomit-frame-pointer -funroll-loops 
FAIL: gfortran.fortran-torture/execute/intrinsic_set_exponent.f90 execution,  -O3 -fomit-frame-pointer -funroll-all-loops -finline-functions 
FAIL: gfortran.fortran-torture/execute/intrinsic_set_exponent.f90 execution,  -O3 -g 
FAIL: gfortran.fortran-torture/execute/intrinsic_set_exponent.f90 execution,  -Os 

		=== gfortran Summary ===

# of expected passes		12323
# of unexpected failures	24
# of expected failures		4
# of unsupported tests		90
/amnt/sequoia/export/vol/gcc/obj/irix5/gcc-4.1.1/gcc/testsuite/gfortran/../../gfortran  version 4.1.1

		=== objc tests ===


Running target unix
FAIL: objc.dg/stabs-1.m scan-assembler (.SUBSPA.*[\$]CODE[\$]|.text"?)\\n\\t.stabs.*100,0,0,(\\\\.)?L?L[\$]?etext[0-9]*\\n(\\\\.)?L?L[\$]?etext

		=== objc Summary ===

# of expected passes		1749
# of unexpected failures	1
# of unsupported tests		22
/amnt/sequoia/export/vol/gcc/obj/irix5/gcc-4.1.1/gcc/xgcc  version 4.1.1

		=== libstdc++ tests ===


Running target unix
FAIL: 22_locale/time_put/put/char/1.cc execution test
FAIL: 22_locale/time_put/put/char/1.cc execution test
FAIL: 22_locale/time_put/put/char/1.cc execution test
FAIL: 23_containers/vector/resize/1.cc execution test
FAIL: 23_containers/vector/resize/1.cc execution test
WARNING: program timed out.
FAIL: 26_numerics/complex/complex_inserters_extractors.cc (test for excess errors)
WARNING: 26_numerics/complex/complex_inserters_extractors.cc compilation failed to produce executable
FAIL: 27_io/basic_filebuf/seekoff/char/1-io.cc execution test
FAIL: 27_io/basic_filebuf/seekoff/char/1-io.cc execution test
FAIL: 27_io/basic_filebuf/seekoff/char/2-io.cc execution test
FAIL: 27_io/basic_filebuf/seekoff/char/2-io.cc execution test
FAIL: 27_io/basic_filebuf/seekpos/char/1-io.cc execution test
FAIL: 27_io/basic_filebuf/seekpos/char/1-io.cc execution test
FAIL: 27_io/basic_filebuf/seekpos/char/2-io.cc execution test
FAIL: 27_io/basic_filebuf/seekpos/char/2-io.cc execution test
FAIL: ext/pb_assoc/example/basic_map.cc (test for excess errors)
WARNING: ext/pb_assoc/example/basic_map.cc compilation failed to produce executable
FAIL: ext/pb_assoc/example/basic_map.cc (test for excess errors)
WARNING: ext/pb_assoc/example/basic_map.cc compilation failed to produce executable
FAIL: ext/pb_assoc/example/basic_multimap.cc (test for excess errors)
WARNING: ext/pb_assoc/example/basic_multimap.cc compilation failed to produce executable
FAIL: ext/pb_assoc/example/basic_multimap.cc (test for excess errors)
WARNING: ext/pb_assoc/example/basic_multimap.cc compilation failed to produce executable
FAIL: ext/pb_assoc/example/basic_set.cc (test for excess errors)
WARNING: ext/pb_assoc/example/basic_set.cc compilation failed to produce executable
FAIL: ext/pb_assoc/example/basic_set.cc (test for excess errors)
WARNING: ext/pb_assoc/example/basic_set.cc compilation failed to produce executable
FAIL: ext/pb_assoc/example/ds_traits.cc (test for excess errors)
WARNING: ext/pb_assoc/example/ds_traits.cc compilation failed to produce executable
FAIL: ext/pb_assoc/example/ds_traits.cc (test for excess errors)
WARNING: ext/pb_assoc/example/ds_traits.cc compilation failed to produce executable
FAIL: ext/pb_assoc/example/erase_if.cc (test for excess errors)
WARNING: ext/pb_assoc/example/erase_if.cc compilation failed to produce executable
FAIL: ext/pb_assoc/example/erase_if.cc (test for excess errors)
WARNING: ext/pb_assoc/example/erase_if.cc compilation failed to produce executable
FAIL: ext/pb_assoc/example/extract_key.cc (test for excess errors)
WARNING: ext/pb_assoc/example/extract_key.cc compilation failed to produce executable
FAIL: ext/pb_assoc/example/extract_key.cc (test for excess errors)
WARNING: ext/pb_assoc/example/extract_key.cc compilation failed to produce executable
FAIL: ext/pb_assoc/example/hash_find_neg.cc (test for excess errors)
FAIL: ext/pb_assoc/example/hash_find_neg.cc (test for excess errors)
FAIL: ext/pb_assoc/example/hash_illegal_resize.cc (test for excess errors)
WARNING: ext/pb_assoc/example/hash_illegal_resize.cc compilation failed to produce executable
FAIL: ext/pb_assoc/example/hash_illegal_resize.cc (test for excess errors)
WARNING: ext/pb_assoc/example/hash_illegal_resize.cc compilation failed to produce executable
FAIL: ext/pb_assoc/example/hash_initial_size.cc (test for excess errors)
WARNING: ext/pb_assoc/example/hash_initial_size.cc compilation failed to produce executable
FAIL: ext/pb_assoc/example/hash_initial_size.cc (test for excess errors)
WARNING: ext/pb_assoc/example/hash_initial_size.cc compilation failed to produce executable
FAIL: ext/pb_assoc/example/hash_load_set_change.cc (test for excess errors)
WARNING: ext/pb_assoc/example/hash_load_set_change.cc compilation failed to produce executable
FAIL: ext/pb_assoc/example/hash_load_set_change.cc (test for excess errors)
WARNING: ext/pb_assoc/example/hash_load_set_change.cc compilation failed to produce executable
FAIL: ext/pb_assoc/example/hash_mod.cc (test for excess errors)
WARNING: ext/pb_assoc/example/hash_mod.cc compilation failed to produce executable
FAIL: ext/pb_assoc/example/hash_mod.cc (test for excess errors)
WARNING: ext/pb_assoc/example/hash_mod.cc compilation failed to produce executable
FAIL: ext/pb_assoc/example/hash_resize.cc (test for excess errors)
WARNING: ext/pb_assoc/example/hash_resize.cc compilation failed to produce executable
FAIL: ext/pb_assoc/example/hash_resize.cc (test for excess errors)
WARNING: ext/pb_assoc/example/hash_resize.cc compilation failed to produce executable
FAIL: ext/pb_assoc/example/hash_resize_neg.cc  (test for errors, line 66)
FAIL: ext/pb_assoc/example/hash_resize_neg.cc  (test for errors, line 263)
FAIL: ext/pb_assoc/example/hash_resize_neg.cc  (test for errors, line 261)
FAIL: ext/pb_assoc/example/hash_resize_neg.cc  (test for errors, line 269)
FAIL: ext/pb_assoc/example/hash_resize_neg.cc  (test for errors, line 66)
FAIL: ext/pb_assoc/example/hash_resize_neg.cc  (test for errors, line 263)
FAIL: ext/pb_assoc/example/hash_resize_neg.cc  (test for errors, line 261)
FAIL: ext/pb_assoc/example/hash_resize_neg.cc  (test for errors, line 269)
FAIL: ext/pb_assoc/example/hash_shift_mask.cc (test for excess errors)
WARNING: ext/pb_assoc/example/hash_shift_mask.cc compilation failed to produce executable
FAIL: ext/pb_assoc/example/hash_shift_mask.cc (test for excess errors)
WARNING: ext/pb_assoc/example/hash_shift_mask.cc compilation failed to produce executable
FAIL: ext/pb_assoc/example/mapping_level.cc (test for excess errors)
WARNING: ext/pb_assoc/example/mapping_level.cc compilation failed to produce executable
FAIL: ext/pb_assoc/example/mapping_level.cc (test for excess errors)
WARNING: ext/pb_assoc/example/mapping_level.cc compilation failed to produce executable
FAIL: ext/pb_assoc/example/mapping_level_neg.cc (test for excess errors)
FAIL: ext/pb_assoc/example/mapping_level_neg.cc (test for excess errors)
FAIL: ext/pb_assoc/example/ms_traits.cc (test for excess errors)
WARNING: ext/pb_assoc/example/ms_traits.cc compilation failed to produce executable
FAIL: ext/pb_assoc/example/ms_traits.cc (test for excess errors)
WARNING: ext/pb_assoc/example/ms_traits.cc compilation failed to produce executable
FAIL: ext/pb_assoc/example/ranged_hash.cc (test for excess errors)
WARNING: ext/pb_assoc/example/ranged_hash.cc compilation failed to produce executable
FAIL: ext/pb_assoc/example/ranged_hash.cc (test for excess errors)
WARNING: ext/pb_assoc/example/ranged_hash.cc compilation failed to produce executable
FAIL: ext/pb_assoc/example/store_hash.cc (test for excess errors)
WARNING: ext/pb_assoc/example/store_hash.cc compilation failed to produce executable
FAIL: ext/pb_assoc/example/store_hash.cc (test for excess errors)
WARNING: ext/pb_assoc/example/store_hash.cc compilation failed to produce executable
FAIL: ext/pb_assoc/example/tree_intervals.cc (test for excess errors)
WARNING: ext/pb_assoc/example/tree_intervals.cc compilation failed to produce executable
FAIL: ext/pb_assoc/example/tree_intervals.cc (test for excess errors)
WARNING: ext/pb_assoc/example/tree_intervals.cc compilation failed to produce executable
FAIL: ext/pb_assoc/example/tree_join.cc (test for excess errors)
WARNING: ext/pb_assoc/example/tree_join.cc compilation failed to produce executable
FAIL: ext/pb_assoc/example/tree_join.cc (test for excess errors)
WARNING: ext/pb_assoc/example/tree_join.cc compilation failed to produce executable
FAIL: ext/pb_assoc/example/tree_order_statistics.cc (test for excess errors)
WARNING: ext/pb_assoc/example/tree_order_statistics.cc compilation failed to produce executable
FAIL: ext/pb_assoc/example/tree_order_statistics.cc (test for excess errors)
WARNING: ext/pb_assoc/example/tree_order_statistics.cc compilation failed to produce executable
FAIL: ext/pb_assoc/example/tree_order_statistics_join.cc (test for excess errors)
WARNING: ext/pb_assoc/example/tree_order_statistics_join.cc compilation failed to produce executable
FAIL: ext/pb_assoc/example/tree_order_statistics_join.cc (test for excess errors)
WARNING: ext/pb_assoc/example/tree_order_statistics_join.cc compilation failed to produce executable
FAIL: ext/pb_assoc/example/tree_split.cc (test for excess errors)
WARNING: ext/pb_assoc/example/tree_split.cc compilation failed to produce executable
FAIL: ext/pb_assoc/example/tree_split.cc (test for excess errors)
WARNING: ext/pb_assoc/example/tree_split.cc compilation failed to produce executable

		=== libstdc++ Summary ===

# of expected passes		5675
# of unexpected failures	68
# of expected failures		28
# of unsupported tests		412

Compiler version: 4.1.1 
Platform: mips-sgi-irix5.3
configure flags: --prefix=/vol/gcc-4.1 --disable-nls --with-gnu-as --with-as=/vol/gcc-4.1/libexec/gcc/mips-sgi-irix5.3/4.1.1/as --with-gmp-dir=/vol/gnu/obj/gmp-4.1.3 --with-mpfr-dir=/vol/gnu/obj/gmp-4.1.3/mpfr --enable-languages=c,ada,c++,fortran,objc
BOOT_CFLAGS=-g -O2
-----------------------------------------------------------------------------
Rainer Orth, Faculty of Technology, Bielefeld University


Index Nav: [Date Index] [Subject Index] [Author Index] [Thread Index]
Message Nav: [Date Prev] [Date Next] [Thread Prev] [Thread Next]