This is the mail archive of the
gcc-testresults@gcc.gnu.org
mailing list for the GCC project.
Results for 4.2.0 20060613 (experimental) testsuite on hppa2.0w-hp-hpux11.11
- From: CodeSourcery Automatic Testing System <gcc at codesourcery dot com>
- To: gcc-testresults at gcc dot gnu dot org
- Date: Tue, 13 Jun 2006 11:37:51 -0400 (EDT)
- Subject: Results for 4.2.0 20060613 (experimental) testsuite on hppa2.0w-hp-hpux11.11
LAST_UPDATED: Tue Jun 13 07:24:54 UTC 2006 (/trunk revision 114599)
Native configuration is hppa2.0w-hp-hpux11.11
=== g++ tests ===
Running target unix
FAIL: g++.dg/eh/spbp.C (test for excess errors)
WARNING: g++.dg/eh/spbp.C compilation failed to produce executable
FAIL: g++.dg/other/unused1.C scan-assembler stringz?\\t"class2"
FAIL: g++.dg/other/unused1.C scan-assembler stringz?\\t"printer"
=== g++ Summary ===
# of expected passes 12136
# of unexpected failures 3
# of expected failures 71
# of unsupported tests 164
/scratch/gcc/nightly-2006-06-13-mainline/hppa2.0w-hp-hpux11.11/build_gcc/install/bin/c++ version 4.2.0 20060613 (experimental)
=== gcc tests ===
Running target unix
WARNING: program timed out.
FAIL: gcc.c-torture/compile/20001226-1.c -O2 (test for excess errors)
WARNING: program timed out.
FAIL: gcc.c-torture/compile/20001226-1.c -O3 -fomit-frame-pointer (test for excess errors)
WARNING: program timed out.
FAIL: gcc.c-torture/compile/20001226-1.c -O3 -g (test for excess errors)
WARNING: program timed out.
FAIL: gcc.c-torture/compile/20001226-1.c -Os (test for excess errors)
FAIL: gcc.c-torture/execute/builtin-bitops-1.c execution, -O3 -fomit-frame-pointer -funroll-loops
FAIL: gcc.c-torture/execute/builtin-bitops-1.c execution, -O3 -fomit-frame-pointer -funroll-all-loops -finline-functions
FAIL: gcc.dg/torture/pr24626-1.c -O2 (internal compiler error)
FAIL: gcc.dg/torture/pr24626-1.c -O2 (test for excess errors)
FAIL: gcc.dg/torture/pr24626-1.c -O3 -fomit-frame-pointer (internal compiler error)
FAIL: gcc.dg/torture/pr24626-1.c -O3 -fomit-frame-pointer (test for excess errors)
FAIL: gcc.dg/torture/pr24626-1.c -O3 -g (internal compiler error)
FAIL: gcc.dg/torture/pr24626-1.c -O3 -g (test for excess errors)
FAIL: gcc.dg/torture/pr24626-1.c -Os (internal compiler error)
FAIL: gcc.dg/torture/pr24626-1.c -Os (test for excess errors)
FAIL: gcc.dg/torture/pr24626-2.c -O2 (internal compiler error)
FAIL: gcc.dg/torture/pr24626-2.c -O2 (test for excess errors)
FAIL: gcc.dg/torture/pr24626-2.c -O3 -fomit-frame-pointer (internal compiler error)
FAIL: gcc.dg/torture/pr24626-2.c -O3 -fomit-frame-pointer (test for excess errors)
FAIL: gcc.dg/torture/pr24626-2.c -O3 -g (internal compiler error)
FAIL: gcc.dg/torture/pr24626-2.c -O3 -g (test for excess errors)
FAIL: gcc.dg/torture/pr24626-3.c -O2 (internal compiler error)
FAIL: gcc.dg/torture/pr24626-3.c -O2 (test for excess errors)
FAIL: gcc.dg/torture/pr24626-3.c -O3 -fomit-frame-pointer (internal compiler error)
FAIL: gcc.dg/torture/pr24626-3.c -O3 -fomit-frame-pointer (test for excess errors)
FAIL: gcc.dg/torture/pr24626-3.c -O3 -g (internal compiler error)
FAIL: gcc.dg/torture/pr24626-3.c -O3 -g (test for excess errors)
FAIL: gcc.dg/torture/pr24626-3.c -Os (internal compiler error)
FAIL: gcc.dg/torture/pr24626-3.c -Os (test for excess errors)
=== gcc Summary ===
# of expected passes 37720
# of unexpected failures 28
# of expected failures 81
# of untested testcases 28
# of unsupported tests 480
/scratch/gcc/nightly-2006-06-13-mainline/hppa2.0w-hp-hpux11.11/build_gcc/install/bin/gcc version 4.2.0 20060613 (experimental)
=== libstdc++ tests ===
Running target unix
ERROR: tcl error sourcing /scratch/gcc/nightly-2006-06-13-mainline/src/gcc-mainline/libstdc++-v3/testsuite/libstdc++-abi/abi.exp.
ERROR: could not compile testsuite_allocator.cc
ERROR: tcl error sourcing /scratch/gcc/nightly-2006-06-13-mainline/src/gcc-mainline/libstdc++-v3/testsuite/libstdc++-dg/conformance.exp.
ERROR: could not compile testsuite_allocator.cc
=== libstdc++ Summary ===
Compiler version: 4.2.0 20060613 (experimental)
Platform: hppa2.0w-hp-hpux11.11
configure flags: --disable-nls --build=hppa2.0w-hp-hpux11.11 --host=hppa2.0w-hp-hpux11.11 --target=hppa2.0w-hp-hpux11.11 --enable-languages=c,c++ --enable-shared --enable-threads --disable-libmudflap --disable-libssp --disable-libgomp --disable-libstdcxx-pch --with-gnu-as --with-as=/scratch/gcc/nightly-2006-06-13-mainline/hppa2.0w-hp-hpux11.11/build_gcc/install/bin/as --without-gnu-ld --with-ld=/usr/ccs/bin/ld --prefix=/scratch/gcc/nightly-2006-06-13-mainline/hppa2.0w-hp-hpux11.11/build_gcc/install --with-bugurl=http://gcc.gnu.org/bugs.html