This is the mail archive of the
gcc-testresults@gcc.gnu.org
mailing list for the GCC project.
Results for 4.1.2 20060601 (prerelease) (Debian 4.1.1-1) testsuite on i486-linux-gnu
- From: Matthias Klose <doko at debian dot org>
- To: gcc-testresults at gcc dot gnu dot org
- Cc: debian-gcc at lists dot debian dot org
- Date: Mon, 05 Jun 2006 17:54:11 -0600
- Subject: Results for 4.1.2 20060601 (prerelease) (Debian 4.1.1-1) testsuite on i486-linux-gnu
- Reply-to: Matthias Klose <doko at debian dot org>
LAST_UPDATED: Thu Jun 1 15:15:27 UTC 2006 (revision 114308)
Native configuration is i486-linux-gnu (gargleblaster)
=== gpc tests ===
Running target any
FAIL: asmtest.pas
FAIL: fjf322.pas
FAIL: fjf395a.pas
FAIL: fjf395b.pas
FAIL: fjf403b.pas
FAIL: fjf563e.pas
FAIL: fjf587b.pas
FAIL: fjf779a.pas
FAIL: fjf779b.pas
FAIL: fjf779e.pas
FAIL: fjf779f.pas
FAIL: fjf779g.pas
FAIL: fjf998r.pas
FAIL: nicola4c.pas
=== gpc Summary ===
# of tests 5070
# of expected passes 5055
# of unexpected failures 14
# of unsupported tests 1
/scratch/packages/gcc/4.1/gcc-4.1-4.1.1/build/gcc/xgpc version 20060325, based on gcc-4.1.2 20060601 (prerelease) (Debian 4.1.1-1)
=== acats tests ===
FAIL: cxf3a01
FAIL: cxf3a02
=== acats Summary ===
# of expected passes 2315
# of unexpected failures 2
=== g++ tests ===
Running target unix
XPASS: g++.dg/tree-ssa/pr14814.C scan-tree-dump-times &this 0
FAIL: g++.old-deja/g++.abi/arraynew.C execution test
FAIL: g++.old-deja/g++.jason/vecdel.C (test for excess errors)
WARNING: g++.old-deja/g++.jason/vecdel.C compilation failed to produce executable
XPASS: g++.old-deja/g++.other/init5.C execution test
FAIL: g++.old-deja/g++.other/new3.C (test for excess errors)
WARNING: g++.old-deja/g++.other/new3.C compilation failed to produce executable
FAIL: g++.old-deja/g++.other/new7.C (test for excess errors)
WARNING: g++.old-deja/g++.other/new7.C compilation failed to produce executable
FAIL: g++.old-deja/g++.robertl/eb71.C (test for excess errors)
=== g++ Summary for unix ===
# of expected passes 12106
# of unexpected failures 5
# of unexpected successes 2
# of expected failures 66
# of unsupported tests 66
Running target unix/-march=i686
FAIL: g++.dg/other/i386-1.C (test for excess errors)
WARNING: g++.dg/other/i386-1.C compilation failed to produce executable
XPASS: g++.dg/tree-ssa/pr14814.C scan-tree-dump-times &this 0
FAIL: g++.old-deja/g++.abi/arraynew.C execution test
FAIL: g++.old-deja/g++.jason/vecdel.C (test for excess errors)
WARNING: g++.old-deja/g++.jason/vecdel.C compilation failed to produce executable
XPASS: g++.old-deja/g++.other/init5.C execution test
FAIL: g++.old-deja/g++.other/new3.C (test for excess errors)
WARNING: g++.old-deja/g++.other/new3.C compilation failed to produce executable
FAIL: g++.old-deja/g++.other/new7.C (test for excess errors)
WARNING: g++.old-deja/g++.other/new7.C compilation failed to produce executable
FAIL: g++.old-deja/g++.robertl/eb71.C (test for excess errors)
=== g++ Summary for unix/-march=i686 ===
# of expected passes 12104
# of unexpected failures 6
# of unexpected successes 2
# of expected failures 66
# of unsupported tests 66
Running target unix/-m64
XPASS: g++.dg/tree-ssa/pr14814.C scan-tree-dump-times &this 0
FAIL: g++.old-deja/g++.abi/arraynew.C execution test
FAIL: g++.old-deja/g++.jason/vecdel.C (test for excess errors)
WARNING: g++.old-deja/g++.jason/vecdel.C compilation failed to produce executable
XPASS: g++.old-deja/g++.other/init5.C execution test
FAIL: g++.old-deja/g++.other/new3.C (test for excess errors)
WARNING: g++.old-deja/g++.other/new3.C compilation failed to produce executable
FAIL: g++.old-deja/g++.other/new7.C (test for excess errors)
WARNING: g++.old-deja/g++.other/new7.C compilation failed to produce executable
FAIL: g++.old-deja/g++.robertl/eb71.C (test for excess errors)
=== g++ Summary for unix/-m64 ===
# of expected passes 12021
# of unexpected failures 5
# of unexpected successes 2
# of expected failures 66
# of unsupported tests 95
=== g++ Summary ===
# of expected passes 36231
# of unexpected failures 16
# of unexpected successes 6
# of expected failures 198
# of unsupported tests 227
/scratch/packages/gcc/4.1/gcc-4.1-4.1.1/build/gcc/testsuite/g++/../../g++ version 4.1.2 20060601 (prerelease) (Debian 4.1.1-1)
=== gcc tests ===
Running target unix
FAIL: gcc.dg/cpp/ucnid-1.c (test for excess errors)
WARNING: gcc.dg/cpp/ucnid-1.c compilation failed to produce executable
FAIL: gcc.dg/cpp/ucnid-3.c (test for excess errors)
FAIL: gcc.dg/20050527-1.c (test for excess errors)
FAIL: gcc.dg/cleanup-10.c execution test
FAIL: gcc.dg/cleanup-11.c execution test
FAIL: gcc.dg/cleanup-8.c execution test
FAIL: gcc.dg/cleanup-9.c execution test
FAIL: gcc.dg/ucnid-1.c (test for excess errors)
WARNING: gcc.dg/ucnid-1.c compilation failed to produce executable
FAIL: gcc.dg/ucnid-2.c (test for excess errors)
WARNING: gcc.dg/ucnid-2.c compilation failed to produce executable
FAIL: gcc.dg/ucnid-3.c (test for excess errors)
WARNING: gcc.dg/ucnid-3.c compilation failed to produce executable
FAIL: gcc.dg/ucnid-4.c (test for excess errors)
WARNING: gcc.dg/ucnid-4.c compilation failed to produce executable
FAIL: gcc.dg/ucnid-5.c (test for excess errors)
WARNING: gcc.dg/ucnid-5.c compilation failed to produce executable
FAIL: gcc.dg/ucnid-6.c (test for excess errors)
FAIL: gcc.dg/vect/pr20122.c scan-tree-dump-times vectorized 1 loops 2
=== gcc Summary for unix ===
# of expected passes 38366
# of unexpected failures 14
# of expected failures 101
# of untested testcases 28
# of unsupported tests 243
Running target unix/-march=i686
FAIL: gcc.dg/cpp/ucnid-1.c (test for excess errors)
WARNING: gcc.dg/cpp/ucnid-1.c compilation failed to produce executable
FAIL: gcc.dg/cpp/ucnid-3.c (test for excess errors)
FAIL: gcc.dg/20020122-2.c (test for excess errors)
FAIL: gcc.dg/20050527-1.c (test for excess errors)
FAIL: gcc.dg/cleanup-10.c execution test
FAIL: gcc.dg/cleanup-11.c execution test
FAIL: gcc.dg/cleanup-8.c execution test
FAIL: gcc.dg/cleanup-9.c execution test
FAIL: gcc.dg/ucnid-1.c (test for excess errors)
WARNING: gcc.dg/ucnid-1.c compilation failed to produce executable
FAIL: gcc.dg/ucnid-2.c (test for excess errors)
WARNING: gcc.dg/ucnid-2.c compilation failed to produce executable
FAIL: gcc.dg/ucnid-3.c (test for excess errors)
WARNING: gcc.dg/ucnid-3.c compilation failed to produce executable
FAIL: gcc.dg/ucnid-4.c (test for excess errors)
WARNING: gcc.dg/ucnid-4.c compilation failed to produce executable
FAIL: gcc.dg/ucnid-5.c (test for excess errors)
WARNING: gcc.dg/ucnid-5.c compilation failed to produce executable
FAIL: gcc.dg/ucnid-6.c (test for excess errors)
FAIL: gcc.dg/vect/pr20122.c scan-tree-dump-times vectorized 1 loops 2
FAIL: gcc.misc-tests/i386-pf-sse-1.c -march=pentium3 scan-assembler prefetchnta
FAIL: gcc.misc-tests/i386-pf-sse-1.c -march=pentium3 scan-assembler prefetcht0
FAIL: gcc.misc-tests/i386-pf-sse-1.c -march=pentium3 scan-assembler prefetcht1
FAIL: gcc.misc-tests/i386-pf-sse-1.c -march=pentium3 scan-assembler prefetcht2
FAIL: gcc.misc-tests/i386-pf-sse-1.c -march=pentium3m scan-assembler prefetchnta
FAIL: gcc.misc-tests/i386-pf-sse-1.c -march=pentium3m scan-assembler prefetcht0
FAIL: gcc.misc-tests/i386-pf-sse-1.c -march=pentium3m scan-assembler prefetcht1
FAIL: gcc.misc-tests/i386-pf-sse-1.c -march=pentium3m scan-assembler prefetcht2
FAIL: gcc.misc-tests/i386-pf-sse-1.c -march=pentium-m scan-assembler prefetchnta
FAIL: gcc.misc-tests/i386-pf-sse-1.c -march=pentium-m scan-assembler prefetcht0
FAIL: gcc.misc-tests/i386-pf-sse-1.c -march=pentium-m scan-assembler prefetcht1
FAIL: gcc.misc-tests/i386-pf-sse-1.c -march=pentium-m scan-assembler prefetcht2
FAIL: gcc.misc-tests/i386-pf-sse-1.c -march=pentium4 scan-assembler prefetchnta
FAIL: gcc.misc-tests/i386-pf-sse-1.c -march=pentium4 scan-assembler prefetcht0
FAIL: gcc.misc-tests/i386-pf-sse-1.c -march=pentium4 scan-assembler prefetcht1
FAIL: gcc.misc-tests/i386-pf-sse-1.c -march=pentium4 scan-assembler prefetcht2
FAIL: gcc.misc-tests/i386-pf-sse-1.c -march=pentium4m scan-assembler prefetchnta
FAIL: gcc.misc-tests/i386-pf-sse-1.c -march=pentium4m scan-assembler prefetcht0
FAIL: gcc.misc-tests/i386-pf-sse-1.c -march=pentium4m scan-assembler prefetcht1
FAIL: gcc.misc-tests/i386-pf-sse-1.c -march=pentium4m scan-assembler prefetcht2
FAIL: gcc.misc-tests/i386-pf-sse-1.c -march=prescott scan-assembler prefetchnta
FAIL: gcc.misc-tests/i386-pf-sse-1.c -march=prescott scan-assembler prefetcht0
FAIL: gcc.misc-tests/i386-pf-sse-1.c -march=prescott scan-assembler prefetcht1
FAIL: gcc.misc-tests/i386-pf-sse-1.c -march=prescott scan-assembler prefetcht2
FAIL: gcc.misc-tests/i386-pf-sse-1.c -march=c3-2 scan-assembler prefetchnta
FAIL: gcc.misc-tests/i386-pf-sse-1.c -march=c3-2 scan-assembler prefetcht0
FAIL: gcc.misc-tests/i386-pf-sse-1.c -march=c3-2 scan-assembler prefetcht1
FAIL: gcc.misc-tests/i386-pf-sse-1.c -march=c3-2 scan-assembler prefetcht2
FAIL: gcc.misc-tests/i386-pf-3dnow-1.c -march=c3 scan-assembler prefetch
FAIL: gcc.misc-tests/i386-pf-3dnow-1.c -march=c3 scan-assembler prefetchw
FAIL: gcc.misc-tests/i386-pf-3dnow-1.c -march=k6-2 scan-assembler prefetch
FAIL: gcc.misc-tests/i386-pf-3dnow-1.c -march=k6-2 scan-assembler prefetchw
FAIL: gcc.misc-tests/i386-pf-3dnow-1.c -march=k6-3 scan-assembler prefetch
FAIL: gcc.misc-tests/i386-pf-3dnow-1.c -march=k6-3 scan-assembler prefetchw
FAIL: gcc.misc-tests/i386-pf-athlon-1.c -march=athlon scan-assembler prefetchw
FAIL: gcc.misc-tests/i386-pf-athlon-1.c -march=athlon scan-assembler prefetchnta
FAIL: gcc.misc-tests/i386-pf-athlon-1.c -march=athlon scan-assembler prefetcht
FAIL: gcc.misc-tests/i386-pf-athlon-1.c -march=athlon-4 scan-assembler prefetchw
FAIL: gcc.misc-tests/i386-pf-athlon-1.c -march=athlon-4 scan-assembler prefetchnta
FAIL: gcc.misc-tests/i386-pf-athlon-1.c -march=athlon-4 scan-assembler prefetcht
FAIL: gcc.target/i386/387-1.c scan-assembler call\\t_?sin
FAIL: gcc.target/i386/387-1.c scan-assembler call\\t_?cos
FAIL: gcc.target/i386/387-1.c scan-assembler call\\t_?sqrt
FAIL: gcc.target/i386/387-1.c scan-assembler call\\t_?atan2
FAIL: gcc.target/i386/387-1.c scan-assembler call\\t_?log
FAIL: gcc.target/i386/387-1.c scan-assembler call\\t_?exp
FAIL: gcc.target/i386/387-1.c scan-assembler call\\t_?tan
FAIL: gcc.target/i386/387-1.c scan-assembler call\\t_?fmod
FAIL: gcc.target/i386/387-5.c scan-assembler call\\t_?atan
FAIL: gcc.target/i386/387-5.c scan-assembler call\\t_?log1p
FAIL: gcc.target/i386/387-5.c scan-assembler call\\t_?drem
FAIL: gcc.target/i386/cmov1.c scan-assembler sar[^\\\\n]*magic_namec
FAIL: gcc.target/i386/cmov1.c scan-assembler shr[^\\\\n]*magic_namef
FAIL: gcc.target/i386/compress-float-sse-pic.c (test for excess errors)
FAIL: gcc.target/i386/compress-float-sse-pic.c scan-assembler movsd
FAIL: gcc.target/i386/compress-float-sse.c (test for excess errors)
FAIL: gcc.target/i386/compress-float-sse.c scan-assembler movsd
FAIL: gcc.target/i386/cvt-1.c (test for excess errors)
FAIL: gcc.target/i386/cvt-1.c scan-assembler cvttsd2si[^\\\\n]*xmm
FAIL: gcc.target/i386/cvt-1.c scan-assembler cvttss2si[^\\\\n]*xmm
FAIL: gcc.target/i386/fpcvt-4.c (test for excess errors)
FAIL: gcc.target/i386/fpcvt-4.c scan-assembler cvtsi2sd
FAIL: gcc.target/i386/mul.c scan-assembler and[^\\\\n]*magic
FAIL: gcc.target/i386/pr12092-1.c (test for excess errors)
FAIL: gcc.target/i386/pr21101.c (test for excess errors)
=== gcc Summary for unix/-march=i686 ===
# of expected passes 38300
# of unexpected failures 80
# of expected failures 101
# of untested testcases 28
# of unsupported tests 243
Running target unix/-m64
FAIL: gcc.dg/cpp/ucnid-1.c (test for excess errors)
WARNING: gcc.dg/cpp/ucnid-1.c compilation failed to produce executable
FAIL: gcc.dg/cpp/ucnid-3.c (test for excess errors)
FAIL: gcc.dg/20050527-1.c (test for excess errors)
FAIL: gcc.dg/ucnid-1.c (test for excess errors)
WARNING: gcc.dg/ucnid-1.c compilation failed to produce executable
FAIL: gcc.dg/ucnid-2.c (test for excess errors)
WARNING: gcc.dg/ucnid-2.c compilation failed to produce executable
FAIL: gcc.dg/ucnid-3.c (test for excess errors)
WARNING: gcc.dg/ucnid-3.c compilation failed to produce executable
FAIL: gcc.dg/ucnid-4.c (test for excess errors)
WARNING: gcc.dg/ucnid-4.c compilation failed to produce executable
FAIL: gcc.dg/ucnid-5.c (test for excess errors)
WARNING: gcc.dg/ucnid-5.c compilation failed to produce executable
FAIL: gcc.dg/ucnid-6.c (test for excess errors)
FAIL: gcc.dg/visibility-11.c scan-assembler memcpy@PLT
FAIL: gcc.dg/tree-ssa/gen-vect-11b.c scan-tree-dump-times vectorized 0 loops 1
FAIL: gcc.dg/tree-ssa/gen-vect-11c.c scan-tree-dump-times vectorized 0 loops 1
FAIL: gcc.misc-tests/linkage.c link
FAIL: gcc.target/i386/asm-1.c (test for errors, line 4)
FAIL: gcc.target/i386/compress-float-387-pic.c (test for excess errors)
ERROR: gcc.target/i386/compress-float-387-pic.c: error executing dg-final: couldn't open "compress-float-387-pic.s": no such file or directory
UNRESOLVED: gcc.target/i386/compress-float-387-pic.c: error executing dg-final: couldn't open "compress-float-387-pic.s": no such file or directory
FAIL: gcc.target/i386/compress-float-387.c (test for excess errors)
ERROR: gcc.target/i386/compress-float-387.c: error executing dg-final: couldn't open "compress-float-387.s": no such file or directory
UNRESOLVED: gcc.target/i386/compress-float-387.c: error executing dg-final: couldn't open "compress-float-387.s": no such file or directory
FAIL: gcc.target/i386/compress-float-sse-pic.c (test for excess errors)
ERROR: gcc.target/i386/compress-float-sse-pic.c: error executing dg-final: couldn't open "compress-float-sse-pic.s": no such file or directory
UNRESOLVED: gcc.target/i386/compress-float-sse-pic.c: error executing dg-final: couldn't open "compress-float-sse-pic.s": no such file or directory
FAIL: gcc.target/i386/compress-float-sse.c (test for excess errors)
ERROR: gcc.target/i386/compress-float-sse.c: error executing dg-final: couldn't open "compress-float-sse.s": no such file or directory
UNRESOLVED: gcc.target/i386/compress-float-sse.c: error executing dg-final: couldn't open "compress-float-sse.s": no such file or directory
=== gcc Summary for unix/-m64 ===
# of expected passes 38254
# of unexpected failures 18
# of expected failures 100
# of unresolved testcases 4
# of untested testcases 28
# of unsupported tests 346
=== gcc Summary ===
# of expected passes 114920
# of unexpected failures 112
# of expected failures 302
# of unresolved testcases 4
# of untested testcases 84
# of unsupported tests 832
/scratch/packages/gcc/4.1/gcc-4.1-4.1.1/build/gcc/xgcc version 4.1.2 20060601 (prerelease) (Debian 4.1.1-1)
=== gfortran tests ===
Running target unix
FAIL: gfortran.dg/f2c_4.f90 -O0 (test for excess errors)
FAIL: gfortran.dg/f2c_4.f90 -O1 (test for excess errors)
FAIL: gfortran.dg/f2c_4.f90 -O2 (test for excess errors)
FAIL: gfortran.dg/f2c_4.f90 -O3 -fomit-frame-pointer (test for excess errors)
FAIL: gfortran.dg/f2c_4.f90 -O3 -fomit-frame-pointer -funroll-loops (test for excess errors)
FAIL: gfortran.dg/f2c_4.f90 -O3 -fomit-frame-pointer -funroll-all-loops -finline-functions (test for excess errors)
FAIL: gfortran.dg/f2c_4.f90 -O3 -g (test for excess errors)
FAIL: gfortran.dg/f2c_4.f90 -Os (test for excess errors)
FAIL: gfortran.dg/f2c_5.f90 -O0 (test for excess errors)
FAIL: gfortran.dg/f2c_5.f90 -O1 (test for excess errors)
FAIL: gfortran.dg/f2c_5.f90 -O2 (test for excess errors)
FAIL: gfortran.dg/f2c_5.f90 -O3 -fomit-frame-pointer (test for excess errors)
FAIL: gfortran.dg/f2c_5.f90 -O3 -fomit-frame-pointer -funroll-loops (test for excess errors)
FAIL: gfortran.dg/f2c_5.f90 -O3 -fomit-frame-pointer -funroll-all-loops -finline-functions (test for excess errors)
FAIL: gfortran.dg/f2c_5.f90 -O3 -g (test for excess errors)
FAIL: gfortran.dg/f2c_5.f90 -Os (test for excess errors)
=== gfortran Summary for unix ===
# of expected passes 12631
# of unexpected failures 16
# of expected failures 13
# of unsupported tests 24
Running target unix/-march=i686
FAIL: gfortran.dg/f2c_4.f90 -O0 (test for excess errors)
FAIL: gfortran.dg/f2c_4.f90 -O1 (test for excess errors)
FAIL: gfortran.dg/f2c_4.f90 -O2 (test for excess errors)
FAIL: gfortran.dg/f2c_4.f90 -O3 -fomit-frame-pointer (test for excess errors)
FAIL: gfortran.dg/f2c_4.f90 -O3 -fomit-frame-pointer -funroll-loops (test for excess errors)
FAIL: gfortran.dg/f2c_4.f90 -O3 -fomit-frame-pointer -funroll-all-loops -finline-functions (test for excess errors)
FAIL: gfortran.dg/f2c_4.f90 -O3 -g (test for excess errors)
FAIL: gfortran.dg/f2c_4.f90 -Os (test for excess errors)
FAIL: gfortran.dg/f2c_5.f90 -O0 (test for excess errors)
FAIL: gfortran.dg/f2c_5.f90 -O1 (test for excess errors)
FAIL: gfortran.dg/f2c_5.f90 -O2 (test for excess errors)
FAIL: gfortran.dg/f2c_5.f90 -O3 -fomit-frame-pointer (test for excess errors)
FAIL: gfortran.dg/f2c_5.f90 -O3 -fomit-frame-pointer -funroll-loops (test for excess errors)
FAIL: gfortran.dg/f2c_5.f90 -O3 -fomit-frame-pointer -funroll-all-loops -finline-functions (test for excess errors)
FAIL: gfortran.dg/f2c_5.f90 -O3 -g (test for excess errors)
FAIL: gfortran.dg/f2c_5.f90 -Os (test for excess errors)
=== gfortran Summary for unix/-march=i686 ===
# of expected passes 12631
# of unexpected failures 16
# of expected failures 13
# of unsupported tests 24
Running target unix/-m64
FAIL: gfortran.dg/f2c_4.f90 -O0 (test for excess errors)
FAIL: gfortran.dg/f2c_4.f90 -O1 (test for excess errors)
FAIL: gfortran.dg/f2c_4.f90 -O2 (test for excess errors)
FAIL: gfortran.dg/f2c_4.f90 -O3 -fomit-frame-pointer (test for excess errors)
FAIL: gfortran.dg/f2c_4.f90 -O3 -fomit-frame-pointer -funroll-loops (test for excess errors)
FAIL: gfortran.dg/f2c_4.f90 -O3 -fomit-frame-pointer -funroll-all-loops -finline-functions (test for excess errors)
FAIL: gfortran.dg/f2c_4.f90 -O3 -g (test for excess errors)
FAIL: gfortran.dg/f2c_4.f90 -Os (test for excess errors)
FAIL: gfortran.dg/f2c_5.f90 -O0 (test for excess errors)
FAIL: gfortran.dg/f2c_5.f90 -O1 (test for excess errors)
FAIL: gfortran.dg/f2c_5.f90 -O2 (test for excess errors)
FAIL: gfortran.dg/f2c_5.f90 -O3 -fomit-frame-pointer (test for excess errors)
FAIL: gfortran.dg/f2c_5.f90 -O3 -fomit-frame-pointer -funroll-loops (test for excess errors)
FAIL: gfortran.dg/f2c_5.f90 -O3 -fomit-frame-pointer -funroll-all-loops -finline-functions (test for excess errors)
FAIL: gfortran.dg/f2c_5.f90 -O3 -g (test for excess errors)
FAIL: gfortran.dg/f2c_5.f90 -Os (test for excess errors)
=== gfortran Summary for unix/-m64 ===
# of expected passes 12644
# of unexpected failures 16
# of expected failures 16
# of unsupported tests 16
=== gfortran Summary ===
# of expected passes 37906
# of unexpected failures 48
# of expected failures 42
# of unsupported tests 64
/scratch/packages/gcc/4.1/gcc-4.1-4.1.1/build/gcc/testsuite/gfortran/../../gfortran version 4.1.2 20060601 (prerelease) (Debian 4.1.1-1)
=== obj-c++ tests ===
Running target unix
FAIL: obj-c++.dg/cxx-ivars-2.mm execution test
FAIL: obj-c++.dg/encode-8.mm execution test
FAIL: obj-c++.dg/isa-field-1.mm (test for excess errors)
FAIL: obj-c++.dg/lookup-2.mm (test for excess errors)
WARNING: obj-c++.dg/lookup-2.mm compilation failed to produce executable
FAIL: obj-c++.dg/try-catch-2.mm (test for excess errors)
WARNING: obj-c++.dg/try-catch-2.mm compilation failed to produce executable
FAIL: obj-c++.dg/try-catch-9.mm (test for excess errors)
WARNING: obj-c++.dg/try-catch-9.mm compilation failed to produce executable
=== obj-c++ Summary for unix ===
# of expected passes 423
# of unexpected failures 6
# of unsupported tests 13
Running target unix/-march=i686
FAIL: obj-c++.dg/cxx-ivars-2.mm execution test
FAIL: obj-c++.dg/encode-8.mm execution test
FAIL: obj-c++.dg/isa-field-1.mm (test for excess errors)
FAIL: obj-c++.dg/lookup-2.mm (test for excess errors)
WARNING: obj-c++.dg/lookup-2.mm compilation failed to produce executable
FAIL: obj-c++.dg/try-catch-2.mm (test for excess errors)
WARNING: obj-c++.dg/try-catch-2.mm compilation failed to produce executable
FAIL: obj-c++.dg/try-catch-9.mm (test for excess errors)
WARNING: obj-c++.dg/try-catch-9.mm compilation failed to produce executable
=== obj-c++ Summary for unix/-march=i686 ===
# of expected passes 423
# of unexpected failures 6
# of unsupported tests 13
Running target unix/-m64
FAIL: obj-c++.dg/bitfield-1.mm (test for excess errors)
FAIL: obj-c++.dg/bitfield-4.mm (test for excess errors)
FAIL: obj-c++.dg/cxx-ivars-2.mm execution test
FAIL: obj-c++.dg/encode-3.mm execution test
FAIL: obj-c++.dg/encode-8.mm execution test
FAIL: obj-c++.dg/isa-field-1.mm (test for excess errors)
FAIL: obj-c++.dg/layout-1.mm (test for excess errors)
FAIL: obj-c++.dg/lookup-2.mm (test for excess errors)
WARNING: obj-c++.dg/lookup-2.mm compilation failed to produce executable
FAIL: obj-c++.dg/try-catch-2.mm (test for excess errors)
WARNING: obj-c++.dg/try-catch-2.mm compilation failed to produce executable
FAIL: obj-c++.dg/try-catch-9.mm (test for excess errors)
WARNING: obj-c++.dg/try-catch-9.mm compilation failed to produce executable
=== obj-c++ Summary for unix/-m64 ===
# of expected passes 419
# of unexpected failures 10
# of unsupported tests 13
=== obj-c++ Summary ===
# of expected passes 1265
# of unexpected failures 22
# of unsupported tests 39
/scratch/packages/gcc/4.1/gcc-4.1-4.1.1/build/gcc/testsuite/obj-c++/../../g++ version 4.1.2 20060601 (prerelease) (Debian 4.1.1-1)
=== objc tests ===
Running target unix
=== objc Summary for unix ===
# of expected passes 1686
# of unsupported tests 22
Running target unix/-march=i686
=== objc Summary for unix/-march=i686 ===
# of expected passes 1686
# of unsupported tests 22
Running target unix/-m64
=== objc Summary for unix/-m64 ===
# of expected passes 1686
# of unsupported tests 22
=== objc Summary ===
# of expected passes 5058
# of unsupported tests 66
/scratch/packages/gcc/4.1/gcc-4.1-4.1.1/build/gcc/xgcc version 4.1.2 20060601 (prerelease) (Debian 4.1.1-1)
=== treelang tests ===
Running target unix
=== treelang Summary for unix ===
# of expected passes 50
Running target unix/-march=i686
=== treelang Summary for unix/-march=i686 ===
# of expected passes 50
Running target unix/-m64
=== treelang Summary for unix/-m64 ===
# of expected passes 50
=== treelang Summary ===
# of expected passes 150
=== libffi tests ===
Running target unix
=== libffi Summary for unix ===
# of expected passes 228
# of unsupported tests 2
Running target unix/-march=i686
=== libffi Summary for unix/-march=i686 ===
# of expected passes 228
# of unsupported tests 2
Running target unix/-m64
=== libffi Summary for unix/-m64 ===
# of expected passes 228
# of unsupported tests 2
=== libffi Summary ===
# of expected passes 684
# of unsupported tests 6
=== libmudflap tests ===
Running target unix
=== libmudflap Summary for unix ===
# of expected passes 1799
Running target unix/-march=i686
=== libmudflap Summary for unix/-march=i686 ===
# of expected passes 1799
Running target unix/-m64
FAIL: libmudflap.c/fail1-frag.c (-static) crash test
FAIL: libmudflap.c/fail10-frag.c (-static) crash test
FAIL: libmudflap.c/fail11-frag.c (-static) crash test
FAIL: libmudflap.c/fail12-frag.c (-static) crash test
FAIL: libmudflap.c/fail13-frag.c (-static) crash test
FAIL: libmudflap.c/fail14-frag.c (-static) crash test
FAIL: libmudflap.c/fail15-frag.c (-static) crash test
FAIL: libmudflap.c/fail16-frag.c (-static) crash test
FAIL: libmudflap.c/fail17-frag.c (-static) crash test
FAIL: libmudflap.c/fail18-frag.c (-static) crash test
FAIL: libmudflap.c/fail19-frag.c (-static) crash test
FAIL: libmudflap.c/fail2-frag.c (-static) crash test
FAIL: libmudflap.c/fail21-frag.c (-static) crash test
FAIL: libmudflap.c/fail22-frag.c (-static) crash test
FAIL: libmudflap.c/fail23-frag.c (-static) crash test
FAIL: libmudflap.c/fail25-frag.c (-static) crash test
FAIL: libmudflap.c/fail27-frag.c (-static) crash test
FAIL: libmudflap.c/fail28-frag.c (-static) crash test
FAIL: libmudflap.c/fail29-frag.c (-static) crash test
FAIL: libmudflap.c/fail3-frag.c (-static) crash test
FAIL: libmudflap.c/fail30-frag.c (-static) crash test
FAIL: libmudflap.c/fail31-frag.c (-static) crash test
FAIL: libmudflap.c/fail32-frag.c (-static) crash test
FAIL: libmudflap.c/fail33-frag.c (-static) crash test
FAIL: libmudflap.c/fail34-frag.c (-static) crash test
FAIL: libmudflap.c/fail35-frag.c (-static) crash test
FAIL: libmudflap.c/fail36-frag.c (-static) crash test
FAIL: libmudflap.c/fail37-frag.c (-static) crash test
FAIL: libmudflap.c/fail38-frag.c (-static) crash test
FAIL: libmudflap.c/fail39-frag.c (-static) crash test
FAIL: libmudflap.c/fail4-frag.c (-static) crash test
FAIL: libmudflap.c/fail40-frag.c (-static) crash test
FAIL: libmudflap.c/fail5-frag.c (-static) crash test
FAIL: libmudflap.c/fail6-frag.c (-static) crash test
FAIL: libmudflap.c/fail7-frag.c (-static) crash test
FAIL: libmudflap.c/fail8-frag.c (-static) crash test
FAIL: libmudflap.c/fail9-frag.c (-static) crash test
FAIL: libmudflap.c/pass36-frag.c (-static) output pattern test
FAIL: libmudflap.c/pass36-frag.c (-static) output pattern test
FAIL: libmudflap.c++/fail24-frag.cxx (-static) crash test
=== libmudflap Summary for unix/-m64 ===
# of expected passes 1759
# of unexpected failures 40
=== libmudflap Summary ===
# of expected passes 5357
# of unexpected failures 40
=== libstdc++ tests ===
Running target unix
XPASS: 26_numerics/cmath/c99_classification_macros_c.cc (test for excess errors)
=== libstdc++ Summary for unix ===
# of expected passes 3412
# of unexpected successes 1
# of expected failures 12
# of unsupported tests 315
Running target unix/-march=i686
=== libstdc++ Summary for unix/-march=i686 ===
# of expected passes 3412
# of expected failures 13
# of unsupported tests 315
Running target unix/-m64
XPASS: 26_numerics/cmath/c99_classification_macros_c.cc (test for excess errors)
FAIL: 26_numerics/complex/13450.cc execution test
XPASS: 27_io/fpos/14320-1.cc execution test
=== libstdc++ Summary for unix/-m64 ===
# of expected passes 3411
# of unexpected failures 1
# of unexpected successes 2
# of expected failures 11
# of unsupported tests 315
=== libstdc++ Summary ===
# of expected passes 10235
# of unexpected failures 1
# of unexpected successes 3
# of expected failures 36
# of unsupported tests 945
Compiler version: 4.1.2 20060601 (prerelease) (Debian 4.1.1-1)
Platform: i486-linux-gnu
configure flags: -v --prefix=/usr --enable-shared --with-system-zlib --libexecdir=/usr/lib --without-included-gettext --enable-threads=posix --enable-nls --program-suffix=-4.1 --enable-__cxa_atexit --enable-clocale=gnu --enable-libstdcxx-debug --enable-java-awt=gtk --enable-gtk-cairo --with-java-home=/usr/lib/jvm/java-1.4.2-gcj-4.1-1.4.2.0/jre --enable-mpfr --with-tune=i686 --enable-checking=release i486-linux-gnu --enable-languages=c,ada,c++,fortran,java,objc,obj-c++,pascal,treelang
BOOT_CFLAGS=-O2
Build Dependencies:
Desired=Unknown/Install/Remove/Purge/Hold
| Status=Not/Installed/Config-files/Unpacked/Failed-config/Half-installed
|/ Err?=(none)/Hold/Reinst-required/X=both-problems (Status,Err: uppercase=bad)
||/ Name Version Description
+++-==============-===================-==============================================
ii binutils 2.16.1cvs20060413-1 The GNU assembler, linker and binary utilities
Patches that Debian applied in this version:
svn-updates:
CVS updates from the 4.1 branch upto 20060601.
libjava-update:
libjava awt & swing update, taken from trunk 2006-02-25
gcc-version:
Add package identification to the gcc version string
gcc-textdomain:
Set gettext's domain and textdomain to the versioned package name.
rename-info-files:
Allow transformations on info file names. Reference the
transformed info file names in the texinfo files.
libstdc++-pic:
Build and install libstdc++_pic.a library.
libstdc++-doclink:
adjust hrefs to point to the local documentation
gccbug:
Use sensible-editor instead of vi as fallback editor
gccbug-posix:
Make gccbug POSIX compliant (patch by David Weinehall)
http://www.opengroup.org/onlinepubs/009695399/utilities/test.html
boehm-gc-nocheck:
Disable running the boehm-gc testsuite. Hangs the buildd at least on hppa.
fastjar-version:
Append GCC version to the fastjar version string.
libstdc++-doxygen:
libstdc++ doxygen docs: Set SHORT_NAMES to YES
classmap-path:
Set the location for gcj-dbtool's database to /var/lib/gcj-X.Y
libjava-dlsearch-path:
Add /usr/lib/gcj-4.1 to the dlsearch path.
libjava-stacktrace:
libgcj: Lookup source file name and line number in separated
debug files found in /usr/lib/debug
arm-libffi:
Add closure support to libffi for arm
arm-gij:
Enable gij interpreter on arm
hppa-cbranch:
Fix for PR target/26743 (hppa)
Backport from gcc trunk 2006-04-12 by tausq@debian.org
hppa-cbranch2:
Fix for PR target/26743 (hppa)
Backport from gcc trunk 2006-04-12 by tausq@debian.org
pr26483:
2006-04-12 James E Wilson <wilson@specifix.com>
PR libgcj/26483
* src/ia64/ffi.c (stf_spill, ldf_fill): Rewrite as macros.
(hfa_type_load): Call stf_spill.
(hfa_type_store): Call ldf_fill.
(ffi_call): Adjust calls to above routines. Add local temps for
macro result.
pr26885:
Proposed patch for PR driver/26885
mips-libjava-interp:
Enable the libjava interpreter on mips/mipsel.
disable-libgcj:
Do not build the java runtime (from this source package)
deb-protoize:
build protoize/unprotoize binaries
ada-gcc-name:
use gcc-4.1 instead of gcc as the command name.
ada-default-project-path:
- Change the default search path for project files to the one specified
by the Debian Policy for Ada: /usr/share/ada/adainclude.
ada-symbolic-tracebacks:
- Enable support for symbolic tracebacks in exceptions (delete the dummy
convert_addresses from adaint.c, and provide a real one separately.)
ada-gnatvsn:
proposed patch for PR ada/27194.
ada-link-lib:
- Install the shared Ada libraries as '.so.1', not '.so' to conform
to the Debian policy.
- Don't include a runtime link path (-rpath), when linking binaries.
- Build the shared libraries on hppa-linux.
- Instead of building libada as a target library only, build it as
both a host and, if different, target library.
- Build the GNAT tools in their top-level directory; do not use
recursive makefiles.
- Link the GNAT tools dynamically.
- Fix a bug in src/gnattools/configure.ac whereby a nonexistent version
of indepsw's body was selected. Regenerate configure. (PR ada/27300)
ada-libgnatvsn:
- Introduce a new shared library named libgnatvsn, containing
common components of GNAT under the GNAT-Modified GPL, for
use in GNAT tools, ASIS, GLADE and GPS. Link the gnat tools
against this new library.
ada-libgnatprj:
- Introduce a new shared library named libgnatprj, containing
the GNAT project file manager licensed under the pure GPL, for
use in GNAT tools, GLADE and GPS. Link the GNAT tools against
this new library.
ada-acats:
- When running the ACATS, look for the gnat tools in their new
directory (build/gnattools), and for the shared libraries in
build/gcc/ada/rts, build/libgnatvsn and build/libgnatprj.
gpc-gcc-4.x:
The gpc patch from the gpc tarball.
gpc-4.1:
GPC updates for GCC 4.1 (4.1-4)
gpc-updates:
gpc-names:
versioned gpc names
link-libs:
cpu-default-i486:
set default 32bit ix86 architecture to i486
reporting:
Add Debian URL for bug reporting isntructions.
gcc-ice-hack:
2004-01-23 Jakub Jelinek <jakub@redhat.com>
* system.h (ICE_EXIT_CODE): Define.
* gcc.c (execute): Don't free first string early, but at the end
of the function. Call retry_ice if compiler exited with
ICE_EXIT_CODE.
(retry_ice): New function.
* diagnostic.c (diagnostic_count_diagnostic,
diagnostic_action_after_output, error_recursion): Exit with
ICE_EXIT_CODE instead of FATAL_EXIT_CODE.
disable-biarch-check:
For biarch builds, disable the testsuite for the non-default architecture
for runtime libraries, which are not built by default (libjava).
biarch-include:
biarch-include.dpatch
Adds biarch include directories
/usr/include/c++/<ver>/<arch>-linux-gnu
/usr/local/include/<arch>-linux-gnu
/usr/include/<arch>-linux-gnu
to the system include paths, depending on 32/64 bit mode.
config-ml:
disable some biarch libraries for biarch builds
libjava-biarch-alsa:
Fix linking with the correct biarch asound library
i386-biarch:
biarch patches for i386/x86_64
Counting all warnings,
there are 664 warnings in stage3 of this bootstrap.
Number of warnings per file:
183 gcc/p/plant.c
56 gcc/fortran/lang-specs.h
52 gcc/cp/lang-specs.h
47 gcc/p/declarations.c
30 gcc/p/lang.c
28 gcc/objcp/lang-specs.h
26 gcc/p/gpc.h
24 gcc/p/typecheck.c
24 gcc/objc/lang-specs.h
20 gcc/treelang/lang-specs.h
20 gcc/java/lang-specs.h
12 gcc/p/lang-specs.h
12 gcc/cppdefault.c
12 gcc/ada/lang-specs.h
11 treelang/lex.c
11 gengtype-lex.c
10 gcc/expr.c
9 gcc/p/statements.c
6 gcc/varasm.c
6 gcc/p/objects.c
6 gcc/p/gpc.c
5 gcc/p/gpcpp.c
5 gcc/gcc.c
4 gcc/tree.c
4 gcc/p/rts/string1.pas
4 gcc/p/rts/constants.def
4 gcc/p/expressions.c
4 gcc/config/i386/i386.md
4 <stdin>
3 gcc/p/types.c
3 gcc/p/predef.c
3 gcc/p/module.c
3 gcc/p/gpc-lex.c
2 gcc/tree-nested.c
2 gcc/reload1.c
2 gcc/p/rts/files.pas
2 gcc/gimplify.c
1 libiberty/choose-temp.c
1 gcc/protoize.c
1 gcc/p/rts/fname.pas
1 gcc/java/jvspec.c
1 gcc/ada/tracebak.c
Number of warning types:
156 enumeration value `???' not handled in switch
116 (near initialization for `???')
104 excess elements in struct initializer
47 too many arguments for format
32 no previous prototype for `???'
30 unknown conversion type character `???' in format
28 C++ style comments are not allowed in ISO C90
28 (this will be reported only once per input file)
27 unused parameter `???'
14 string length `???' is greater than the length `???' ISO C89 compilers are required to support
14 format `???' expects type `???', but argument 2 has type `???'
12 missing initializer
9 unused variable `???'
6 `???' is used uninitialized in this function
5 implicit declaration of function `???'
4 comparison between pointer and integer
3 old-style function definition
2 too few arguments for format
2 operand 1 missing mode?
2 initialization from incompatible pointer type
2 function might be possible candidate for `???' format attribute
2 comparison of distinct pointer types lacks a cast
2 assignment makes pointer from integer without a cast
2 `???' with a value, in function returning void
2 Comparison always yields `???' due to limited range of data type.
2 Operand with side-effects is not evaluated.
1 the use of `???' is dangerous, better use `???'
1 suggest explicit braces to avoid ambiguous `???'
1 passing argument 2 of `???' from incompatible pointer type
1 format `???' expects type `???', but argument 4 has type `???'
1 comparison of unsigned expression < 0 is always false
1 assignment from incompatible pointer type
1 argument `???' might be clobbered by `???' or `???'
1 `???' defined but not used
1 `???' declared `???' but never defined
1 ISO C90 forbids mixed declarations and code
1 ISO C does not support the `???' printf format