This is the mail archive of the gcc-testresults@gcc.gnu.org mailing list for the GCC project.
Index Nav: | [Date Index] [Subject Index] [Author Index] [Thread Index] | |
---|---|---|
Message Nav: | [Date Prev] [Date Next] | [Thread Prev] [Thread Next] |
Other format: | [Raw text] |
LAST_UPDATED: Sat Jun 3 15:54:44 UTC 2006 (revision 114341) === acats tests === FAIL: c954026 === acats Summary === # of expected passes 2321 # of unexpected failures 1 Native configuration is hppa2.0w-hp-hpux11.00 === g++ tests === Running target unix UNRESOLVED: g++.dg/init/init-ref4.C XPASS: g++.dg/rtti/tinfo1.C scan-assembler-not .section[^\\n\\r]*_ZTIP9CTemplateIhE[^\\n\\r]* UNRESOLVED: g++.old-deja/g++.ext/attrib5.C UNRESOLVED: g++.old-deja/g++.pt/static3.C === g++ Summary === # of expected passes 9752 # of unexpected successes 1 # of expected failures 68 # of unresolved testcases 3 # of unsupported tests 88 /home/gnu/gcc/objdir/gcc/testsuite/../g++ version 3.4.6 === g77 tests === Running target unix === g77 Summary === # of expected passes 1812 # of unsupported tests 6 /home/gnu/gcc/objdir/gcc/testsuite/../g77 version 3.4.6 === gcc tests === Running target unix XPASS: gcc.dg/cpp/cmdlne-dI-M.c scan-file (^|\\\\n)cmdlne-dI-M.*:[^\\\\n]*cmdlne-dI-M.c XPASS: gcc.dg/cpp/cmdlne-dM-M.c scan-file (^|\\\\n)cmdlne-dM-M[^\\\\n]*:[^\\\\n]*cmdlne-dM-M.c UNRESOLVED: gcc.dg/visibility-1.c UNRESOLVED: gcc.dg/visibility-2.c UNRESOLVED: gcc.dg/visibility-3.c UNRESOLVED: gcc.dg/visibility-4.c UNRESOLVED: gcc.dg/visibility-5.c UNRESOLVED: gcc.dg/visibility-6.c UNRESOLVED: gcc.dg/visibility-7.c UNRESOLVED: gcc.dg/visibility-8.c UNRESOLVED: gcc.dg/special/weak-1.c UNRESOLVED: gcc.dg/special/weak-2.c UNRESOLVED: gcc.dg/special/wkali-1.c UNRESOLVED: gcc.dg/special/wkali-2.c UNRESOLVED: gcc.dg/weak/typeof-2.c UNRESOLVED: gcc.dg/weak/weak-1.c UNRESOLVED: gcc.dg/weak/weak-2.c UNRESOLVED: gcc.dg/weak/weak-3.c UNRESOLVED: gcc.dg/weak/weak-4.c UNRESOLVED: gcc.dg/weak/weak-5.c UNRESOLVED: gcc.dg/weak/weak-6.c UNRESOLVED: gcc.dg/weak/weak-7.c UNRESOLVED: gcc.dg/weak/weak-8.c UNRESOLVED: gcc.dg/weak/weak-9.c === gcc Summary === # of expected passes 24532 # of unexpected successes 2 # of expected failures 67 # of unresolved testcases 22 # of untested testcases 7 # of unsupported tests 402 /home/gnu/gcc/objdir/gcc/xgcc version 3.4.6 === objc tests === Running target unix === objc Summary === # of expected passes 1352 # of unsupported tests 8 /home/gnu/gcc/objdir/gcc/xgcc version 3.4.6 === libstdc++ tests === Running target unix === libstdc++ Summary === # of expected passes 2039 # of expected failures 4 # of unsupported tests 9 Compiler version: 3.4.6 Platform: hppa2.0w-hp-hpux11.00 configure flags: --with-gnu-as --with-as=/opt/gnu/bin/as --enable-shared --with-local-prefix=/opt/gnu --prefix=/opt/gnu/gcc/gcc-3.4.6 --enable-debug=no --disable-nls --disable-checking
Index Nav: | [Date Index] [Subject Index] [Author Index] [Thread Index] | |
---|---|---|
Message Nav: | [Date Prev] [Date Next] | [Thread Prev] [Thread Next] |