This is the mail archive of the
gcc-testresults@gcc.gnu.org
mailing list for the GCC project.
Results for 4.2.0 20060503 (experimental) testsuite on sparc-sun-solaris2.8
- From: Rainer Orth <ro at TechFak dot Uni-Bielefeld dot DE>
- To: gcc-testresults at gcc dot gnu dot org
- Date: Fri, 2 Jun 2006 19:49:21 +0200 (MEST)
- Subject: Results for 4.2.0 20060503 (experimental) testsuite on sparc-sun-solaris2.8
LAST_UPDATED: Wed May 3 18:25:00 UTC 2006 (revision 113499)
=== acats tests ===
FAIL: c35507m
FAIL: cd2a23e
FAIL: cxh1001
=== acats Summary ===
# of expected passes 2314
# of unexpected failures 3
Native configuration is sparc-sun-solaris2.8
=== g++ tests ===
Running target unix
WARNING: g++.dg/other/ucnid-1.C compilation failed to produce executable
FAIL: g++.old-deja/g++.other/init18.C (test for excess errors)
WARNING: g++.old-deja/g++.other/init18.C compilation failed to produce executable
FAIL: g++.old-deja/g++.other/init5.C execution test
=== g++ Summary for unix ===
# of expected passes 12281
# of unexpected failures 2
# of expected failures 69
# of unsupported tests 153
Running target unix/-m64
WARNING: g++.dg/other/ucnid-1.C compilation failed to produce executable
FAIL: g++.old-deja/g++.other/init18.C (test for excess errors)
WARNING: g++.old-deja/g++.other/init18.C compilation failed to produce executable
FAIL: g++.old-deja/g++.other/init5.C execution test
=== g++ Summary for unix/-m64 ===
# of expected passes 12249
# of unexpected failures 2
# of expected failures 69
# of unsupported tests 155
=== g++ Summary ===
# of expected passes 24530
# of unexpected failures 4
# of expected failures 138
# of unsupported tests 308
/vol/gcc/obj/gcc-4.2.0-20060503/8-gcc/gcc/testsuite/g++/../../g++ version 4.2.0 20060503 (experimental)
=== gcc tests ===
Running target unix
WARNING: program timed out.
FAIL: gcc.c-torture/compile/20001226-1.c (test for excess errors)
WARNING: program timed out.
FAIL: gcc.c-torture/compile/20001226-1.c (test for excess errors)
WARNING: program timed out.
FAIL: gcc.c-torture/compile/20001226-1.c (test for excess errors)
WARNING: program timed out.
FAIL: gcc.c-torture/compile/20001226-1.c (test for excess errors)
WARNING: gcc.dg/ucnid-2.c compilation failed to produce executable
WARNING: gcc.dg/ucnid-3.c compilation failed to produce executable
WARNING: gcc.dg/ucnid-4.c compilation failed to produce executable
FAIL: gcc.dg/torture/pr26565.c execution test
XPASS: gcc.dg/vect/pr20122.c scan-tree-dump-times vectorized 1 loops 2
XPASS: gcc.dg/vect/vect-105.c scan-tree-dump-times vectorized 1 loops 1
XPASS: gcc.dg/vect/vect-75.c scan-tree-dump-times vectorized 1 loops 1
=== gcc Summary for unix ===
# of expected passes 38396
# of unexpected failures 5
# of unexpected successes 3
# of expected failures 123
# of untested testcases 28
# of unsupported tests 456
Running target unix/-m64
WARNING: program timed out.
FAIL: gcc.c-torture/compile/20001226-1.c (test for excess errors)
WARNING: program timed out.
FAIL: gcc.c-torture/compile/20001226-1.c (test for excess errors)
WARNING: program timed out.
FAIL: gcc.c-torture/compile/20001226-1.c (test for excess errors)
WARNING: program timed out.
FAIL: gcc.c-torture/compile/20001226-1.c (test for excess errors)
WARNING: gcc.dg/ucnid-2.c compilation failed to produce executable
WARNING: gcc.dg/ucnid-3.c compilation failed to produce executable
WARNING: gcc.dg/ucnid-4.c compilation failed to produce executable
FAIL: gcc.dg/torture/pr26565.c execution test
XPASS: gcc.dg/vect/pr20122.c scan-tree-dump-times vectorized 1 loops 2
XPASS: gcc.dg/vect/vect-105.c scan-tree-dump-times vectorized 1 loops 1
XPASS: gcc.dg/vect/vect-75.c scan-tree-dump-times vectorized 1 loops 1
=== gcc Summary for unix/-m64 ===
# of expected passes 38388
# of unexpected failures 5
# of unexpected successes 3
# of expected failures 123
# of untested testcases 28
# of unsupported tests 460
=== gcc Summary ===
# of expected passes 76784
# of unexpected failures 10
# of unexpected successes 6
# of expected failures 246
# of untested testcases 56
# of unsupported tests 916
/vol/gcc/obj/gcc-4.2.0-20060503/8-gcc/gcc/xgcc version 4.2.0 20060503 (experimental)
=== gfortran tests ===
Running target unix
FAIL: gfortran.dg/transfer_array_intrinsic_2.f90 execution test
=== gfortran Summary for unix ===
# of expected passes 12779
# of unexpected failures 1
# of expected failures 8
# of unsupported tests 101
Running target unix/-m64
FAIL: gfortran.dg/transfer_array_intrinsic_2.f90 execution test
FAIL: gfortran.dg/transfer_array_intrinsic_2.f90 execution test
FAIL: gfortran.dg/transfer_array_intrinsic_2.f90 execution test
FAIL: gfortran.dg/transfer_array_intrinsic_2.f90 execution test
FAIL: gfortran.dg/transfer_array_intrinsic_2.f90 execution test
FAIL: gfortran.dg/transfer_array_intrinsic_2.f90 execution test
FAIL: gfortran.dg/transfer_array_intrinsic_2.f90 execution test
FAIL: gfortran.dg/transfer_array_intrinsic_2.f90 execution test
=== gfortran Summary for unix/-m64 ===
# of expected passes 12786
# of unexpected failures 8
# of expected failures 9
# of unsupported tests 93
=== gfortran Summary ===
# of expected passes 25565
# of unexpected failures 9
# of expected failures 17
# of unsupported tests 194
/vol/gcc/obj/gcc-4.2.0-20060503/8-gcc/gcc/testsuite/gfortran/../../gfortran version 4.2.0 20060503 (experimental)
=== objc tests ===
Running target unix
=== objc Summary for unix ===
# of expected passes 1752
# of expected failures 7
# of unsupported tests 24
Running target unix/-m64
=== objc Summary for unix/-m64 ===
# of expected passes 1752
# of expected failures 7
# of unsupported tests 24
=== objc Summary ===
# of expected passes 3504
# of expected failures 14
# of unsupported tests 48
/vol/gcc/obj/gcc-4.2.0-20060503/8-gcc/gcc/xgcc version 4.2.0 20060503 (experimental)
=== libffi tests ===
Running target unix
=== libffi Summary for unix ===
# of expected passes 1072
# of unsupported tests 8
Running target unix/-m64
=== libffi Summary for unix/-m64 ===
# of expected passes 1072
# of unsupported tests 8
=== libffi Summary ===
# of expected passes 2144
# of unsupported tests 16
=== libgomp tests ===
Running target unix
FAIL: libgomp.fortran/omp_parse2.f90 execution test
FAIL: libgomp.fortran/omp_parse2.f90 execution test
FAIL: libgomp.fortran/omp_parse2.f90 execution test
FAIL: libgomp.fortran/omp_parse2.f90 execution test
FAIL: libgomp.fortran/omp_parse2.f90 execution test
FAIL: libgomp.fortran/omp_parse2.f90 execution test
FAIL: libgomp.fortran/omp_parse2.f90 execution test
FAIL: libgomp.fortran/omp_parse2.f90 execution test
FAIL: libgomp.fortran/omp_parse4.f90 execution test
FAIL: libgomp.fortran/omp_parse4.f90 execution test
FAIL: libgomp.fortran/omp_parse4.f90 execution test
FAIL: libgomp.fortran/omp_parse4.f90 execution test
FAIL: libgomp.fortran/omp_parse4.f90 execution test
FAIL: libgomp.fortran/omp_parse4.f90 execution test
FAIL: libgomp.fortran/omp_parse4.f90 execution test
FAIL: libgomp.fortran/omp_parse4.f90 execution test
=== libgomp Summary for unix ===
# of expected passes 1214
# of unexpected failures 16
# of unsupported tests 111
Running target unix/-m64
FAIL: libgomp.fortran/omp_parse2.f90 execution test
FAIL: libgomp.fortran/omp_parse2.f90 execution test
FAIL: libgomp.fortran/omp_parse2.f90 execution test
FAIL: libgomp.fortran/omp_parse2.f90 execution test
FAIL: libgomp.fortran/omp_parse2.f90 execution test
FAIL: libgomp.fortran/omp_parse2.f90 execution test
FAIL: libgomp.fortran/omp_parse2.f90 execution test
FAIL: libgomp.fortran/omp_parse2.f90 execution test
FAIL: libgomp.fortran/omp_parse4.f90 execution test
FAIL: libgomp.fortran/omp_parse4.f90 execution test
FAIL: libgomp.fortran/omp_parse4.f90 execution test
FAIL: libgomp.fortran/omp_parse4.f90 execution test
FAIL: libgomp.fortran/omp_parse4.f90 execution test
FAIL: libgomp.fortran/omp_parse4.f90 execution test
FAIL: libgomp.fortran/omp_parse4.f90 execution test
FAIL: libgomp.fortran/omp_parse4.f90 execution test
=== libgomp Summary for unix/-m64 ===
# of expected passes 1214
# of unexpected failures 16
# of unsupported tests 111
=== libgomp Summary ===
# of expected passes 2428
# of unexpected failures 32
# of unsupported tests 222
=== libjava tests ===
Running target unix
FAIL: Array_3 execution - gij test
FAIL: Array_3 execution - gij test
FAIL: Array_3 execution - gij test
FAIL: Array_3 execution - gij test
FAIL: Class_1 execution - source compiled test
FAIL: Class_1 execution - bytecode->native test
FAIL: Class_1 -O3 execution - source compiled test
FAIL: Class_1 -O3 execution - bytecode->native test
FAIL: FileHandleGcTest execution - source compiled test
FAIL: FileHandleGcTest execution - gij test
FAIL: FileHandleGcTest execution - bytecode->native test
FAIL: FileHandleGcTest execution - gij test
FAIL: FileHandleGcTest -findirect-dispatch execution - bytecode->native test
FAIL: FileHandleGcTest -O3 execution - source compiled test
FAIL: FileHandleGcTest execution - gij test
FAIL: FileHandleGcTest -O3 execution - bytecode->native test
FAIL: FileHandleGcTest execution - gij test
FAIL: FileHandleGcTest -O3 -findirect-dispatch execution - bytecode->native test
FAIL: InvokeInterface execution - bytecode->native test
FAIL: InvokeInterface -O3 execution - bytecode->native test
FAIL: PR12416 execution - bytecode->native test
FAIL: PR12416 -O3 execution - bytecode->native test
FAIL: PR260 execution - bytecode->native test
FAIL: PR260 -O3 execution - bytecode->native test
XPASS: PR26858 execution - source compiled test
XPASS: PR26858 output - source compiled test
XPASS: PR26858 execution - bytecode->native test
XPASS: PR26858 output - bytecode->native test
XPASS: PR26858 -findirect-dispatch execution - bytecode->native test
XPASS: PR26858 -findirect-dispatch output - bytecode->native test
XPASS: PR26858 -O3 execution - source compiled test
XPASS: PR26858 -O3 output - source compiled test
XPASS: PR26858 -O3 execution - bytecode->native test
XPASS: PR26858 -O3 output - bytecode->native test
XPASS: PR26858 -O3 -findirect-dispatch execution - bytecode->native test
XPASS: PR26858 -O3 -findirect-dispatch output - bytecode->native test
WARNING: program timed out.
FAIL: Process_3 -findirect-dispatch execution - bytecode->native test
FAIL: SyncTest execution - bytecode->native test
FAIL: SyncTest -O3 execution - bytecode->native test
FAIL: Throw_2 execution - source compiled test
FAIL: Throw_2 execution - gij test
FAIL: Throw_2 execution - bytecode->native test
FAIL: Throw_2 execution - gij test
FAIL: Throw_2 -findirect-dispatch execution - bytecode->native test
FAIL: Throw_2 -O3 execution - source compiled test
FAIL: Throw_2 execution - gij test
FAIL: Throw_2 -O3 execution - bytecode->native test
FAIL: Throw_2 execution - gij test
FAIL: Throw_2 -O3 -findirect-dispatch execution - bytecode->native test
FAIL: assign -findirect-dispatch execution - bytecode->native test
FAIL: assign -O3 -findirect-dispatch execution - bytecode->native test
FAIL: invokethrow execution - bytecode->native test
FAIL: invokethrow -O3 execution - bytecode->native test
FAIL: pr179 execution - bytecode->native test
FAIL: pr179 -O3 execution - bytecode->native test
FAIL: pr24321 execution - bytecode->native test
FAIL: pr24321 -O3 execution - bytecode->native test
FAIL: pr8415 execution - bytecode->native test
FAIL: pr8415 -O3 execution - bytecode->native test
FAIL: stringconst2 output - source compiled test
FAIL: stringconst2 output - bytecode->native test
FAIL: stringconst2 -findirect-dispatch output - bytecode->native test
FAIL: stringconst2 -O3 output - source compiled test
FAIL: stringconst2 -O3 output - bytecode->native test
FAIL: stringconst2 -O3 -findirect-dispatch output - bytecode->native test
FAIL: pr21115 run
=== libjava Summary for unix ===
# of expected passes 6670
# of unexpected failures 54
# of unexpected successes 12
# of expected failures 16
# of untested testcases 60
Running target unix/-m64
FAIL: PR16923 run
FAIL: Array_3 execution - gij test
FAIL: Array_3 execution - gij test
FAIL: Array_3 execution - gij test
FAIL: Array_3 execution - gij test
FAIL: Class_1 execution - source compiled test
FAIL: Class_1 execution - bytecode->native test
FAIL: Class_1 -O3 execution - source compiled test
FAIL: Class_1 -O3 execution - bytecode->native test
FAIL: FileHandleGcTest execution - source compiled test
FAIL: FileHandleGcTest execution - gij test
FAIL: FileHandleGcTest execution - bytecode->native test
FAIL: FileHandleGcTest execution - gij test
FAIL: FileHandleGcTest -findirect-dispatch execution - bytecode->native test
FAIL: FileHandleGcTest -O3 execution - source compiled test
FAIL: FileHandleGcTest execution - gij test
FAIL: FileHandleGcTest -O3 execution - bytecode->native test
FAIL: FileHandleGcTest execution - gij test
FAIL: FileHandleGcTest -O3 -findirect-dispatch execution - bytecode->native test
FAIL: InvokeInterface execution - bytecode->native test
FAIL: InvokeInterface -O3 execution - bytecode->native test
FAIL: PR12416 execution - bytecode->native test
FAIL: PR12416 -O3 execution - bytecode->native test
FAIL: PR260 execution - bytecode->native test
FAIL: PR260 -O3 execution - bytecode->native test
XPASS: PR26858 execution - source compiled test
XPASS: PR26858 output - source compiled test
XPASS: PR26858 execution - bytecode->native test
XPASS: PR26858 output - bytecode->native test
XPASS: PR26858 -findirect-dispatch execution - bytecode->native test
XPASS: PR26858 -findirect-dispatch output - bytecode->native test
XPASS: PR26858 -O3 execution - source compiled test
XPASS: PR26858 -O3 output - source compiled test
XPASS: PR26858 -O3 execution - bytecode->native test
XPASS: PR26858 -O3 output - bytecode->native test
XPASS: PR26858 -O3 -findirect-dispatch execution - bytecode->native test
XPASS: PR26858 -O3 -findirect-dispatch output - bytecode->native test
FAIL: Process_6 execution - gij test
FAIL: SyncTest execution - bytecode->native test
FAIL: SyncTest -O3 execution - bytecode->native test
FAIL: TLtest execution - gij test
FAIL: Throw_2 execution - source compiled test
FAIL: Throw_2 execution - bytecode->native test
FAIL: Throw_2 -findirect-dispatch execution - bytecode->native test
FAIL: Throw_2 -O3 execution - source compiled test
FAIL: Throw_2 -O3 execution - bytecode->native test
FAIL: Throw_2 -O3 -findirect-dispatch execution - bytecode->native test
FAIL: assign -findirect-dispatch execution - bytecode->native test
FAIL: assign -O3 -findirect-dispatch execution - bytecode->native test
FAIL: invokethrow execution - bytecode->native test
FAIL: invokethrow -O3 execution - bytecode->native test
FAIL: pr179 execution - bytecode->native test
FAIL: pr179 -O3 execution - bytecode->native test
FAIL: pr24321 execution - bytecode->native test
FAIL: pr24321 -O3 execution - bytecode->native test
FAIL: pr8415 execution - bytecode->native test
FAIL: pr8415 -O3 execution - bytecode->native test
FAIL: stringconst2 output - source compiled test
FAIL: stringconst2 output - bytecode->native test
FAIL: stringconst2 -findirect-dispatch output - bytecode->native test
FAIL: stringconst2 -O3 output - source compiled test
FAIL: stringconst2 -O3 output - bytecode->native test
FAIL: stringconst2 -O3 -findirect-dispatch output - bytecode->native test
FAIL: pr21115 run
=== libjava Summary for unix/-m64 ===
# of expected passes 6675
# of unexpected failures 52
# of unexpected successes 12
# of expected failures 16
# of untested testcases 58
=== libjava Summary ===
# of expected passes 13345
# of unexpected failures 106
# of unexpected successes 24
# of expected failures 32
# of untested testcases 118
=== libstdc++ tests ===
Running target unix
WARNING: program timed out.
FAIL: 27_io/basic_ofstream/cons/char/2.cc execution test
=== libstdc++ Summary for unix ===
# of expected passes 1715
# of unexpected failures 1
# of expected failures 12
# of unsupported tests 39
Running target unix/-m64
WARNING: program timed out.
FAIL: 27_io/basic_ofstream/cons/char/2.cc execution test
=== libstdc++ Summary for unix/-m64 ===
# of expected passes 1715
# of unexpected failures 1
# of expected failures 12
# of unsupported tests 39
=== libstdc++ Summary ===
# of expected passes 3430
# of unexpected failures 2
# of expected failures 24
# of unsupported tests 78
Compiler version: 4.2.0 20060503 (experimental)
Platform: sparc-sun-solaris2.8
configure flags: --prefix=/vol/gcc --with-local-prefix=/vol/gcc --disable-nls --with-gmp-dir=/vol/gnu/obj/gmp-4.1.3 --with-mpfr-dir=/vol/gnu/obj/gmp-4.1.3/mpfr --disable-libmudflap --enable-languages=c,ada,c++,fortran,java,objc
BOOT_CFLAGS=-g -O2