This is the mail archive of the
gcc-testresults@gcc.gnu.org
mailing list for the GCC project.
Results for 4.2.0 20060528 (experimental) testsuite on alpha-dec-osf5.1
- From: ebotcazou at libertysurf dot fr (Eric Botcazou)
- To: gcc-testresults at gcc dot gnu dot org
- Date: Mon, 29 May 2006 23:33:00 +0200
- Subject: Results for 4.2.0 20060528 (experimental) testsuite on alpha-dec-osf5.1
LAST_UPDATED: Sun May 28 04:38:40 UTC 2006 (revision 114164M)
Native configuration is alpha-dec-osf5.1
=== libgomp tests ===
Running target unix
FAIL: libgomp.c/appendix-a/a.15.1.c execution test
FAIL: libgomp.c/appendix-a/a.16.1.c execution test
FAIL: libgomp.c/appendix-a/a.18.1.c execution test
FAIL: libgomp.c/appendix-a/a.19.1.c execution test
FAIL: libgomp.c/appendix-a/a.2.1.c execution test
FAIL: libgomp.c/appendix-a/a.21.1.c execution test
FAIL: libgomp.c/appendix-a/a.26.1.c execution test
FAIL: libgomp.c/appendix-a/a.29.1.c execution test
FAIL: libgomp.c/appendix-a/a.36.1.c execution test
FAIL: libgomp.c/appendix-a/a.39.1.c execution test
FAIL: libgomp.c/appendix-a/a.4.1.c execution test
FAIL: libgomp.c/barrier-1.c execution test
FAIL: libgomp.c/critical-1.c execution test
FAIL: libgomp.c/critical-2.c execution test
FAIL: libgomp.c/lib-1.c execution test
FAIL: libgomp.c/loop-1.c execution test
FAIL: libgomp.c/loop-2.c execution test
FAIL: libgomp.c/loop-3.c execution test
FAIL: libgomp.c/nested-1.c execution test
FAIL: libgomp.c/nested-2.c execution test
FAIL: libgomp.c/nestedfn-1.c execution test
FAIL: libgomp.c/nestedfn-2.c execution test
FAIL: libgomp.c/nestedfn-3.c execution test
FAIL: libgomp.c/omp-loop01.c execution test
FAIL: libgomp.c/omp-loop02.c execution test
FAIL: libgomp.c/omp-loop03.c execution test
FAIL: libgomp.c/omp-nested-1.c execution test
FAIL: libgomp.c/omp-parallel-for.c execution test
FAIL: libgomp.c/omp-parallel-if.c execution test
FAIL: libgomp.c/omp-single-1.c execution test
FAIL: libgomp.c/omp-single-2.c execution test
FAIL: libgomp.c/omp-single-3.c execution test
FAIL: libgomp.c/omp_hello.c execution test
FAIL: libgomp.c/omp_matvec.c execution test
FAIL: libgomp.c/omp_orphan.c execution test
FAIL: libgomp.c/omp_reduction.c execution test
FAIL: libgomp.c/omp_workshare1.c execution test
FAIL: libgomp.c/omp_workshare2.c execution test
FAIL: libgomp.c/omp_workshare4.c execution test
FAIL: libgomp.c/ordered-1.c execution test
FAIL: libgomp.c/ordered-2.c execution test
FAIL: libgomp.c/ordered-3.c execution test
FAIL: libgomp.c/parallel-1.c execution test
FAIL: libgomp.c/pr26943-1.c execution test
FAIL: libgomp.c/pr26943-2.c execution test
FAIL: libgomp.c/pr26943-3.c execution test
FAIL: libgomp.c/pr26943-4.c execution test
FAIL: libgomp.c/reduction-1.c execution test
FAIL: libgomp.c/reduction-2.c execution test
FAIL: libgomp.c/reduction-3.c execution test
FAIL: libgomp.c/reduction-4.c execution test
FAIL: libgomp.c/sections-1.c execution test
FAIL: libgomp.c/shared-1.c execution test
FAIL: libgomp.c/shared-2.c execution test
FAIL: libgomp.c/shared-3.c execution test
FAIL: libgomp.c/single-1.c execution test
FAIL: libgomp.c/single-2.c execution test
FAIL: libgomp.c/vla-1.c execution test
FAIL: libgomp.c++/ctor-1.C -O0 execution test
FAIL: libgomp.c++/ctor-1.C -O1 execution test
FAIL: libgomp.c++/ctor-1.C -O2 execution test
FAIL: libgomp.c++/ctor-1.C -O3 -fomit-frame-pointer execution test
FAIL: libgomp.c++/ctor-1.C -O3 -fomit-frame-pointer -funroll-loops execution test
FAIL: libgomp.c++/ctor-1.C -O3 -fomit-frame-pointer -funroll-all-loops -finline-functions execution test
FAIL: libgomp.c++/ctor-1.C -O3 -g execution test
FAIL: libgomp.c++/ctor-1.C -Os execution test
FAIL: libgomp.c++/ctor-2.C -O0 execution test
FAIL: libgomp.c++/ctor-2.C -O1 execution test
FAIL: libgomp.c++/ctor-2.C -O2 execution test
FAIL: libgomp.c++/ctor-2.C -O3 -fomit-frame-pointer execution test
FAIL: libgomp.c++/ctor-2.C -O3 -fomit-frame-pointer -funroll-loops execution test
FAIL: libgomp.c++/ctor-2.C -O3 -fomit-frame-pointer -funroll-all-loops -finline-functions execution test
FAIL: libgomp.c++/ctor-2.C -O3 -g execution test
FAIL: libgomp.c++/ctor-2.C -Os execution test
FAIL: libgomp.c++/ctor-3.C -O0 execution test
FAIL: libgomp.c++/ctor-3.C -O1 execution test
FAIL: libgomp.c++/ctor-3.C -O2 execution test
FAIL: libgomp.c++/ctor-3.C -O3 -fomit-frame-pointer execution test
FAIL: libgomp.c++/ctor-3.C -O3 -fomit-frame-pointer -funroll-loops execution test
FAIL: libgomp.c++/ctor-3.C -O3 -fomit-frame-pointer -funroll-all-loops -finline-functions execution test
FAIL: libgomp.c++/ctor-3.C -O3 -g execution test
FAIL: libgomp.c++/ctor-3.C -Os execution test
FAIL: libgomp.c++/ctor-4.C -O0 execution test
FAIL: libgomp.c++/ctor-4.C -O1 execution test
FAIL: libgomp.c++/ctor-4.C -O2 execution test
FAIL: libgomp.c++/ctor-4.C -O3 -fomit-frame-pointer execution test
FAIL: libgomp.c++/ctor-4.C -O3 -fomit-frame-pointer -funroll-loops execution test
FAIL: libgomp.c++/ctor-4.C -O3 -fomit-frame-pointer -funroll-all-loops -finline-functions execution test
FAIL: libgomp.c++/ctor-4.C -O3 -g execution test
FAIL: libgomp.c++/ctor-4.C -Os execution test
FAIL: libgomp.c++/ctor-6.C -O0 execution test
FAIL: libgomp.c++/ctor-6.C -O1 execution test
FAIL: libgomp.c++/ctor-6.C -O2 execution test
FAIL: libgomp.c++/ctor-6.C -O3 -fomit-frame-pointer execution test
FAIL: libgomp.c++/ctor-6.C -O3 -fomit-frame-pointer -funroll-loops execution test
FAIL: libgomp.c++/ctor-6.C -O3 -fomit-frame-pointer -funroll-all-loops -finline-functions execution test
FAIL: libgomp.c++/ctor-6.C -O3 -g execution test
FAIL: libgomp.c++/ctor-6.C -Os execution test
FAIL: libgomp.c++/ctor-7.C -O0 execution test
FAIL: libgomp.c++/ctor-7.C -O1 execution test
FAIL: libgomp.c++/ctor-7.C -O2 execution test
FAIL: libgomp.c++/ctor-7.C -O3 -fomit-frame-pointer execution test
FAIL: libgomp.c++/ctor-7.C -O3 -fomit-frame-pointer -funroll-loops execution test
FAIL: libgomp.c++/ctor-7.C -O3 -fomit-frame-pointer -funroll-all-loops -finline-functions execution test
FAIL: libgomp.c++/ctor-7.C -O3 -g execution test
FAIL: libgomp.c++/ctor-7.C -Os execution test
FAIL: libgomp.c++/loop-1.C -O execution test
FAIL: libgomp.c++/loop-2.C -O execution test
FAIL: libgomp.c++/loop-3.C -O execution test
FAIL: libgomp.c++/loop-4.C -O execution test
FAIL: libgomp.c++/loop-5.C -O execution test
FAIL: libgomp.c++/loop-6.C -O0 execution test
FAIL: libgomp.c++/loop-6.C -O1 execution test
FAIL: libgomp.c++/loop-6.C -O2 execution test
FAIL: libgomp.c++/loop-6.C -O3 -fomit-frame-pointer execution test
FAIL: libgomp.c++/loop-6.C -O3 -fomit-frame-pointer -funroll-loops execution test
FAIL: libgomp.c++/loop-6.C -O3 -fomit-frame-pointer -funroll-all-loops -finline-functions execution test
FAIL: libgomp.c++/loop-6.C -O3 -g execution test
FAIL: libgomp.c++/loop-6.C -Os execution test
FAIL: libgomp.c++/loop-7.C -O0 execution test
FAIL: libgomp.c++/loop-7.C -O1 execution test
FAIL: libgomp.c++/loop-7.C -O2 execution test
FAIL: libgomp.c++/loop-7.C -O3 -fomit-frame-pointer execution test
FAIL: libgomp.c++/loop-7.C -O3 -fomit-frame-pointer -funroll-loops execution test
FAIL: libgomp.c++/loop-7.C -O3 -fomit-frame-pointer -funroll-all-loops -finline-functions execution test
FAIL: libgomp.c++/loop-7.C -O3 -g execution test
FAIL: libgomp.c++/loop-7.C -Os execution test
FAIL: libgomp.c++/master-1.C -O0 execution test
FAIL: libgomp.c++/master-1.C -O1 execution test
FAIL: libgomp.c++/master-1.C -O2 execution test
FAIL: libgomp.c++/master-1.C -O3 -fomit-frame-pointer execution test
FAIL: libgomp.c++/master-1.C -O3 -fomit-frame-pointer -funroll-loops execution test
FAIL: libgomp.c++/master-1.C -O3 -fomit-frame-pointer -funroll-all-loops -finline-functions execution test
FAIL: libgomp.c++/master-1.C -O3 -g execution test
FAIL: libgomp.c++/master-1.C -Os execution test
FAIL: libgomp.c++/nested-1.C -O0 execution test
FAIL: libgomp.c++/nested-1.C -O1 execution test
FAIL: libgomp.c++/nested-1.C -O2 execution test
FAIL: libgomp.c++/nested-1.C -O3 -fomit-frame-pointer execution test
FAIL: libgomp.c++/nested-1.C -O3 -fomit-frame-pointer -funroll-loops execution test
FAIL: libgomp.c++/nested-1.C -O3 -fomit-frame-pointer -funroll-all-loops -finline-functions execution test
FAIL: libgomp.c++/nested-1.C -O3 -g execution test
FAIL: libgomp.c++/nested-1.C -Os execution test
FAIL: libgomp.c++/parallel-1.C -O execution test
FAIL: libgomp.c++/pr26691.C -O execution test
FAIL: libgomp.c++/pr26943.C -O0 execution test
FAIL: libgomp.c++/pr26943.C -O1 execution test
FAIL: libgomp.c++/pr26943.C -O2 execution test
FAIL: libgomp.c++/pr26943.C -O3 -fomit-frame-pointer execution test
FAIL: libgomp.c++/pr26943.C -O3 -fomit-frame-pointer -funroll-loops execution test
FAIL: libgomp.c++/pr26943.C -O3 -fomit-frame-pointer -funroll-all-loops -finline-functions execution test
FAIL: libgomp.c++/pr26943.C -O3 -g execution test
FAIL: libgomp.c++/pr26943.C -Os execution test
FAIL: libgomp.c++/pr27337.C -O0 execution test
FAIL: libgomp.c++/pr27337.C -O1 execution test
FAIL: libgomp.c++/pr27337.C -O2 execution test
FAIL: libgomp.c++/pr27337.C -O3 -fomit-frame-pointer execution test
FAIL: libgomp.c++/pr27337.C -O3 -fomit-frame-pointer -funroll-loops execution test
FAIL: libgomp.c++/pr27337.C -O3 -fomit-frame-pointer -funroll-all-loops -finline-functions execution test
FAIL: libgomp.c++/pr27337.C -O3 -g execution test
FAIL: libgomp.c++/pr27337.C -Os execution test
FAIL: libgomp.c++/reduction-1.C -O execution test
FAIL: libgomp.c++/reduction-2.C -O execution test
FAIL: libgomp.c++/reduction-3.C -O execution test
FAIL: libgomp.c++/sections-1.C -O execution test
FAIL: libgomp.c++/shared-1.C -O execution test
FAIL: libgomp.c++/shared-2.C -O execution test
FAIL: libgomp.c++/single-1.C -O execution test
FAIL: libgomp.c++/single-2.C -O execution test
FAIL: libgomp.c++/single-3.C -O execution test
=== libgomp Summary ===
# of expected passes 184
# of unexpected failures 170
# of unsupported tests 55
=== libstdc++ tests ===
Running target unix
FAIL: thread/pthread5.cc execution test
=== libstdc++ Summary ===
# of expected passes 3531
# of unexpected failures 1
# of expected failures 10
# of unsupported tests 323
=== g++ tests ===
Running target unix
FAIL: tmpdir-g++.dg-struct-layout-1/t024 cp_compat_x_tst.o-cp_compat_y_tst.o execute
FAIL: tmpdir-g++.dg-struct-layout-1/t026 cp_compat_x_tst.o-cp_compat_y_tst.o execute
FAIL: tmpdir-g++.dg-struct-layout-1/t027 cp_compat_x_tst.o-cp_compat_y_tst.o execute
FAIL: tmpdir-g++.dg-struct-layout-1/t028 cp_compat_x_tst.o-cp_compat_y_tst.o execute
FAIL: tmpdir-g++.dg-struct-layout-1/t029 cp_compat_x_tst.o-cp_compat_y_tst.o execute
FAIL: tmpdir-g++.dg-struct-layout-1/t030 cp_compat_x_tst.o-cp_compat_y_tst.o execute
FAIL: g++.dg/abi/local1.C execution test
ERROR: g++.dg/abi/rtti1.C: error executing dg-final: couldn't execute "c++filt": no such file or directory
UNRESOLVED: g++.dg/abi/rtti1.C: error executing dg-final: couldn't execute "c++filt": no such file or directory
FAIL: g++.dg/abi/thunk4.C scan-assembler .weak[ \\t]_?_ZThn._N7Derived3FooEv
FAIL: g++.dg/eh/spbp.C (test for excess errors)
WARNING: g++.dg/eh/spbp.C compilation failed to produce executable
FAIL: g++.dg/other/pragma-ep-1.C (test for excess errors)
FAIL: g++.dg/other/ucnid-1.C (test for excess errors)
WARNING: g++.dg/other/ucnid-1.C compilation failed to produce executable
FAIL: g++.dg/other/unused1.C scan-assembler stringz?\\t"class2"
FAIL: g++.dg/other/unused1.C scan-assembler stringz?\\t"printer"
FAIL: g++.dg/tree-ssa/ivopts-1.C scan-tree-dump-not offset: -4B
FAIL: g++.dg/tree-ssa/ivopts-1.C scan-tree-dump-not &x\\[5\\]
FAIL: g++.dg/tree-ssa/pr23164.C (test for excess errors)
FAIL: g++.dg/warn/miss-format-1.C scanf attribute warning (test for warnings, line 24)
FAIL: g++.dg/warn/miss-format-1.C (test for excess errors)
FAIL: g++.dg/warn/weak1.C (test for excess errors)
WARNING: g++.dg/warn/weak1.C compilation failed to produce executable
FAIL: g++.old-deja/g++.other/init18.C (test for excess errors)
WARNING: g++.old-deja/g++.other/init18.C compilation failed to produce executable
FAIL: g++.old-deja/g++.other/init19.C execution test
FAIL: g++.old-deja/g++.other/init5.C execution test
FAIL: g++.old-deja/g++.other/singleton.C (test for excess errors)
WARNING: g++.old-deja/g++.other/singleton.C compilation failed to produce executable
=== g++ Summary ===
# of expected passes 12330
# of unexpected failures 23
# of expected failures 66
# of unresolved testcases 1
# of unsupported tests 163
/opt/build/eric/gcc/gcc/testsuite/g++/../../g++ version 4.2.0 20060528 (experimental)
=== gcc tests ===
Running target unix
FAIL: gcc.c-torture/compile/20050622-1.c -O0 (test for excess errors)
FAIL: gcc.c-torture/compile/20050622-1.c -O1 (test for excess errors)
FAIL: gcc.c-torture/compile/20050622-1.c -O2 (test for excess errors)
FAIL: gcc.c-torture/compile/20050622-1.c -O3 -fomit-frame-pointer (test for excess errors)
FAIL: gcc.c-torture/compile/20050622-1.c -O3 -g (test for excess errors)
FAIL: gcc.c-torture/compile/20050622-1.c -Os (test for excess errors)
FAIL: gcc.c-torture/compile/labels-3.c -O0 (test for excess errors)
FAIL: gcc.c-torture/compile/labels-3.c -O1 (test for excess errors)
FAIL: gcc.c-torture/compile/labels-3.c -O2 (test for excess errors)
FAIL: gcc.c-torture/compile/labels-3.c -O3 -fomit-frame-pointer (test for excess errors)
FAIL: gcc.c-torture/compile/labels-3.c -O3 -g (test for excess errors)
FAIL: gcc.c-torture/compile/labels-3.c -Os (test for excess errors)
FAIL: gcc.c-torture/execute/20050121-1.c compilation, -O0
UNRESOLVED: gcc.c-torture/execute/20050121-1.c execution, -O0
FAIL: gcc.c-torture/execute/pr23324.c compilation, -O0
UNRESOLVED: gcc.c-torture/execute/pr23324.c execution, -O0
FAIL: gcc.dg/compat/scalar-return-4 c_compat_y_tst.o compile
UNRESOLVED: gcc.dg/compat/scalar-return-4 c_compat_x_tst.o-c_compat_y_tst.o link
UNRESOLVED: gcc.dg/compat/scalar-return-4 c_compat_x_tst.o-c_compat_y_tst.o execute
FAIL: tmpdir-gcc.dg-struct-layout-1/t001 c_compat_x_tst.o-c_compat_y_tst.o execute
FAIL: tmpdir-gcc.dg-struct-layout-1/t002 c_compat_x_tst.o-c_compat_y_tst.o execute
FAIL: tmpdir-gcc.dg-struct-layout-1/t003 c_compat_x_tst.o-c_compat_y_tst.o execute
FAIL: tmpdir-gcc.dg-struct-layout-1/t004 c_compat_x_tst.o-c_compat_y_tst.o execute
FAIL: tmpdir-gcc.dg-struct-layout-1/t005 c_compat_x_tst.o-c_compat_y_tst.o execute
FAIL: tmpdir-gcc.dg-struct-layout-1/t006 c_compat_x_tst.o-c_compat_y_tst.o execute
FAIL: tmpdir-gcc.dg-struct-layout-1/t007 c_compat_x_tst.o-c_compat_y_tst.o execute
FAIL: tmpdir-gcc.dg-struct-layout-1/t008 c_compat_x_tst.o-c_compat_y_tst.o execute
FAIL: tmpdir-gcc.dg-struct-layout-1/t009 c_compat_x_tst.o-c_compat_y_tst.o execute
FAIL: tmpdir-gcc.dg-struct-layout-1/t010 c_compat_x_tst.o-c_compat_y_tst.o execute
FAIL: tmpdir-gcc.dg-struct-layout-1/t011 c_compat_x_tst.o-c_compat_y_tst.o execute
FAIL: tmpdir-gcc.dg-struct-layout-1/t012 c_compat_x_tst.o-c_compat_y_tst.o execute
FAIL: tmpdir-gcc.dg-struct-layout-1/t013 c_compat_x_tst.o-c_compat_y_tst.o execute
FAIL: tmpdir-gcc.dg-struct-layout-1/t014 c_compat_x_tst.o-c_compat_y_tst.o execute
FAIL: tmpdir-gcc.dg-struct-layout-1/t015 c_compat_x_tst.o-c_compat_y_tst.o execute
FAIL: tmpdir-gcc.dg-struct-layout-1/t017 c_compat_x_tst.o-c_compat_y_tst.o execute
FAIL: tmpdir-gcc.dg-struct-layout-1/t018 c_compat_x_tst.o-c_compat_y_tst.o execute
FAIL: tmpdir-gcc.dg-struct-layout-1/t024 c_compat_x_tst.o-c_compat_y_tst.o execute
FAIL: tmpdir-gcc.dg-struct-layout-1/t025 c_compat_x_tst.o-c_compat_y_tst.o execute
FAIL: tmpdir-gcc.dg-struct-layout-1/t026 c_compat_x_tst.o-c_compat_y_tst.o execute
FAIL: tmpdir-gcc.dg-struct-layout-1/t027 c_compat_x_tst.o-c_compat_y_tst.o execute
FAIL: tmpdir-gcc.dg-struct-layout-1/t028 c_compat_x_tst.o-c_compat_y_tst.o execute
FAIL: gcc.dg/cpp/Wmissingdirs.c -Wmissing-include-dirs (test for warnings, line )
FAIL: gcc.dg/cpp/Wmissingdirs.c (test for excess errors)
XPASS: gcc.dg/cpp/cmdlne-dI-M.c scan-file (^|\\\\n)cmdlne-dI-M.*:[^\\\\n]*cmdlne-dI-M.c
XPASS: gcc.dg/cpp/cmdlne-dM-M.c scan-file (^|\\\\n)cmdlne-dM-M[^\\\\n]*:[^\\\\n]*cmdlne-dM-M.c
FAIL: gcc.dg/array-quals-1.c scan-assembler-not \\\\.data(?!\\\\.rel\\\\.ro)
FAIL: gcc.dg/attr-weakref-1.c (test for excess errors)
WARNING: gcc.dg/attr-weakref-1.c compilation failed to produce executable
FAIL: gcc.dg/intmax_t-1.c (test for excess errors)
FAIL: gcc.dg/pr17957.c (test for excess errors)
FAIL: gcc.dg/single-precision-constant.c (test for excess errors)
WARNING: gcc.dg/single-precision-constant.c compilation failed to produce executable
FAIL: gcc.dg/ucnid-2.c (test for excess errors)
WARNING: gcc.dg/ucnid-2.c compilation failed to produce executable
FAIL: gcc.dg/ucnid-3.c (test for excess errors)
WARNING: gcc.dg/ucnid-3.c compilation failed to produce executable
FAIL: gcc.dg/ucnid-4.c (test for excess errors)
WARNING: gcc.dg/ucnid-4.c compilation failed to produce executable
FAIL: largefile.c -O0 -g (test for excess errors)
FAIL: largefile.c -O0 (test for excess errors)
FAIL: largefile.c -O1 (test for excess errors)
FAIL: largefile.c -O2 (test for excess errors)
FAIL: largefile.c -O3 -fomit-frame-pointer (test for excess errors)
FAIL: largefile.c -O3 -g (test for excess errors)
FAIL: largefile.c -Os (test for excess errors)
FAIL: gcc.dg/torture/fp-int-convert-timode.c -O0 execution test
FAIL: gcc.dg/torture/fp-int-convert-timode.c -O1 execution test
FAIL: gcc.dg/torture/fp-int-convert-timode.c -O2 execution test
FAIL: gcc.dg/torture/fp-int-convert-timode.c -O3 -fomit-frame-pointer execution test
FAIL: gcc.dg/torture/fp-int-convert-timode.c -O3 -g execution test
FAIL: gcc.dg/torture/fp-int-convert-timode.c -Os execution test
XPASS: gcc.dg/vect/vect-reduc-1char.c scan-tree-dump-times vectorized 3 loops 1
XPASS: gcc.dg/vect/vect-reduc-1short.c scan-tree-dump-times vectorized 3 loops 1
XPASS: gcc.dg/vect/wrapv-vect-reduc-2char.c scan-tree-dump-times vectorized 3 loops 1
XPASS: gcc.dg/vect/wrapv-vect-reduc-2short.c scan-tree-dump-times vectorized 3 loops 1
=== gcc Summary ===
# of expected passes 38246
# of unexpected failures 60
# of unexpected successes 6
# of expected failures 105
# of unresolved testcases 4
# of untested testcases 35
# of unsupported tests 539
/opt/build/eric/gcc/gcc/xgcc version 4.2.0 20060528 (experimental)
=== obj-c++ tests ===
Running target unix
FAIL: obj-c++.dg/bitfield-1.mm (test for excess errors)
FAIL: obj-c++.dg/bitfield-4.mm (test for excess errors)
FAIL: obj-c++.dg/cxx-ivars-2.mm execution test
FAIL: obj-c++.dg/dwarf-2.mm (test for excess errors)
ERROR: obj-c++.dg/dwarf-2.mm: error executing dg-final: couldn't open "dwarf-2.s": no such file or directory
UNRESOLVED: obj-c++.dg/dwarf-2.mm: error executing dg-final: couldn't open "dwarf-2.s": no such file or directory
FAIL: obj-c++.dg/encode-3.mm (test for excess errors)
FAIL: obj-c++.dg/encode-3.mm execution test
FAIL: obj-c++.dg/encode-8.mm execution test
FAIL: obj-c++.dg/isa-field-1.mm (test for excess errors)
FAIL: obj-c++.dg/layout-1.mm (test for excess errors)
FAIL: obj-c++.dg/lookup-2.mm (test for excess errors)
WARNING: obj-c++.dg/lookup-2.mm compilation failed to produce executable
FAIL: obj-c++.dg/try-catch-2.mm (test for excess errors)
WARNING: obj-c++.dg/try-catch-2.mm compilation failed to produce executable
FAIL: obj-c++.dg/try-catch-9.mm (test for excess errors)
WARNING: obj-c++.dg/try-catch-9.mm compilation failed to produce executable
=== obj-c++ Summary ===
# of expected passes 420
# of unexpected failures 12
# of unresolved testcases 1
# of unsupported tests 13
/opt/build/eric/gcc/gcc/testsuite/obj-c++/../../g++ version 4.2.0 20060528 (experimental)
=== objc tests ===
Running target unix
FAIL: objc.dg/dwarf-1.m (test for excess errors)
ERROR: objc.dg/dwarf-1.m: error executing dg-final: couldn't open "dwarf-1.s": no such file or directory
UNRESOLVED: objc.dg/dwarf-1.m: error executing dg-final: couldn't open "dwarf-1.s": no such file or directory
FAIL: objc.dg/dwarf-2.m (test for excess errors)
ERROR: objc.dg/dwarf-2.m: error executing dg-final: couldn't open "dwarf-2.s": no such file or directory
UNRESOLVED: objc.dg/dwarf-2.m: error executing dg-final: couldn't open "dwarf-2.s": no such file or directory
=== objc Summary ===
# of expected passes 1746
# of unexpected failures 2
# of expected failures 7
# of unresolved testcases 2
# of unsupported tests 26
/opt/build/eric/gcc/gcc/xgcc version 4.2.0 20060528 (experimental)
Compiler version: 4.2.0 20060528 (experimental)
Platform: alpha-dec-osf5.1
configure flags: alpha-dec-osf5.1 --prefix=/opt/build/eric/local/gcc --with-local-prefix=/opt/build/eric/local --enable-checking=assert,misc,runtime --enable-languages=c,c++,objc,obj-c++
BOOT_CFLAGS=-g -O2