This is the mail archive of the
gcc-testresults@gcc.gnu.org
mailing list for the GCC project.
Results for 4.1.1 testsuite on sparc-sun-solaris2.10
- From: ebotcazou at libertysurf dot fr (Eric Botcazou)
- To: gcc-testresults at gcc dot gnu dot org
- Date: Sat, 27 May 2006 17:31:05 +0200
- Subject: Results for 4.1.1 testsuite on sparc-sun-solaris2.10
LAST_UPDATED: Thu May 25 13:25:16 UTC 2006 (revision 114106M)
=== acats tests ===
=== acats Summary ===
# of expected passes 2317
# of unexpected failures 0
Native configuration is sparc-sun-solaris2.10
=== g++ tests ===
Running target unix
WARNING: g++.dg/other/ucnid-1.C compilation failed to produce executable
XPASS: g++.dg/tree-ssa/pr14814.C scan-tree-dump-times &this 0
=== g++ Summary for unix ===
# of expected passes 11953
# of unexpected successes 1
# of expected failures 68
# of unsupported tests 133
Running target unix/-m64
WARNING: g++.dg/other/ucnid-1.C compilation failed to produce executable
XPASS: g++.dg/tree-ssa/pr14814.C scan-tree-dump-times &this 0
=== g++ Summary for unix/-m64 ===
# of expected passes 11921
# of unexpected successes 1
# of expected failures 68
# of unsupported tests 135
=== g++ Summary ===
# of expected passes 23874
# of unexpected successes 2
# of expected failures 136
# of unsupported tests 268
/opt/build/eric/gcc-4_1-branch/gcc/testsuite/g++/../../g++ version 4.1.1
=== gcc tests ===
Running target unix
WARNING: gcc.dg/ucnid-2.c compilation failed to produce executable
WARNING: gcc.dg/ucnid-3.c compilation failed to produce executable
WARNING: gcc.dg/ucnid-4.c compilation failed to produce executable
XPASS: gcc.dg/vect/pr20122.c scan-tree-dump-times vectorized 1 loops 2
XPASS: gcc.dg/vect/vect-105.c scan-tree-dump-times vectorized 1 loops 1
XPASS: gcc.dg/vect/vect-75.c scan-tree-dump-times vectorized 1 loops 1
=== gcc Summary for unix ===
# of expected passes 37508
# of unexpected successes 3
# of expected failures 111
# of untested testcases 28
# of unsupported tests 380
Running target unix/-m64
WARNING: gcc.dg/ucnid-2.c compilation failed to produce executable
WARNING: gcc.dg/ucnid-3.c compilation failed to produce executable
WARNING: gcc.dg/ucnid-4.c compilation failed to produce executable
XPASS: gcc.dg/vect/pr20122.c scan-tree-dump-times vectorized 1 loops 2
XPASS: gcc.dg/vect/vect-105.c scan-tree-dump-times vectorized 1 loops 1
XPASS: gcc.dg/vect/vect-75.c scan-tree-dump-times vectorized 1 loops 1
=== gcc Summary for unix/-m64 ===
# of expected passes 37502
# of unexpected successes 3
# of expected failures 111
# of untested testcases 28
# of unsupported tests 383
=== gcc Summary ===
# of expected passes 75010
# of unexpected successes 6
# of expected failures 222
# of untested testcases 56
# of unsupported tests 763
/opt/build/eric/gcc-4_1-branch/gcc/xgcc version 4.1.1
=== gfortran tests ===
Running target unix
FAIL: gfortran.dg/transfer_array_intrinsic_2.f90 -O0 execution test
FAIL: gfortran.dg/transfer_array_intrinsic_2.f90 -O1 execution test
FAIL: gfortran.dg/transfer_array_intrinsic_2.f90 -O2 execution test
FAIL: gfortran.dg/transfer_array_intrinsic_2.f90 -O3 -fomit-frame-pointer execution test
FAIL: gfortran.dg/transfer_array_intrinsic_2.f90 -O3 -fomit-frame-pointer -funroll-loops execution test
FAIL: gfortran.dg/transfer_array_intrinsic_2.f90 -O3 -fomit-frame-pointer -funroll-all-loops -finline-functions execution test
FAIL: gfortran.dg/transfer_array_intrinsic_2.f90 -O3 -g execution test
=== gfortran Summary for unix ===
# of expected passes 12440
# of unexpected failures 7
# of expected failures 6
# of unsupported tests 47
Running target unix/-m64
FAIL: gfortran.dg/transfer_array_intrinsic_2.f90 -O0 execution test
FAIL: gfortran.dg/transfer_array_intrinsic_2.f90 -O1 execution test
FAIL: gfortran.dg/transfer_array_intrinsic_2.f90 -O2 execution test
FAIL: gfortran.dg/transfer_array_intrinsic_2.f90 -O3 -fomit-frame-pointer execution test
FAIL: gfortran.dg/transfer_array_intrinsic_2.f90 -O3 -fomit-frame-pointer -funroll-loops execution test
FAIL: gfortran.dg/transfer_array_intrinsic_2.f90 -O3 -fomit-frame-pointer -funroll-all-loops -finline-functions execution test
FAIL: gfortran.dg/transfer_array_intrinsic_2.f90 -O3 -g execution test
FAIL: gfortran.dg/transfer_array_intrinsic_2.f90 -Os execution test
=== gfortran Summary for unix/-m64 ===
# of expected passes 12469
# of unexpected failures 8
# of expected failures 7
# of unsupported tests 31
=== gfortran Summary ===
# of expected passes 24909
# of unexpected failures 15
# of expected failures 13
# of unsupported tests 78
/opt/build/eric/gcc-4_1-branch/gcc/testsuite/gfortran/../../gfortran version 4.1.1
=== obj-c++ tests ===
Running target unix
FAIL: obj-c++.dg/cxx-ivars-2.mm execution test
FAIL: obj-c++.dg/encode-8.mm execution test
FAIL: obj-c++.dg/isa-field-1.mm (test for excess errors)
FAIL: obj-c++.dg/lookup-2.mm (test for excess errors)
WARNING: obj-c++.dg/lookup-2.mm compilation failed to produce executable
FAIL: obj-c++.dg/try-catch-2.mm (test for excess errors)
WARNING: obj-c++.dg/try-catch-2.mm compilation failed to produce executable
FAIL: obj-c++.dg/try-catch-9.mm (test for excess errors)
WARNING: obj-c++.dg/try-catch-9.mm compilation failed to produce executable
=== obj-c++ Summary for unix ===
# of expected passes 423
# of unexpected failures 6
# of unsupported tests 13
Running target unix/-m64
FAIL: obj-c++.dg/bitfield-1.mm (test for excess errors)
FAIL: obj-c++.dg/bitfield-4.mm (test for excess errors)
FAIL: obj-c++.dg/cxx-ivars-2.mm execution test
FAIL: obj-c++.dg/encode-3.mm execution test
FAIL: obj-c++.dg/encode-8.mm execution test
FAIL: obj-c++.dg/isa-field-1.mm (test for excess errors)
FAIL: obj-c++.dg/layout-1.mm (test for excess errors)
FAIL: obj-c++.dg/lookup-2.mm (test for excess errors)
WARNING: obj-c++.dg/lookup-2.mm compilation failed to produce executable
FAIL: obj-c++.dg/try-catch-2.mm (test for excess errors)
WARNING: obj-c++.dg/try-catch-2.mm compilation failed to produce executable
FAIL: obj-c++.dg/try-catch-9.mm (test for excess errors)
WARNING: obj-c++.dg/try-catch-9.mm compilation failed to produce executable
=== obj-c++ Summary for unix/-m64 ===
# of expected passes 419
# of unexpected failures 10
# of unsupported tests 13
=== obj-c++ Summary ===
# of expected passes 842
# of unexpected failures 16
# of unsupported tests 26
/opt/build/eric/gcc-4_1-branch/gcc/testsuite/obj-c++/../../g++ version 4.1.1
=== objc tests ===
Running target unix
=== objc Summary for unix ===
# of expected passes 1686
# of unsupported tests 22
Running target unix/-m64
=== objc Summary for unix/-m64 ===
# of expected passes 1686
# of unsupported tests 22
=== objc Summary ===
# of expected passes 3372
# of unsupported tests 44
/opt/build/eric/gcc-4_1-branch/gcc/xgcc version 4.1.1
=== libffi tests ===
Running target unix
=== libffi Summary for unix ===
# of expected passes 228
# of unsupported tests 2
Running target unix/-m64
=== libffi Summary for unix/-m64 ===
# of expected passes 228
# of unsupported tests 2
=== libffi Summary ===
# of expected passes 456
# of unsupported tests 4
=== libjava tests ===
Running target unix
FAIL: Array_3 execution - gij test
FAIL: Array_3 execution - gij test
FAIL: Class_1 execution - source compiled test
FAIL: Class_1 execution - bytecode->native test
FAIL: Class_1 -O3 execution - source compiled test
FAIL: Class_1 -O3 execution - bytecode->native test
FAIL: ExtraClassLoader output - source compiled test
FAIL: ExtraClassLoader output - gij test
FAIL: ExtraClassLoader output - bytecode->native test
FAIL: ExtraClassLoader -O3 output - source compiled test
FAIL: ExtraClassLoader output - gij test
FAIL: ExtraClassLoader -O3 output - bytecode->native test
FAIL: FileHandleGcTest execution - source compiled test
FAIL: FileHandleGcTest execution - gij test
FAIL: FileHandleGcTest execution - bytecode->native test
FAIL: FileHandleGcTest -O3 execution - source compiled test
FAIL: FileHandleGcTest execution - gij test
FAIL: FileHandleGcTest -O3 execution - bytecode->native test
FAIL: InvokeInterface execution - bytecode->native test
FAIL: InvokeInterface -O3 execution - bytecode->native test
FAIL: PR12416 execution - bytecode->native test
FAIL: PR12416 -O3 execution - bytecode->native test
FAIL: PR260 execution - bytecode->native test
FAIL: PR260 -O3 execution - bytecode->native test
FAIL: SyncTest execution - bytecode->native test
FAIL: SyncTest -O3 execution - bytecode->native test
FAIL: invokethrow execution - bytecode->native test
FAIL: invokethrow -O3 execution - bytecode->native test
FAIL: pr179 execution - bytecode->native test
FAIL: pr179 -O3 execution - bytecode->native test
FAIL: pr8415 execution - bytecode->native test
FAIL: pr8415 -O3 execution - bytecode->native test
FAIL: stringconst2 output - source compiled test
FAIL: stringconst2 output - bytecode->native test
FAIL: stringconst2 -O3 output - source compiled test
FAIL: stringconst2 -O3 output - bytecode->native test
FAIL: pr21115 run
=== libjava Summary for unix ===
# of expected passes 3990
# of unexpected failures 37
# of expected failures 10
# of untested testcases 35
Running target unix/-m64
FAIL: Array_3 execution - gij test
FAIL: Array_3 execution - gij test
FAIL: Class_1 execution - source compiled test
FAIL: Class_1 execution - bytecode->native test
FAIL: Class_1 -O3 execution - source compiled test
FAIL: Class_1 -O3 execution - bytecode->native test
FAIL: ExtraClassLoader output - source compiled test
FAIL: ExtraClassLoader output - gij test
FAIL: ExtraClassLoader output - bytecode->native test
FAIL: ExtraClassLoader -O3 output - source compiled test
FAIL: ExtraClassLoader output - gij test
FAIL: ExtraClassLoader -O3 output - bytecode->native test
FAIL: FileHandleGcTest execution - source compiled test
FAIL: FileHandleGcTest execution - gij test
FAIL: FileHandleGcTest execution - bytecode->native test
FAIL: FileHandleGcTest -O3 execution - source compiled test
FAIL: FileHandleGcTest execution - gij test
FAIL: FileHandleGcTest -O3 execution - bytecode->native test
FAIL: InvokeInterface execution - bytecode->native test
FAIL: InvokeInterface -O3 execution - bytecode->native test
FAIL: PR12416 execution - bytecode->native test
FAIL: PR12416 -O3 execution - bytecode->native test
FAIL: PR260 execution - bytecode->native test
FAIL: PR260 -O3 execution - bytecode->native test
FAIL: SyncTest execution - bytecode->native test
FAIL: SyncTest -O3 execution - bytecode->native test
FAIL: Throw_2 execution - gij test
FAIL: Throw_2 execution - gij test
FAIL: invokethrow execution - bytecode->native test
FAIL: invokethrow -O3 execution - bytecode->native test
FAIL: pr179 execution - bytecode->native test
FAIL: pr179 -O3 execution - bytecode->native test
FAIL: pr8415 execution - bytecode->native test
FAIL: pr8415 -O3 execution - bytecode->native test
FAIL: stringconst2 output - source compiled test
FAIL: stringconst2 output - bytecode->native test
FAIL: stringconst2 -O3 output - source compiled test
FAIL: stringconst2 -O3 output - bytecode->native test
FAIL: pr21115 run
=== libjava Summary for unix/-m64 ===
# of expected passes 3986
# of unexpected failures 39
# of expected failures 10
# of untested testcases 37
=== libjava Summary ===
# of expected passes 7976
# of unexpected failures 76
# of expected failures 20
# of untested testcases 72
=== libstdc++ tests ===
Running target unix
XPASS: 27_io/basic_istream/extractors_arithmetic/char/12.cc execution test
XPASS: 27_io/basic_istream/extractors_arithmetic/wchar_t/12.cc execution test
=== libstdc++ Summary for unix ===
# of expected passes 3398
# of unexpected successes 2
# of expected failures 12
# of unsupported tests 321
Running target unix/-m64
XPASS: 27_io/basic_istream/extractors_arithmetic/char/12.cc execution test
XPASS: 27_io/basic_istream/extractors_arithmetic/wchar_t/12.cc execution test
XPASS: 27_io/fpos/14320-1.cc execution test
=== libstdc++ Summary for unix/-m64 ===
# of expected passes 3398
# of unexpected successes 3
# of expected failures 11
# of unsupported tests 321
=== libstdc++ Summary ===
# of expected passes 6796
# of unexpected successes 5
# of expected failures 23
# of unsupported tests 642
Compiler version: 4.1.1
Platform: sparc-sun-solaris2.10
configure flags: --prefix=/opt/build/eric/local --with-as=/usr/ccs/bin/as --with-ld=/usr/ccs/bin/ld --with-gmp=/opt/build/eric/local --with-mpfr=/opt/build/eric/local --with-local-prefix=/opt/build/eric/local --enable-languages=c,ada,c++,fortran,java,objc,obj-c++
BOOT_CFLAGS=-g -O2