This is the mail archive of the
gcc-testresults@gcc.gnu.org
mailing list for the GCC project.
Results for 4.1.1 20060517 (prerelease) objc testsuite on i386-apple-darwin7.2.1
- From: Lars Sonchocky-Helldorf <lars dot sonchocky-helldorf at hamburg dot de>
- To: gcc-testresults at gcc dot gnu dot org
- Date: Wed, 24 May 2006 01:22:43 +0200
- Subject: Results for 4.1.1 20060517 (prerelease) objc testsuite on i386-apple-darwin7.2.1
tests for objc rerun for libobjc-gnu.dylib:
make check-objc RUNTESTFLAGS="--target_board=unix/-fgnu-runtime"
see also:
http://gcc.gnu.org/ml/gcc-testresults/2006-05/msg01295.html
This has been build with odcctools-20060413
LAST_UPDATED: Obtained from SVN: branches/gcc-4_1-branch revision 113871
Native configuration is i386-apple-darwin7.2.1
=== objc tests ===
Running target unix/-fgnu-runtime
FAIL: objc.dg/bitfield-2.m execution test
FAIL: objc.dg/const-str-10.m (test for excess errors)
ERROR: objc.dg/const-str-10.m: error executing dg-final: couldn't
open "const-str-10.s": no such file or directory
UNRESOLVED: objc.dg/const-str-10.m: error executing dg-final:
couldn't open "const-str-10.s": no such file or directory
FAIL: objc.dg/const-str-11.m scan-assembler .long\
\t__XStrClassReference\\n\\t.long\\t.*\\n\\t.long\\t5\\n\\t.data
FAIL: objc.dg/const-str-3.m (test for excess errors)
WARNING: objc.dg/const-str-3.m compilation failed to produce executable
FAIL: objc.dg/const-str-9.m (test for excess errors)
ERROR: objc.dg/const-str-9.m: error executing dg-final: couldn't open
"const-str-9.s": no such file or directory
UNRESOLVED: objc.dg/const-str-9.m: error executing dg-final: couldn't
open "const-str-9.s": no such file or directory
FAIL: objc.dg/encode-1.m execution test
FAIL: objc.dg/image-info.m (test for excess errors)
ERROR: objc.dg/image-info.m: error executing dg-final: couldn't open
"image-info.s": no such file or directory
UNRESOLVED: objc.dg/image-info.m: error executing dg-final: couldn't
open "image-info.s": no such file or directory
FAIL: objc.dg/isa-field-1.m (test for excess errors)
FAIL: objc.dg/lookup-1.m (test for excess errors)
FAIL: objc.dg/method-4.m scan-assembler _OBJC_CLASS_REFERENCES_0
FAIL: objc.dg/next-runtime-1.m scan-assembler L_OBJC_MODULES:\\n[ \\t]
*.long\\t6\\n
FAIL: objc.dg/no-extra-load.m (test for excess errors)
ERROR: objc.dg/no-extra-load.m: error executing dg-final: couldn't
open "no-extra-load.s": no such file or directory
UNRESOLVED: objc.dg/no-extra-load.m: error executing dg-final:
couldn't open "no-extra-load.s": no such file or directory
FAIL: objc.dg/objc-gc-4.m (test for excess errors)
FAIL: objc.dg/selector-1.m (test for warnings, line 22)
FAIL: objc.dg/selector-1.m (test for excess errors)
FAIL: objc.dg/stret-2.m scan-assembler objc_msgSend_stret
FAIL: objc.dg/stret-2.m scan-assembler objc_msgSendSuper_stret
FAIL: objc.dg/stubify-1.m (test for excess errors)
ERROR: objc.dg/stubify-1.m: error executing dg-final: couldn't open
"stubify-1.s": no such file or directory
UNRESOLVED: objc.dg/stubify-1.m: error executing dg-final: couldn't
open "stubify-1.s": no such file or directory
FAIL: objc.dg/stubify-2.m (test for excess errors)
ERROR: objc.dg/stubify-2.m: error executing dg-final: couldn't open
"stubify-2.m.08.jump": no such file or directory
UNRESOLVED: objc.dg/stubify-2.m: error executing dg-final: couldn't
open "stubify-2.m.08.jump": no such file or directory
FAIL: objc.dg/symtab-1.m scan-assembler L_OBJC_SYMBOLS.*:\\n\\t.long\
\t0\\n\\t.long\\t0\\n\\t.short\\t2\\n\\t.short\\t0\\n\\t.long\
\tL_OBJC_CLASS_Derived.*\\n\\t.long\\tL_OBJC_CLASS_Base.*\\n
FAIL: objc.dg/zero-link-1.m scan-assembler objc_getClass
FAIL: objc.dg/zero-link-2.m scan-assembler _OBJC_CLASS_REFERENCES_0
=== objc Summary ===
# of expected passes 2868
# of unexpected failures 22
# of unresolved testcases 6
# of unsupported tests 2
/Volumes/Data/Users/lars/GCC/FSF/gcc-4.1.1-20060517-build/gcc/xgcc
version 4.1.1 20060517 (prerelease)
Compiler version: 4.1.1 20060517 (prerelease) objc
Platform: i386-apple-darwin7.2.1
configure flags: --prefix=/tmp/gcc --enable-languages=c,c++,java,objc