This is the mail archive of the
gcc-testresults@gcc.gnu.org
mailing list for the GCC project.
Results for 4.0.4 20060511 (prerelease) gcc testsuite on mips-unknown-elf
- From: mstein at phenix dot rootshell dot be (mstein)
- To: gcc-testresults at gcc dot gnu dot org
- Date: Sat, 13 May 2006 07:02:09 +0200 (CEST)
- Subject: Results for 4.0.4 20060511 (prerelease) gcc testsuite on mips-unknown-elf
Ubuntu 5 on pentium3-smp
cross tool versions:
GNU assembler 2.16.91 20060415
GNU gdb 6.4.50.20060415-cvs
GNU ld version 2.16.91 20060415
GNU Make 3.80
expect version 5.42.1
host gcc version: gcc (GCC) 4.2.0 20060510 (experimental)
LAST_UPDATED: Thu May 11 23:27:54 UTC 2006 (revision 113715)
Target is mips-unknown-elf
Host is i686-pc-linux-gnu
=== gcc tests ===
Running target mips-sim
FAIL: gcc.dg/fold-cond-1.c scan-tree-dump-times \\(g \\| h\\) != 0 1
FAIL: gcc.dg/intmax_t-1.c (test for errors, line )
XPASS: gcc.dg/tree-ssa/20040204-1.c scan-tree-dump-times link_error 0
=== gcc Summary ===
# of expected passes 34572
# of unexpected failures 2
# of unexpected successes 1
# of expected failures 67
# of untested testcases 28
# of unsupported tests 487
/home/mstein/sim/mips-elf/build/gcc/xgcc version 4.0.4 20060511 (prerelease)
Compiler version: 4.0.4 20060511 (prerelease) gcc
Platform: mips-unknown-elf
configure flags: --target=mips-elf --prefix=/n/07/mstein/cross-local --disable-nls --disable-build-warnings --with-ld=/n/07/mstein/cross-local/bin/mips-elf-ld --with-as=/n/07/mstein/cross-local/bin/mips-elf-as --enable-languages=c