This is the mail archive of the
gcc-testresults@gcc.gnu.org
mailing list for the GCC project.
Results for 4.2.0 20060511 (experimental) testsuite on powerpc64-suse-linux-gnu
- From: Andreas Schwab <schwab at suse dot de>
- To: gcc-testresults at gcc dot gnu dot org
- Date: Thu, 11 May 2006 20:33:44 +0200
- Subject: Results for 4.2.0 20060511 (experimental) testsuite on powerpc64-suse-linux-gnu
LAST_UPDATED: Thu May 11 08:50:38 UTC 2006 (revision 113691M)
=== acats tests ===
FAIL: a26007a
FAIL: ad8011a
FAIL: c23003a
FAIL: c23003b
FAIL: c23003g
FAIL: c23003i
FAIL: c35502d
FAIL: c35502f
FAIL: c35503d
FAIL: c35503f
FAIL: c35507m
FAIL: c45231d
FAIL: c4a007a
FAIL: c87b62d
FAIL: c96005b
FAIL: cc1225a
FAIL: cd10001
FAIL: cd1009k
FAIL: cd1009t
FAIL: cd1009u
FAIL: cd1c03e
FAIL: cd1c06a
FAIL: cd2a23e
FAIL: cd2a83c
FAIL: cd2a91c
FAIL: cd2c11a
FAIL: cd2c11d
FAIL: cd30001
FAIL: cd4041a
FAIL: cd5003a
FAIL: cd5003b
FAIL: cd5003c
FAIL: cd5003d
FAIL: cd5003e
FAIL: cd5003f
FAIL: cd5003g
FAIL: cd5003h
FAIL: cd5003i
FAIL: cd5011a
FAIL: cd5011c
FAIL: cd5011e
FAIL: cd5011g
FAIL: cd5011i
FAIL: cd5011k
FAIL: cd5011m
FAIL: cd5011q
FAIL: cd5011s
FAIL: cd5012a
FAIL: cd5012b
FAIL: cd5012e
FAIL: cd5012f
FAIL: cd5012i
FAIL: cd5012m
FAIL: cd5013a
FAIL: cd5013c
FAIL: cd5013e
FAIL: cd5013g
FAIL: cd5013i
FAIL: cd5013k
FAIL: cd5013m
FAIL: cd5013o
FAIL: cd5014a
FAIL: cd5014c
FAIL: cd5014e
FAIL: cd5014g
FAIL: cd5014i
FAIL: cd5014k
FAIL: cd5014m
FAIL: cd5014o
FAIL: cd5014t
FAIL: cd5014v
FAIL: cd5014x
FAIL: cd5014y
FAIL: cd5014z
FAIL: cd7101g
FAIL: ce2102c
FAIL: ce2102h
FAIL: ce2103a
FAIL: ce2103b
FAIL: ce2203a
FAIL: ce2403a
FAIL: ce3002b
FAIL: ce3002c
FAIL: ce3102b
FAIL: ce3107a
FAIL: ce3304a
FAIL: cxh1001
=== acats Summary ===
# of expected passes 2230
# of unexpected failures 87
Native configuration is powerpc64-suse-linux-gnu
=== g++ tests ===
Running target unix/-m64
FAIL: g++.old-deja/g++.other/static14.C (test for excess errors)
FAIL: g++.old-deja/g++.other/static20.C (test for excess errors)
=== g++ Summary for unix/-m64 ===
# of expected passes 12500
# of unexpected failures 2
# of expected failures 67
# of unsupported tests 108
Running target unix
FAIL: g++.old-deja/g++.law/profile1.C execution test
FAIL: g++.old-deja/g++.other/static14.C (test for excess errors)
FAIL: g++.old-deja/g++.other/static20.C (test for excess errors)
=== g++ Summary for unix ===
# of expected passes 12559
# of unexpected failures 3
# of expected failures 67
# of unsupported tests 94
=== g++ Summary ===
# of expected passes 25059
# of unexpected failures 5
# of expected failures 134
# of unsupported tests 202
/tmp/cvs/gcc-20060511/Build/gcc/testsuite/g++/../../g++ version 4.2.0 20060511 (experimental)
=== gcc tests ===
Running target unix/-m64
FAIL: gcc.dg/debug/dwarf2/dwarf-die2.c scan-assembler-not CIE Version
FAIL: gcc.dg/attr-alwaysinline.c scan-assembler-not sabrina
FAIL: gcc.dg/torture/nested-fn-1.c -O0 scan-assembler-not should_not_appear
XPASS: gcc.dg/tree-ssa/sra-2.c scan-tree-dump-times link_error 0
FAIL: gcc.dg/tree-ssa/ssa-fre-4.c scan-tree-dump Replaced \\(int\\) f_.*with D
=== gcc Summary for unix/-m64 ===
# of expected passes 40165
# of unexpected failures 4
# of unexpected successes 1
# of expected failures 111
# of untested testcases 28
# of unsupported tests 441
Running target unix
FAIL: gcc.dg/debug/dwarf2/dwarf-die2.c scan-assembler-not CIE Version
FAIL: gcc.dg/20020103-1.c scan-assembler-not LC[0-9]
FAIL: gcc.dg/attr-alwaysinline.c scan-assembler-not sabrina
WARNING: program timed out.
FAIL: gcc.dg/nest.c execution test
WARNING: program timed out.
FAIL: gcc.dg/nested-func-4.c execution test
FAIL: gcc.dg/torture/nested-fn-1.c -O0 scan-assembler-not should_not_appear
FAIL: gcc.dg/tree-ssa/ssa-fre-4.c scan-tree-dump Replaced \\(int\\) f_.*with D
FAIL: gcc.target/powerpc/doloop-1.c scan-assembler bdnz
=== gcc Summary for unix ===
# of expected passes 40339
# of unexpected failures 8
# of expected failures 110
# of untested testcases 28
# of unsupported tests 362
=== gcc Summary ===
# of expected passes 80504
# of unexpected failures 12
# of unexpected successes 1
# of expected failures 221
# of untested testcases 56
# of unsupported tests 803
/tmp/cvs/gcc-20060511/Build/gcc/xgcc version 4.2.0 20060511 (experimental)
=== gfortran tests ===
Running target unix/-m64
XPASS: gfortran.dg/csqrt_2.f -O0 execution test
XPASS: gfortran.dg/csqrt_2.f -O1 execution test
XPASS: gfortran.dg/csqrt_2.f -O2 execution test
XPASS: gfortran.dg/csqrt_2.f -O3 -fomit-frame-pointer execution test
XPASS: gfortran.dg/csqrt_2.f -O3 -fomit-frame-pointer -funroll-loops execution test
XPASS: gfortran.dg/csqrt_2.f -O3 -fomit-frame-pointer -funroll-all-loops -finline-functions execution test
XPASS: gfortran.dg/csqrt_2.f -O3 -g execution test
XPASS: gfortran.dg/csqrt_2.f -Os execution test
=== gfortran Summary for unix/-m64 ===
# of expected passes 12927
# of unexpected successes 8
# of expected failures 10
# of unsupported tests 66
Running target unix
XPASS: gfortran.dg/csqrt_2.f -O0 execution test
XPASS: gfortran.dg/csqrt_2.f -O1 execution test
XPASS: gfortran.dg/csqrt_2.f -O2 execution test
XPASS: gfortran.dg/csqrt_2.f -O3 -fomit-frame-pointer execution test
XPASS: gfortran.dg/csqrt_2.f -O3 -fomit-frame-pointer -funroll-loops execution test
XPASS: gfortran.dg/csqrt_2.f -O3 -fomit-frame-pointer -funroll-all-loops -finline-functions execution test
XPASS: gfortran.dg/csqrt_2.f -O3 -g execution test
XPASS: gfortran.dg/csqrt_2.f -Os execution test
=== gfortran Summary for unix ===
# of expected passes 12898
# of unexpected successes 8
# of expected failures 7
# of unsupported tests 82
=== gfortran Summary ===
# of expected passes 25825
# of unexpected successes 16
# of expected failures 17
# of unsupported tests 148
/tmp/cvs/gcc-20060511/Build/gcc/testsuite/gfortran/../../gfortran version 4.2.0 20060511 (experimental)
=== objc tests ===
Running target unix/-m64
=== objc Summary for unix/-m64 ===
# of expected passes 1754
# of expected failures 7
# of unsupported tests 24
Running target unix
=== objc Summary for unix ===
# of expected passes 1754
# of expected failures 7
# of unsupported tests 24
=== objc Summary ===
# of expected passes 3508
# of expected failures 14
# of unsupported tests 48
/tmp/cvs/gcc-20060511/Build/gcc/xgcc version 4.2.0 20060511 (experimental)
=== libffi tests ===
Running target unix/-m64
=== libffi Summary for unix/-m64 ===
# of expected passes 1072
# of unsupported tests 8
Running target unix
=== libffi Summary for unix ===
# of expected passes 1072
# of unsupported tests 8
=== libffi Summary ===
# of expected passes 2144
# of unsupported tests 16
=== libgomp tests ===
Running target unix/-m64
=== libgomp Summary for unix/-m64 ===
# of expected passes 1450
Running target unix
=== libgomp Summary for unix ===
# of expected passes 1450
=== libgomp Summary ===
# of expected passes 2900
=== libjava tests ===
Running target unix/-m64
=== libjava Summary for unix/-m64 ===
# of expected passes 6791
# of expected failures 12
# of untested testcases 8
Running target unix
=== libjava Summary for unix ===
# of expected passes 6791
# of expected failures 12
# of untested testcases 8
=== libjava Summary ===
# of expected passes 13582
# of expected failures 24
# of untested testcases 16
=== libmudflap tests ===
Running target unix/-m64
FAIL: libmudflap.c/fail27-frag.c output pattern test
FAIL: libmudflap.c/fail27-frag.c (-static) output pattern test
FAIL: libmudflap.c/fail27-frag.c (-O2) output pattern test
FAIL: libmudflap.c/fail27-frag.c (-O3) output pattern test
WARNING: program timed out.
FAIL: libmudflap.cth/pass39-frag.c (-O3) (rerun 3) execution test
FAIL: libmudflap.cth/pass39-frag.c (-O3) (rerun 3) output pattern test
WARNING: program timed out.
FAIL: libmudflap.cth/pass39-frag.c (-O3) (rerun 4) execution test
FAIL: libmudflap.cth/pass39-frag.c (-O3) (rerun 4) output pattern test
=== libmudflap Summary for unix/-m64 ===
# of expected passes 1806
# of unexpected failures 8
Running target unix
=== libmudflap Summary for unix ===
# of expected passes 1814
=== libmudflap Summary ===
# of expected passes 3620
# of unexpected failures 8
=== libstdc++ tests ===
Running target unix/-m64
FAIL: abi_check
FAIL: 25_algorithms/prev_permutation/1.cc execution test
XPASS: 26_numerics/cmath/c99_classification_macros_c.cc (test for excess errors)
XPASS: 27_io/fpos/14320-1.cc execution test
=== libstdc++ Summary for unix/-m64 ===
# of expected passes 3544
# of unexpected failures 2
# of unexpected successes 2
# of expected failures 11
# of unsupported tests 315
Running target unix
FAIL: abi_check
FAIL: 25_algorithms/prev_permutation/1.cc execution test
XPASS: 26_numerics/cmath/c99_classification_macros_c.cc (test for excess errors)
=== libstdc++ Summary for unix ===
# of expected passes 4174
# of unexpected failures 2
# of unexpected successes 1
# of expected failures 12
=== libstdc++ Summary ===
# of expected passes 7718
# of unexpected failures 4
# of unexpected successes 3
# of expected failures 23
# of unsupported tests 315
Compiler version: 4.2.0 20060511 (experimental)
Platform: powerpc64-suse-linux-gnu
configure flags: --prefix=/tmp/cvs/gcc-20060511/Build/root --host=powerpc64-suse-linux --enable-shared --enable-threads --enable-__cxa_atexit --with-system-zlib --with-cpu=default32 --enable-languages=c,ada,c++,fortran,java,objc