This is the mail archive of the
gcc-testresults@gcc.gnu.org
mailing list for the GCC project.
Results for 4.2.0 20060506 (experimental) testsuite on i686-pc-linux-gnu
- From: rask at x1-6-00-0f-9f-c6-3e-90 dot k75 dot webspeed dot dk (Rask Ingemann Lambertsen)
- To: gcc-testresults at gcc dot gnu dot org
- Date: Mon, 8 May 2006 17:27:20 +0200 (CEST)
- Subject: Results for 4.2.0 20060506 (experimental) testsuite on i686-pc-linux-gnu
Configured with: CC='/usr/bin/gcc -march=pentium2 -O1' ../../cvssrc/clean-gcc/configure --disable-nls --with-system-zlib --with-arch=pentium2
/usr/bin/gcc: gcc (GCC) 4.1.0 20060304 (Red Hat 4.1.0-3)
SVN info:
Path: ../../cvssrc/clean-gcc
URL: svn://gcc.gnu.org/svn/gcc/trunk
Repository Root: svn://gcc.gnu.org/svn/gcc
Repository UUID: 138bc75d-0d04-0410-961f-82ee72b054a4
Revision: 113376
Node Kind: directory
Schedule: normal
Last Changed Author: fxcoudert
Last Changed Rev: 113376
Last Changed Date: 2006-04-29 18:31:26 +0200 (Sat, 29 Apr 2006)
Properties Last Updated: 2006-01-23 22:26:43 +0100 (Mon, 23 Jan 2006)
LAST_UPDATED:
Native configuration is i686-pc-linux-gnu
=== g++ tests ===
Running target unix
WARNING: program timed out.
FAIL: g++.dg/eh/cleanup1.C (test for excess errors)
=== g++ Summary ===
# of expected passes 12533
# of unexpected failures 1
# of expected failures 69
# of unsupported tests 69
/mnt/sysfs/rask/cvsbuild/clean-gcc-i686/gcc/testsuite/g++/../../g++ version 4.2.0 20060506 (experimental)
=== gcc tests ===
Running target unix
FAIL: gcc.c-torture/compile/pr20539-1.c -O3 -fomit-frame-pointer (test for excess errors)
FAIL: gcc.c-torture/compile/pr20539-1.c -O3 -g (test for excess errors)
FAIL: gcc.c-torture/compile/sync-1.c -O0 (test for excess errors)
FAIL: gcc.c-torture/compile/sync-1.c -O1 (test for excess errors)
FAIL: gcc.c-torture/compile/sync-1.c -O2 (test for excess errors)
FAIL: gcc.c-torture/compile/sync-1.c -O3 -fomit-frame-pointer (test for excess errors)
FAIL: gcc.c-torture/compile/sync-1.c -O3 -g (test for excess errors)
FAIL: gcc.c-torture/compile/sync-1.c -Os (test for excess errors)
FAIL: gcc.c-torture/execute/20050121-1.c compilation, -O3 -fomit-frame-pointer
UNRESOLVED: gcc.c-torture/execute/20050121-1.c execution, -O3 -fomit-frame-pointer
FAIL: gcc.c-torture/execute/20050121-1.c compilation, -O3 -g
UNRESOLVED: gcc.c-torture/execute/20050121-1.c execution, -O3 -g
FAIL: gcc.c-torture/execute/20050316-2.c execution, -O0
FAIL: gcc.c-torture/execute/20050316-2.c execution, -O1
FAIL: gcc.c-torture/execute/20050316-2.c execution, -O2
FAIL: gcc.c-torture/execute/20050604-1.c execution, -O0
FAIL: gcc.c-torture/execute/20050604-1.c execution, -O1
FAIL: gcc.c-torture/execute/20050604-1.c execution, -O2
FAIL: gcc.c-torture/execute/20050604-1.c execution, -O3 -fomit-frame-pointer
FAIL: gcc.c-torture/execute/20050604-1.c execution, -O3 -fomit-frame-pointer -funroll-loops
FAIL: gcc.c-torture/execute/20050604-1.c execution, -O3 -fomit-frame-pointer -funroll-all-loops -finline-functions
FAIL: gcc.c-torture/execute/20050604-1.c execution, -O3 -g
FAIL: gcc.c-torture/execute/20050604-1.c execution, -Os
FAIL: gcc.c-torture/execute/930603-3.c compilation, -O3 -fomit-frame-pointer
UNRESOLVED: gcc.c-torture/execute/930603-3.c execution, -O3 -fomit-frame-pointer
FAIL: gcc.c-torture/execute/930603-3.c compilation, -O3 -g
UNRESOLVED: gcc.c-torture/execute/930603-3.c execution, -O3 -g
FAIL: gcc.c-torture/execute/arith-rand-ll.c compilation, -O3 -fomit-frame-pointer
UNRESOLVED: gcc.c-torture/execute/arith-rand-ll.c execution, -O3 -fomit-frame-pointer
FAIL: gcc.c-torture/execute/arith-rand-ll.c compilation, -O3 -g
UNRESOLVED: gcc.c-torture/execute/arith-rand-ll.c execution, -O3 -g
FAIL: gcc.c-torture/unsorted/udivmod4.c, -O3 -fomit-frame-pointer
FAIL: gcc.c-torture/unsorted/udivmod4.c, -O3 -g
FAIL: gcc.dg/compat/vector-2 c_compat_x_tst.o-c_compat_y_tst.o execute
FAIL: gcc.dg/cpp/_Pragma3.c (test for excess errors)
FAIL: gcc.dg/builtin-apply4.c execution test
FAIL: gcc.target/i386/fastcall-sseregparm.c execution test
FAIL: gcc.target/i386/sse-17.c execution test
=== gcc Summary ===
# of expected passes 39433
# of unexpected failures 32
# of expected failures 112
# of unresolved testcases 6
# of untested testcases 28
# of unsupported tests 268
/mnt/sysfs/rask/cvsbuild/clean-gcc-i686/gcc/xgcc version 4.2.0 20060506 (experimental)
=== gfortran tests ===
Running target unix
XPASS: gfortran.dg/csqrt_2.f -O0 execution test
XPASS: gfortran.dg/csqrt_2.f -O1 execution test
XPASS: gfortran.dg/csqrt_2.f -O2 execution test
XPASS: gfortran.dg/csqrt_2.f -O3 -fomit-frame-pointer execution test
XPASS: gfortran.dg/csqrt_2.f -O3 -fomit-frame-pointer -funroll-loops execution test
XPASS: gfortran.dg/csqrt_2.f -O3 -fomit-frame-pointer -funroll-all-loops -finline-functions execution test
XPASS: gfortran.dg/csqrt_2.f -O3 -g execution test
XPASS: gfortran.dg/csqrt_2.f -Os execution test
FAIL: gfortran.dg/matmul_2.f90 -O0 execution test
FAIL: gfortran.dg/matmul_2.f90 -O1 execution test
FAIL: gfortran.dg/matmul_2.f90 -O2 execution test
FAIL: gfortran.dg/matmul_2.f90 -O3 -fomit-frame-pointer execution test
FAIL: gfortran.dg/matmul_2.f90 -O3 -fomit-frame-pointer -funroll-loops execution test
FAIL: gfortran.dg/matmul_2.f90 -O3 -fomit-frame-pointer -funroll-all-loops -finline-functions execution test
FAIL: gfortran.dg/matmul_2.f90 -O3 -g execution test
FAIL: gfortran.dg/matmul_2.f90 -Os execution test
FAIL: gfortran.fortran-torture/execute/entry_3.f90 compilation, -O3 -fomit-frame-pointer
FAIL: gfortran.fortran-torture/execute/entry_3.f90 compilation, -O3 -fomit-frame-pointer -funroll-loops
FAIL: gfortran.fortran-torture/execute/entry_3.f90 compilation, -O3 -fomit-frame-pointer -funroll-all-loops -finline-functions
FAIL: gfortran.fortran-torture/execute/entry_3.f90 compilation, -O3 -g
=== gfortran Summary ===
# of expected passes 12992
# of unexpected failures 12
# of unexpected successes 8
# of expected failures 7
# of untested testcases 4
# of unsupported tests 16
/mnt/sysfs/rask/cvsbuild/clean-gcc-i686/gcc/testsuite/gfortran/../../gfortran version 4.2.0 20060506 (experimental)
=== objc tests ===
Running target unix
=== objc Summary ===
# of expected passes 1754
# of expected failures 7
# of unsupported tests 24
/mnt/sysfs/rask/cvsbuild/clean-gcc-i686/gcc/xgcc version 4.2.0 20060506 (experimental)
=== libffi tests ===
Running target unix
FAIL: libffi.call/return_fl2.c -O0 -W -Wall execution test
FAIL: libffi.call/return_fl2.c -O2 execution test
FAIL: libffi.call/return_fl2.c -O3 execution test
FAIL: libffi.call/return_fl2.c -Os execution test
=== libffi Summary ===
# of expected passes 1068
# of unexpected failures 4
# of unsupported tests 8
=== libgomp tests ===
Running target unix
FAIL: libgomp.c/omp-loop03.c execution test
FAIL: libgomp.c++/loop-3.C -O execution test
FAIL: libgomp.fortran/reference1.f90 -O3 -fomit-frame-pointer (test for excess errors)
WARNING: libgomp.fortran/reference1.f90 -O3 -fomit-frame-pointer compilation failed to produce executable
FAIL: libgomp.fortran/reference1.f90 -O3 -fomit-frame-pointer -funroll-loops (test for excess errors)
WARNING: libgomp.fortran/reference1.f90 -O3 -fomit-frame-pointer -funroll-loops compilation failed to produce executable
FAIL: libgomp.fortran/reference1.f90 -O3 -fomit-frame-pointer -funroll-all-loops -finline-functions (test for excess errors)
WARNING: libgomp.fortran/reference1.f90 -O3 -fomit-frame-pointer -funroll-all-loops -finline-functions compilation failed to produce executable
FAIL: libgomp.fortran/reference1.f90 -O3 -g (test for excess errors)
WARNING: libgomp.fortran/reference1.f90 -O3 -g compilation failed to produce executable
FAIL: libgomp.fortran/threadprivate2.f90 -O3 -fomit-frame-pointer (test for excess errors)
WARNING: libgomp.fortran/threadprivate2.f90 -O3 -fomit-frame-pointer compilation failed to produce executable
FAIL: libgomp.fortran/threadprivate2.f90 -O3 -fomit-frame-pointer -funroll-loops (test for excess errors)
WARNING: libgomp.fortran/threadprivate2.f90 -O3 -fomit-frame-pointer -funroll-loops compilation failed to produce executable
FAIL: libgomp.fortran/threadprivate2.f90 -O3 -fomit-frame-pointer -funroll-all-loops -finline-functions (test for excess errors)
WARNING: libgomp.fortran/threadprivate2.f90 -O3 -fomit-frame-pointer -funroll-all-loops -finline-functions compilation failed to produce executable
FAIL: libgomp.fortran/threadprivate2.f90 -O3 -g (test for excess errors)
WARNING: libgomp.fortran/threadprivate2.f90 -O3 -g compilation failed to produce executable
FAIL: libgomp.fortran/vla4.f90 -O3 -fomit-frame-pointer (test for excess errors)
WARNING: libgomp.fortran/vla4.f90 -O3 -fomit-frame-pointer compilation failed to produce executable
FAIL: libgomp.fortran/vla4.f90 -O3 -g (test for excess errors)
WARNING: libgomp.fortran/vla4.f90 -O3 -g compilation failed to produce executable
FAIL: libgomp.fortran/vla5.f90 -O3 -fomit-frame-pointer (test for excess errors)
WARNING: libgomp.fortran/vla5.f90 -O3 -fomit-frame-pointer compilation failed to produce executable
FAIL: libgomp.fortran/vla5.f90 -O3 -g (test for excess errors)
WARNING: libgomp.fortran/vla5.f90 -O3 -g compilation failed to produce executable
=== libgomp Summary ===
# of expected passes 1352
# of unexpected failures 14
=== libjava tests ===
Running target unix
FAIL: ArrayClass compilation from source
FAIL: ArrayClass compilation from bytecode
FAIL: ArrayClass -O3 compilation from source
FAIL: ArrayClass -O3 compilation from bytecode
FAIL: AssertBug compilation from source
FAIL: AssertBug compilation from bytecode
FAIL: AssertBug -O3 compilation from bytecode
FAIL: PR12857 compilation from source
FAIL: PR12857 -O3 compilation from source
FAIL: linking pr23739
FAIL: Array_1 compilation from source
FAIL: Array_1 compilation from bytecode
FAIL: Array_1 -O3 compilation from source
FAIL: Array_1 -O3 compilation from bytecode
FAIL: Class_1 compilation from source
FAIL: Class_1 compilation from bytecode
FAIL: Class_1 -O3 compilation from source
FAIL: Class_1 -O3 compilation from bytecode
FAIL: ExtraClassLoader compilation from source
FAIL: ExtraClassLoader output - gij test
FAIL: ExtraClassLoader compilation from bytecode
FAIL: ExtraClassLoader -O3 compilation from source
FAIL: ExtraClassLoader output - gij test
FAIL: ExtraClassLoader -O3 compilation from bytecode
FAIL: InvokeInterface compilation from source
FAIL: InvokeInterface compilation from bytecode
FAIL: InvokeInterface -O3 compilation from source
FAIL: InvokeInterface -O3 compilation from bytecode
FAIL: PR12350 compilation from source
FAIL: PR12350 compilation from bytecode
FAIL: PR12350 -O3 compilation from bytecode
FAIL: PR12416 compilation from source
FAIL: PR12416 compilation from bytecode
FAIL: PR12416 -O3 compilation from source
FAIL: PR12416 -O3 compilation from bytecode
FAIL: PR25535 compilation from source
FAIL: PR25535 compilation from bytecode
FAIL: PR25535 -O3 compilation from source
FAIL: PR25535 -O3 compilation from bytecode
FAIL: PR260 compilation from source
FAIL: PR260 compilation from bytecode
FAIL: PR260 -O3 compilation from source
FAIL: PR260 -O3 compilation from bytecode
XPASS: PR26858 execution - source compiled test
XPASS: PR26858 output - source compiled test
XPASS: PR26858 execution - bytecode->native test
XPASS: PR26858 output - bytecode->native test
XPASS: PR26858 -O3 execution - source compiled test
XPASS: PR26858 -O3 output - source compiled test
XPASS: PR26858 -O3 execution - bytecode->native test
XPASS: PR26858 -O3 output - bytecode->native test
FAIL: SyncTest compilation from source
FAIL: SyncTest compilation from bytecode
FAIL: SyncTest -O3 compilation from source
FAIL: SyncTest -O3 compilation from bytecode
FAIL: TLtest -O3 compilation from source
FAIL: TLtest -O3 compilation from bytecode
FAIL: TestProxy compilation from source
FAIL: TestProxy compilation from bytecode
FAIL: TestProxy -O3 compilation from source
FAIL: TestProxy -O3 compilation from bytecode
FAIL: bytearray compilation from source
FAIL: bytearray compilation from bytecode
FAIL: bytearray -O3 compilation from source
FAIL: bytearray -O3 compilation from bytecode
FAIL: invokethrow compilation from source
FAIL: invokethrow compilation from bytecode
FAIL: invokethrow -O3 compilation from source
FAIL: invokethrow -O3 compilation from bytecode
FAIL: pr17536 compilation from source
FAIL: pr17536 compilation from bytecode
FAIL: pr17536 -O3 compilation from source
FAIL: pr17536 -O3 compilation from bytecode
FAIL: pr179 compilation from source
FAIL: pr179 compilation from bytecode
FAIL: pr179 -O3 compilation from source
FAIL: pr179 -O3 compilation from bytecode
FAIL: pr24321 compilation from source
FAIL: pr24321 compilation from bytecode
FAIL: pr24321 -O3 compilation from source
FAIL: pr24321 -O3 compilation from bytecode
FAIL: pr8415 compilation from source
FAIL: pr8415 compilation from bytecode
FAIL: pr8415 -O3 compilation from source
FAIL: pr8415 -O3 compilation from bytecode
FAIL: stringconst2 compilation from source
FAIL: stringconst2 compilation from bytecode
FAIL: stringconst2 -O3 compilation from source
FAIL: stringconst2 -O3 compilation from bytecode
FAIL: TestLeak compilation from source
FAIL: linking pr21115
FAIL: compiling/linking pr21115.java
=== libjava Summary ===
# of expected passes 3922
# of unexpected failures 84
# of unexpected successes 8
# of expected failures 14
# of untested testcases 149
=== libmudflap tests ===
Running target unix
=== libmudflap Summary ===
# of expected passes 1814
=== libstdc++ tests ===
Running target unix
XPASS: 26_numerics/cmath/c99_classification_macros_c.cc (test for excess errors)
=== libstdc++ Summary ===
# of expected passes 4173
# of unexpected successes 1
# of expected failures 12
Compiler version: 4.2.0 20060506 (experimental)
Platform: i686-pc-linux-gnu
configure flags: --disable-nls --with-system-zlib --with-arch=pentium2 --enable-languages=c,c++,fortran,java,objc