This is the mail archive of the
gcc-testresults@gcc.gnu.org
mailing list for the GCC project.
Results for 4.2.0 20060426 (experimental) testsuite on powerpc64-suse-linux-gnu
- From: aj at suse dot de (Andreas Jaeger)
- To: gcc-testresults at gcc dot gnu dot org
- Date: Thu, 27 Apr 2006 03:39:52 UT
- Subject: Results for 4.2.0 20060426 (experimental) testsuite on powerpc64-suse-linux-gnu
Bootstrap and regtesting on powerpc64-suse-linux-gnu.
SVN sources: mainline.
LAST_UPDATED: Wed Apr 26 19:50:35 UTC 2006 (revision 113282)
=== acats tests ===
FAIL: c35507m
FAIL: cd2a23e
FAIL: cxh1001
=== acats Summary ===
# of expected passes 2314
# of unexpected failures 3
Native configuration is powerpc64-suse-linux-gnu
=== gcc tests ===
Running target unix/-m64
FAIL: gcc.dg/cleanup-10.c execution test
FAIL: gcc.dg/cleanup-11.c execution test
FAIL: gcc.dg/cleanup-8.c execution test
FAIL: gcc.dg/cleanup-9.c execution test
XPASS: gcc.dg/tree-ssa/sra-2.c scan-tree-dump-times link_error 0
FAIL: gcc.dg/vect/pr20122.c scan-tree-dump-times vectorized 1 loops 2
=== gcc Summary for unix/-m64 ===
# of expected passes 40069
# of unexpected failures 5
# of unexpected successes 1
# of expected failures 111
# of untested testcases 28
# of unsupported tests 427
Running target unix
FAIL: gcc.dg/20020103-1.c scan-assembler-not LC[0-9]
FAIL: gcc.dg/cleanup-10.c execution test
FAIL: gcc.dg/cleanup-11.c execution test
FAIL: gcc.dg/cleanup-8.c execution test
FAIL: gcc.dg/cleanup-9.c execution test
FAIL: gcc.dg/vect/pr20122.c scan-tree-dump-times vectorized 1 loops 2
FAIL: gcc.target/powerpc/980827-1.c execution test
FAIL: gcc.target/powerpc/doloop-1.c scan-assembler bdnz
=== gcc Summary for unix ===
# of expected passes 40216
# of unexpected failures 8
# of expected failures 110
# of untested testcases 28
# of unsupported tests 360
=== gcc Summary ===
# of expected passes 80285
# of unexpected failures 13
# of unexpected successes 1
# of expected failures 221
# of untested testcases 56
# of unsupported tests 787
/abuild/aj/gcc/gcc/xgcc version 4.2.0 20060426 (experimental)
=== gfortran tests ===
Running target unix/-m64
=== gfortran Summary for unix/-m64 ===
# of expected passes 12838
# of expected failures 18
# of unsupported tests 66
Running target unix
FAIL: gfortran.dg/char_transpose_1.f90 -O2 (test for excess errors)
WARNING: gfortran.dg/char_transpose_1.f90 -O2 compilation failed to produce executable
FAIL: gfortran.dg/char_transpose_1.f90 -O3 -fomit-frame-pointer (test for excess errors)
WARNING: gfortran.dg/char_transpose_1.f90 -O3 -fomit-frame-pointer compilation failed to produce executable
FAIL: gfortran.dg/char_transpose_1.f90 -O3 -fomit-frame-pointer -funroll-loops (test for excess errors)
WARNING: gfortran.dg/char_transpose_1.f90 -O3 -fomit-frame-pointer -funroll-loops compilation failed to produce executable
FAIL: gfortran.dg/char_transpose_1.f90 -O3 -fomit-frame-pointer -funroll-all-loops -finline-functions (test for excess errors)
WARNING: gfortran.dg/char_transpose_1.f90 -O3 -fomit-frame-pointer -funroll-all-loops -finline-functions compilation failed to produce executable
FAIL: gfortran.dg/char_transpose_1.f90 -Os (test for excess errors)
WARNING: gfortran.dg/char_transpose_1.f90 -Os compilation failed to produce executable
=== gfortran Summary for unix ===
# of expected passes 12799
# of unexpected failures 5
# of expected failures 15
# of unsupported tests 82
=== gfortran Summary ===
# of expected passes 25637
# of unexpected failures 5
# of expected failures 33
# of unsupported tests 148
/abuild/aj/gcc/gcc/testsuite/gfortran/../../gfortran version 4.2.0 20060426 (experimental)
=== g++ tests ===
Running target unix/-m64
=== g++ Summary for unix/-m64 ===
# of expected passes 12480
# of expected failures 67
# of unsupported tests 97
Running target unix
=== g++ Summary for unix ===
# of expected passes 12518
# of expected failures 67
# of unsupported tests 94
=== g++ Summary ===
# of expected passes 24998
# of expected failures 134
# of unsupported tests 191
/abuild/aj/gcc/gcc/testsuite/g++/../../g++ version 4.2.0 20060426 (experimental)
=== objc tests ===
Running target unix/-m64
=== objc Summary for unix/-m64 ===
# of expected passes 1752
# of expected failures 7
# of unsupported tests 24
Running target unix
=== objc Summary for unix ===
# of expected passes 1752
# of expected failures 7
# of unsupported tests 24
=== objc Summary ===
# of expected passes 3504
# of expected failures 14
# of unsupported tests 48
/abuild/aj/gcc/gcc/xgcc version 4.2.0 20060426 (experimental)
=== treelang tests ===
Running target unix/-m64
FAIL: treelang/compile/badreturn.tree (test for errors, line 13)
FAIL: treelang/compile/badreturn.tree (test for excess errors)
FAIL: treelang/compile/exit.tree (test for excess errors)
FAIL: treelang/compile/extrafunc.tree (test for warnings, line 14)
FAIL: treelang/compile/extrafunc.tree (test for excess errors)
FAIL: treelang/compile/extravar.tree (test for warnings, line 5)
FAIL: treelang/compile/extravar.tree (test for excess errors)
FAIL: treelang/compile/extref.tree (test for excess errors)
FAIL: treelang/compile/full_unit.tree (test for excess errors)
ERROR: treelang/compile/full_unit.tree: error executing dg-final: couldn't open "full_unit.s": no such file or directory
UNRESOLVED: treelang/compile/full_unit.tree: error executing dg-final: couldn't open "full_unit.s": no such file or directory
FAIL: treelang/compile/function-1.tree (test for excess errors)
FAIL: treelang/compile/memory.tree (test for excess errors)
FAIL: treelang/compile/tabs.tree (test for excess errors)
FAIL: treelang/compile/unsigned.tree (test for excess errors)
FAIL: treelang/compile/var_defs.tree (test for warnings, line 17)
FAIL: treelang/compile/var_defs.tree (test for warnings, line 22)
FAIL: treelang/compile/var_defs.tree (test for excess errors)
FAIL: treelang/execute/funccall-2.tree (test for excess errors)
WARNING: treelang/execute/funccall-2.tree compilation failed to produce executable
FAIL: treelang/execute/funccall.tree (test for excess errors)
WARNING: treelang/execute/funccall.tree compilation failed to produce executable
FAIL: treelang/execute/initial.tree (test for excess errors)
WARNING: treelang/execute/initial.tree compilation failed to produce executable
FAIL: treelang/execute/main.tree (test for excess errors)
WARNING: treelang/execute/main.tree compilation failed to produce executable
FAIL: treelang/execute/static.tree (test for excess errors)
WARNING: treelang/execute/static.tree compilation failed to produce executable
FAIL: treelang/output-1, {}
=== treelang Summary for unix/-m64 ===
# of expected passes 20
# of unexpected failures 22
# of unresolved testcases 1
Running target unix
=== treelang Summary for unix ===
# of expected passes 50
=== treelang Summary ===
# of expected passes 70
# of unexpected failures 22
# of unresolved testcases 1
=== libffi tests ===
Running target unix/-m64
=== libffi Summary for unix/-m64 ===
# of expected passes 1072
# of unsupported tests 8
Running target unix
=== libffi Summary for unix ===
# of expected passes 1072
# of unsupported tests 8
=== libffi Summary ===
# of expected passes 2144
# of unsupported tests 16
=== libgomp tests ===
Running target unix/-m64
=== libgomp Summary for unix/-m64 ===
# of expected passes 1378
Running target unix
=== libgomp Summary for unix ===
# of expected passes 1378
=== libgomp Summary ===
# of expected passes 2756
=== libjava tests ===
Running target unix/-m64
XPASS: PR26858 execution - source compiled test
XPASS: PR26858 output - source compiled test
XPASS: PR26858 execution - bytecode->native test
XPASS: PR26858 output - bytecode->native test
XPASS: PR26858 -O3 execution - source compiled test
XPASS: PR26858 -O3 output - source compiled test
XPASS: PR26858 -O3 execution - bytecode->native test
XPASS: PR26858 -O3 output - bytecode->native test
=== libjava Summary for unix/-m64 ===
# of expected passes 4149
# of unexpected successes 8
# of expected failures 12
# of untested testcases 10
Running target unix
XPASS: PR26858 execution - source compiled test
XPASS: PR26858 output - source compiled test
XPASS: PR26858 execution - bytecode->native test
XPASS: PR26858 output - bytecode->native test
XPASS: PR26858 -O3 execution - source compiled test
XPASS: PR26858 -O3 output - source compiled test
XPASS: PR26858 -O3 execution - bytecode->native test
XPASS: PR26858 -O3 output - bytecode->native test
=== libjava Summary for unix ===
# of expected passes 4149
# of unexpected successes 8
# of expected failures 12
# of untested testcases 10
=== libjava Summary ===
# of expected passes 8298
# of unexpected successes 16
# of expected failures 24
# of untested testcases 20
=== libmudflap tests ===
Running target unix/-m64
FAIL: libmudflap.c/fail27-frag.c output pattern test
FAIL: libmudflap.c/fail27-frag.c (-O2) output pattern test
FAIL: libmudflap.c/fail27-frag.c (-O3) output pattern test
WARNING: program timed out.
FAIL: libmudflap.cth/pass37-frag.c (rerun 1) execution test
FAIL: libmudflap.cth/pass37-frag.c (rerun 1) output pattern test
WARNING: program timed out.
FAIL: libmudflap.cth/pass37-frag.c (rerun 2) execution test
FAIL: libmudflap.cth/pass37-frag.c (rerun 2) output pattern test
WARNING: program timed out.
FAIL: libmudflap.cth/pass37-frag.c (rerun 3) execution test
FAIL: libmudflap.cth/pass37-frag.c (rerun 3) output pattern test
WARNING: program timed out.
FAIL: libmudflap.cth/pass39-frag.c (rerun 1) execution test
FAIL: libmudflap.cth/pass39-frag.c (rerun 1) output pattern test
WARNING: program timed out.
FAIL: libmudflap.cth/pass39-frag.c (rerun 13) execution test
FAIL: libmudflap.cth/pass39-frag.c (rerun 13) output pattern test
WARNING: program timed out.
FAIL: libmudflap.cth/pass39-frag.c (rerun 14) execution test
FAIL: libmudflap.cth/pass39-frag.c (rerun 14) output pattern test
WARNING: program timed out.
FAIL: libmudflap.cth/pass39-frag.c (rerun 16) execution test
FAIL: libmudflap.cth/pass39-frag.c (rerun 16) output pattern test
WARNING: program timed out.
FAIL: libmudflap.cth/pass39-frag.c (rerun 17) execution test
FAIL: libmudflap.cth/pass39-frag.c (rerun 17) output pattern test
WARNING: program timed out.
FAIL: libmudflap.cth/pass39-frag.c (-static -DSTATIC) execution test
FAIL: libmudflap.cth/pass39-frag.c (-static -DSTATIC) output pattern test
WARNING: program timed out.
FAIL: libmudflap.cth/pass39-frag.c (-O2) (rerun 3) execution test
FAIL: libmudflap.cth/pass39-frag.c (-O2) (rerun 3) output pattern test
WARNING: program timed out.
FAIL: libmudflap.cth/pass39-frag.c (-O2) (rerun 4) execution test
FAIL: libmudflap.cth/pass39-frag.c (-O2) (rerun 4) output pattern test
WARNING: program timed out.
FAIL: libmudflap.cth/pass37-frag.c (-O3) (rerun 17) execution test
FAIL: libmudflap.cth/pass37-frag.c (-O3) (rerun 17) output pattern test
=== libmudflap Summary for unix/-m64 ===
# of expected passes 1787
# of unexpected failures 27
Running target unix
=== libmudflap Summary for unix ===
# of expected passes 1814
=== libmudflap Summary ===
# of expected passes 3601
# of unexpected failures 27
=== libstdc++ tests ===
Running target unix/-m64
FAIL: abi_check
FAIL: 25_algorithms/prev_permutation/1.cc execution test
XPASS: 26_numerics/cmath/c99_classification_macros_c.cc (test for excess errors)
XPASS: 27_io/fpos/14320-1.cc execution test
=== libstdc++ Summary for unix/-m64 ===
# of expected passes 4169
# of unexpected failures 2
# of unexpected successes 2
# of expected failures 11
Running target unix
FAIL: abi_check
FAIL: 25_algorithms/prev_permutation/1.cc execution test
XPASS: 26_numerics/cmath/c99_classification_macros_c.cc (test for excess errors)
=== libstdc++ Summary for unix ===
# of expected passes 4169
# of unexpected failures 2
# of unexpected successes 1
# of expected failures 12
=== libstdc++ Summary ===
# of expected passes 8338
# of unexpected failures 4
# of unexpected successes 3
# of expected failures 23
Compiler version: 4.2.0 20060426 (experimental)
Platform: powerpc64-suse-linux-gnu
configure flags: --prefix=/opt/gcc/4.2-devel --enable-checking=yes,rtl --enable-threads=posix --enable-clocale=gnu --enable-__cxa_atexit --enable-shared --with-system-zlib --with-cpu=default32 powerpc64-suse-linux-gnu --enable-languages=c,ada,c++,fortran,java,objc,treelang
Version of binutils: GNU ld version 2.16.91.0.5 20051219 (SUSE Linux)
Version of glibc (/lib/libc.so.6): 2.3.5 (20050802)