This is the mail archive of the
gcc-testresults@gcc.gnu.org
mailing list for the GCC project.
Results for 4.1.1 20060422 (prerelease) testsuite on powerpc-apple-darwin8.6.0
- From: Chris Douty <christov at mac dot com>
- To: gcc-testresults at gcc dot gnu dot org
- Date: Sat, 22 Apr 2006 18:07:02 -0700
- Subject: Results for 4.1.1 20060422 (prerelease) testsuite on powerpc-apple-darwin8.6.0
LAST_UPDATED: Sat Apr 22 19:23:09 UTC 2006 (revision 113180)
Native configuration is powerpc-apple-darwin8.6.0
=== g++ tests ===
Running target unix
XPASS: g++.dg/tree-ssa/pr14814.C scan-tree-dump-times &this 0
FAIL: g++.dg/warn/huge-val1.C (test for excess errors)
FAIL: g++.dg/warn/weak1.C (test for excess errors)
WARNING: g++.dg/warn/weak1.C compilation failed to produce executable
FAIL: g++.dg/special/conpr-3.C execution test
=== g++ Summary ===
# of expected passes 11893
# of unexpected failures 3
# of unexpected successes 1
# of expected failures 67
# of unsupported tests 151
/Users/christov/src/gcc-stuff/powerpc-apple-darwin8.5.0/gcc/testsuite/
g++/../../g++ version 4.1.1 20060422 (prerelease)
=== gcc tests ===
Running target unix
FAIL: tmpdir-gcc.dg-struct-layout-1/t001 c_compat_x_tst.o-
c_compat_y_tst.o execute
FAIL: tmpdir-gcc.dg-struct-layout-1/t024 c_compat_x_tst.o-
c_compat_y_tst.o execute
FAIL: tmpdir-gcc.dg-struct-layout-1/t025 c_compat_x_tst.o-
c_compat_y_tst.o execute
FAIL: tmpdir-gcc.dg-struct-layout-1/t026 c_compat_x_tst.o-
c_compat_y_tst.o execute
FAIL: tmpdir-gcc.dg-struct-layout-1/t027 c_compat_x_tst.o-
c_compat_y_tst.o execute
FAIL: tmpdir-gcc.dg-struct-layout-1/t028 c_compat_x_tst.o-
c_compat_y_tst.o execute
FAIL: gcc.dg/attr-weakref-1.c (test for excess errors)
WARNING: gcc.dg/attr-weakref-1.c compilation failed to produce
executable
FAIL: gcc.target/powerpc/pr18096-1.c stack frame too large (test for
warnings, line 11)
FAIL: gcc.target/powerpc/pr18096-1.c (test for excess errors)
FAIL: gcc.target/powerpc/stabs-attrib-vect-darwin.c scan-
assembler .stabs.*vi:\\\\(0,16\\\\)=@V
=== gcc Summary ===
# of expected passes 38747
# of unexpected failures 10
# of expected failures 98
# of untested testcases 28
# of unsupported tests 406
/Users/christov/src/gcc-stuff/powerpc-apple-darwin8.5.0/gcc/xgcc
version 4.1.1 20060422 (prerelease)
=== gfortran tests ===
Running target unix
FAIL: gfortran.dg/large_real_kind_2.F90 -O0 execution test
FAIL: gfortran.dg/large_real_kind_2.F90 -O1 execution test
FAIL: gfortran.dg/large_real_kind_2.F90 -O2 execution test
FAIL: gfortran.dg/large_real_kind_2.F90 -O3 -fomit-frame-pointer
execution test
FAIL: gfortran.dg/large_real_kind_2.F90 -O3 -fomit-frame-pointer -
funroll-loops execution test
FAIL: gfortran.dg/large_real_kind_2.F90 -O3 -fomit-frame-pointer -
funroll-all-loops -finline-functions execution test
FAIL: gfortran.dg/large_real_kind_2.F90 -O3 -g execution test
FAIL: gfortran.dg/large_real_kind_2.F90 -Os execution test
FAIL: gfortran.dg/large_real_kind_form_io_2.f90 -O0 execution test
FAIL: gfortran.dg/large_real_kind_form_io_2.f90 -O1 execution test
FAIL: gfortran.dg/large_real_kind_form_io_2.f90 -O2 execution test
FAIL: gfortran.dg/large_real_kind_form_io_2.f90 -O3 -fomit-frame-
pointer execution test
FAIL: gfortran.dg/large_real_kind_form_io_2.f90 -O3 -fomit-frame-
pointer -funroll-loops execution test
FAIL: gfortran.dg/large_real_kind_form_io_2.f90 -O3 -fomit-frame-
pointer -funroll-all-loops -finline-functions execution test
FAIL: gfortran.dg/large_real_kind_form_io_2.f90 -O3 -g execution test
FAIL: gfortran.dg/large_real_kind_form_io_2.f90 -Os execution test
=== gfortran Summary ===
# of expected passes 12319
# of unexpected failures 16
# of expected failures 5
# of unsupported tests 42
/Users/christov/src/gcc-stuff/powerpc-apple-darwin8.5.0/gcc/testsuite/
gfortran/../../gfortran version 4.1.1 20060422 (prerelease)
=== obj-c++ tests ===
Running target unix
=== obj-c++ Summary ===
# of expected passes 463
/Users/christov/src/gcc-stuff/powerpc-apple-darwin8.5.0/gcc/testsuite/
obj-c++/../../g++ version 4.1.1 20060422 (prerelease)
=== objc tests ===
Running target unix
=== objc Summary ===
# of expected passes 2904
# of unsupported tests 1
/Users/christov/src/gcc-stuff/powerpc-apple-darwin8.5.0/gcc/xgcc
version 4.1.1 20060422 (prerelease)
=== libffi tests ===
Running target unix
=== libffi Summary ===
# of expected passes 228
# of unsupported tests 2
=== libjava tests ===
Running target unix
WARNING: program timed out.
FAIL: Process_5 execution - source compiled test
=== libjava Summary ===
# of expected passes 4051
# of unexpected failures 1
# of expected failures 10
# of untested testcases 9
=== libstdc++ tests ===
Running target unix
XPASS: 23_containers/vector/resize/1.cc execution test
FAIL: 26_numerics/complex/13450.cc execution test
XPASS: 27_io/ios_base/storage/2.cc execution test
FAIL: 27_io/objects/char/6.cc execution test
FAIL: 27_io/objects/wchar_t/6.cc execution test
=== libstdc++ Summary ===
# of expected passes 3389
# of unexpected failures 3
# of unexpected successes 2
# of expected failures 11
# of unsupported tests 323
Compiler version: 4.1.1 20060422 (prerelease)
Platform: powerpc-apple-darwin8.6.0
configure flags: --prefix=/opt/test --with-mpfr=/opt/local --with-
gmp=/opt/local --enable-shared --disable-nls --enable-languages=c,c+
+,fortran,java,objc,obj-c++
Bootstrap compiler is:
$ gcc -v
Using built-in specs.
Target: powerpc-apple-darwin8
Configured with: /private/var/tmp/gcc/gcc-5332.obj~3/src/configure --
disable-checking -enable-werror --prefix=/usr --mandir=/share/man --
enable-languages=c,objc,c++,obj-c++ --program-transform-name=/^[cg]
[^.-]*$/s/$/-4.0/ --with-gxx-include-dir=/include/c++/4.0.0 --with-
slibdir=/usr/lib --build=powerpc-apple-darwin8 --host=powerpc-apple-
darwin8 --target=powerpc-apple-darwin8
Thread model: posix
gcc version 4.0.1 (Apple Computer, Inc. build 5332)
$ ld -v
Apple Computer, Inc. version cctools-590.37.obj~1