This is the mail archive of the
gcc-testresults@gcc.gnu.org
mailing list for the GCC project.
Results for 4.2.0 20060419 (experimental) testsuite on powerpc-unknown-linux-gnu
- From: Matthias Klose <doko at debian dot org>
- To: gcc-testresults at gcc dot gnu dot org
- Cc: debian-gcc at lists dot debian dot org
- Date: Thu, 20 Apr 2006 17:55:26 -0600
- Subject: Results for 4.2.0 20060419 (experimental) testsuite on powerpc-unknown-linux-gnu
- Reply-to: Matthias Klose <doko at debian dot org>
LAST_UPDATED:
Native configuration is powerpc-unknown-linux-gnu
=== g++ tests ===
Running target unix
=== g++ Summary ===
# of expected passes 12492
# of expected failures 67
# of unsupported tests 94
/home/tbm/scratch/gcc-snapshot-20060419/build/gcc/testsuite/g++/../../g++ version 4.2.0 20060419 (experimental)
=== gcc tests ===
Running target unix
FAIL: gcc.dg/20020103-1.c scan-assembler-not LC[0-9]
FAIL: gcc.dg/cleanup-10.c execution test
FAIL: gcc.dg/cleanup-11.c execution test
FAIL: gcc.dg/cleanup-8.c execution test
FAIL: gcc.dg/cleanup-9.c execution test
FAIL: gcc.dg/gomp/pr25989.c (test for excess errors)
FAIL: gcc.dg/vect/pr20122.c scan-tree-dump-times vectorized 1 loops 2
FAIL: gcc.target/powerpc/doloop-1.c scan-assembler bdnz
=== gcc Summary ===
# of expected passes 39625
# of unexpected failures 8
# of expected failures 110
# of untested testcases 28
# of unsupported tests 360
/home/tbm/scratch/gcc-snapshot-20060419/build/gcc/xgcc version 4.2.0 20060419 (experimental)
=== gfortran tests ===
Running target unix
FAIL: gfortran.dg/char_transpose_1.f90 -O2 (test for excess errors)
WARNING: gfortran.dg/char_transpose_1.f90 -O2 compilation failed to produce executable
FAIL: gfortran.dg/char_transpose_1.f90 -O3 -fomit-frame-pointer (test for excess errors)
WARNING: gfortran.dg/char_transpose_1.f90 -O3 -fomit-frame-pointer compilation failed to produce executable
FAIL: gfortran.dg/char_transpose_1.f90 -O3 -fomit-frame-pointer -funroll-loops (test for excess errors)
WARNING: gfortran.dg/char_transpose_1.f90 -O3 -fomit-frame-pointer -funroll-loops compilation failed to produce executable
FAIL: gfortran.dg/char_transpose_1.f90 -O3 -fomit-frame-pointer -funroll-all-loops -finline-functions (test for excess errors)
WARNING: gfortran.dg/char_transpose_1.f90 -O3 -fomit-frame-pointer -funroll-all-loops -finline-functions compilation failed to produce executable
FAIL: gfortran.dg/char_transpose_1.f90 -Os (test for excess errors)
WARNING: gfortran.dg/char_transpose_1.f90 -Os compilation failed to produce executable
=== gfortran Summary ===
# of expected passes 12771
# of unexpected failures 5
# of expected failures 15
# of unsupported tests 82
/home/tbm/scratch/gcc-snapshot-20060419/build/gcc/testsuite/gfortran/../../gfortran version 4.2.0 20060419 (experimental)
=== obj-c++ tests ===
Running target unix
FAIL: obj-c++.dg/comp-types-10.mm (test for excess errors)
FAIL: obj-c++.dg/cxx-ivars-2.mm execution test
FAIL: obj-c++.dg/encode-3.mm (test for excess errors)
FAIL: obj-c++.dg/encode-8.mm execution test
FAIL: obj-c++.dg/isa-field-1.mm (test for excess errors)
FAIL: obj-c++.dg/lookup-2.mm (test for excess errors)
WARNING: obj-c++.dg/lookup-2.mm compilation failed to produce executable
FAIL: obj-c++.dg/try-catch-2.mm (test for excess errors)
WARNING: obj-c++.dg/try-catch-2.mm compilation failed to produce executable
FAIL: obj-c++.dg/try-catch-9.mm (test for excess errors)
WARNING: obj-c++.dg/try-catch-9.mm compilation failed to produce executable
=== obj-c++ Summary ===
# of expected passes 425
# of unexpected failures 8
# of unsupported tests 13
/home/tbm/scratch/gcc-snapshot-20060419/build/gcc/testsuite/obj-c++/../../g++ version 4.2.0 20060419 (experimental)
=== objc tests ===
Running target unix
=== objc Summary ===
# of expected passes 1752
# of expected failures 7
# of unsupported tests 24
/home/tbm/scratch/gcc-snapshot-20060419/build/gcc/xgcc version 4.2.0 20060419 (experimental)
=== treelang tests ===
Running target unix
=== treelang Summary ===
# of expected passes 50
=== libffi tests ===
Running target unix
=== libffi Summary ===
# of expected passes 1072
# of unsupported tests 8
=== libgomp tests ===
Running target unix
=== libgomp Summary ===
# of expected passes 1376
=== libjava tests ===
Running target unix
XPASS: PR26858 execution - source compiled test
XPASS: PR26858 output - source compiled test
XPASS: PR26858 execution - bytecode->native test
XPASS: PR26858 output - bytecode->native test
XPASS: PR26858 -O3 execution - source compiled test
XPASS: PR26858 -O3 output - source compiled test
XPASS: PR26858 -O3 execution - bytecode->native test
XPASS: PR26858 -O3 output - bytecode->native test
=== libjava Summary ===
# of expected passes 4149
# of unexpected successes 8
# of expected failures 12
# of untested testcases 10
=== libmudflap tests ===
Running target unix
WARNING: program timed out.
FAIL: libmudflap.cth/pass37-frag.c (rerun 7) execution test
FAIL: libmudflap.cth/pass37-frag.c (rerun 7) output pattern test
WARNING: program timed out.
FAIL: libmudflap.cth/pass37-frag.c (rerun 14) execution test
WARNING: program timed out.
FAIL: libmudflap.cth/pass39-frag.c execution test
=== libmudflap Summary ===
# of expected passes 1785
# of unexpected failures 4
=== libstdc++ tests ===
Running target unix
FAIL: 25_algorithms/prev_permutation/1.cc execution test
XPASS: 26_numerics/cmath/c99_classification_macros_c.cc (test for excess errors)
=== libstdc++ Summary ===
# of expected passes 3540
# of unexpected failures 1
# of unexpected successes 1
# of expected failures 12
# of unsupported tests 315
Compiler version: 4.2.0 20060419 (experimental)
Platform: powerpc-unknown-linux-gnu
configure flags: -v --prefix=/usr/lib/gcc-snapshot --enable-shared --with-system-zlib --disable-nls --enable-__cxa_atexit --enable-clocale=gnu --enable-libstdcxx-debug --enable-java-awt=gtk --enable-gtk-cairo --with-java-home=/usr/lib/gcc-snapshot/jre --enable-mpfr --disable-multilib --disable-werror powerpc-linux-gnu --enable-languages=c,c++,fortran,java,objc,obj-c++,treelang
BOOT_CFLAGS=-O2
Build Dependencies:
Desired=Unknown/Install/Remove/Purge/Hold
| Status=Not/Installed/Config-files/Unpacked/Failed-config/Half-installed
|/ Err?=(none)/Hold/Reinst-required/X=both-problems (Status,Err: uppercase=bad)
||/ Name Version Description
+++-==============-===================-==============================================
ii binutils 2.16.1cvs20060117-1 The GNU assembler, linker and binary utilities
Patches that Debian applied in this version:
cpu-default-i486:
set default 32bit ix86 architecture to i486
gcc-ice-hack:
2004-01-23 Jakub Jelinek <jakub@redhat.com>
* system.h (ICE_EXIT_CODE): Define.
* gcc.c (execute): Don't free first string early, but at the end
of the function. Call retry_ice if compiler exited with
ICE_EXIT_CODE.
(retry_ice): New function.
* diagnostic.c (diagnostic_count_diagnostic,
diagnostic_action_after_output, error_recursion): Exit with
ICE_EXIT_CODE instead of FATAL_EXIT_CODE.
Counting all warnings,
there are 0 warnings in stage3 of this bootstrap.
Number of warnings per file:
Number of warning types: