This is the mail archive of the
gcc-testresults@gcc.gnu.org
mailing list for the GCC project.
Results for 4.2.0 20060416 (experimental) testsuite on i686-pc-linux-gnu
- From: CodeSourcery Automatic Testing System <gcc at codesourcery dot com>
- To: gcc-testresults at gcc dot gnu dot org
- Date: Sun, 16 Apr 2006 06:20:29 -0700
- Subject: Results for 4.2.0 20060416 (experimental) testsuite on i686-pc-linux-gnu
LAST_UPDATED: Sun Apr 16 07:15:24 UTC 2006 (/trunk revision 112982)
Native configuration is i686-pc-linux-gnu
=== g++ tests ===
Running target unix
FAIL: g++.dg/init/ctor4.C (test for excess errors)
FAIL: g++.dg/parse/register1.C (test for excess errors)
FAIL: g++.dg/rtti/repo1.C (test for excess errors)
FAIL: g++.dg/template/repo1.C (test for excess errors)
FAIL: g++.dg/template/repo3.C (test for excess errors)
FAIL: g++.dg/template/repo4.C (test for excess errors)
FAIL: g++.old-deja/g++.brendan/warnings4.C (test for excess errors)
FAIL: g++.old-deja/g++.jason/overload34.C (test for excess errors)
FAIL: g++.old-deja/g++.mike/p11110.C (test for excess errors)
FAIL: g++.old-deja/g++.pt/instantiate4.C (test for excess errors)
FAIL: g++.old-deja/g++.pt/instantiate6.C (test for excess errors)
FAIL: g++.old-deja/g++.pt/repo1.C (test for excess errors)
FAIL: g++.old-deja/g++.pt/repo2.C (test for excess errors)
FAIL: g++.old-deja/g++.pt/repo3.C (test for excess errors)
FAIL: g++.old-deja/g++.pt/repo4.C (test for excess errors)
=== g++ Summary ===
# of expected passes 12448
# of unexpected failures 15
# of expected failures 67
# of unsupported tests 69
/scratch/gcc/nightly-2006-04-16-mainline/i686-pc-linux-gnu/build_gcc/install/bin/c++ version 4.2.0 20060416 (experimental)
=== gcc tests ===
Running target unix
WARNING: program timed out.
FAIL: gcc.c-torture/compile/20001226-1.c -O0 (test for excess errors)
FAIL: gcc.dg/gomp/pr25989.c (test for excess errors)
=== gcc Summary ===
# of expected passes 39311
# of unexpected failures 2
# of expected failures 112
# of untested testcases 28
# of unsupported tests 267
/scratch/gcc/nightly-2006-04-16-mainline/i686-pc-linux-gnu/build_gcc/install/bin/gcc version 4.2.0 20060416 (experimental)
=== libstdc++ tests ===
Running target unix
=== libstdc++ Summary ===
# of expected passes 4166
# of expected failures 13
# of unsupported tests 2
Compiler version: 4.2.0 20060416 (experimental)
Platform: i686-pc-linux-gnu
configure flags: --disable-nls --build=i686-pc-linux-gnu --host=i686-pc-linux-gnu --target=i686-pc-linux-gnu --enable-languages=c,c++ --enable-shared --enable-threads --disable-libmudflap --disable-libssp --disable-libgomp --disable-libstdcxx-pch --with-gnu-as --with-gnu-ld --prefix=/opt/codesourcery --with-build-time-tools=/scratch/gcc/nightly-2006-04-16-mainline/i686-pc-linux-gnu/build_gcc/install/i686-pc-linux-gnu/bin --with-build-time-tools=/scratch/gcc/nightly-2006-04-16-mainline/i686-pc-linux-gnu/build_gcc/install/i686-pc-linux-gnu/bin